000
CDUS45 KBOU 220735
CLIAKO


CLIMATE REPORT
NATIONAL WEATHER SERVICE DENVER/BOULDER CO
133 AM MDT TUE MAY 22 2018


...................................

...THE AKRON CO CLIMATE SUMMARY FOR MAY 21 2018...

CLIMATE NORMAL PERIOD 1981 TO 2010
CLIMATE RECORD PERIOD 9999 TO 9999


WEATHER ITEM   OBSERVED TIME   RECORD YEAR NORMAL DEPARTURE LAST
                VALUE   (LST)  VALUE       VALUE  FROM      YEAR
                                                  NORMAL
..................................................................
TEMPERATURE (F)
 YESTERDAY
  MAXIMUM         77    302 PM  90    2006  72      5
  MINIMUM         45    253 AM  32    1974  45      0
  AVERAGE         61                        59      2

PRECIPITATION (IN)
  YESTERDAY        0.00          1.38 1961   0.11  -0.11     0.03
  MONTH TO DATE    4.80                      1.88   2.92     2.73
  SINCE MAR 1      7.33                      4.40   2.93     6.45
  SINCE JAN 1      8.44                      5.14   3.30     6.56

SNOWFALL (IN)
  YESTERDAY        0.0
  SNOW DEPTH       0

DEGREE DAYS
 HEATING
  YESTERDAY        4
  MONTH TO DATE  162

 COOLING
  YESTERDAY        0
  MONTH TO DATE    9
..................................................................


WIND (MPH)
  HIGHEST WIND SPEED    20   HIGHEST WIND DIRECTION    SE (150)
  HIGHEST GUST SPEED    25   HIGHEST GUST DIRECTION     S (160)




RELATIVE HUMIDITY (PERCENT)
 HIGHEST   100
 LOWEST     46
 AVERAGE    73

..........................................................


THE AKRON CO CLIMATE NORMALS FOR TODAY
                         NORMAL    RECORD    YEAR
 MAXIMUM TEMPERATURE (F)   72        95      1939
 MINIMUM TEMPERATURE (F)   46        32      1963


SUNRISE AND SUNSET
MAY 22 2018...........SUNRISE   531 AM MDT   SUNSET   808 PM MDT
MAY 23 2018...........SUNRISE   531 AM MDT   SUNSET   809 PM MDT


-  INDICATES NEGATIVE NUMBERS.
R  INDICATES RECORD WAS SET OR TIED.
MM INDICATES DATA IS MISSING.
T  INDICATES TRACE AMOUNT.




$$
