706
CDUS45 KBOU 210806
CLIAKO


CLIMATE REPORT
NATIONAL WEATHER SERVICE DENVER/BOULDER CO
201 AM MDT SUN APR 21 2019


...................................

...THE AKRON CO CLIMATE SUMMARY FOR APRIL 20 2019...

CLIMATE NORMAL PERIOD 1981 TO 2010
CLIMATE RECORD PERIOD 9999 TO 9999


WEATHER ITEM   OBSERVED TIME   RECORD YEAR NORMAL DEPARTURE LAST
                VALUE   (LST)  VALUE       VALUE  FROM      YEAR
                                                  NORMAL
..................................................................
TEMPERATURE (F)
 YESTERDAY
  MAXIMUM         83    324 PM  87    1962  62     21
  MINIMUM         51    510 AM  15    1966  35     16
  AVERAGE         67                        48     19

PRECIPITATION (IN)
  YESTERDAY        0.00          0.53 1964   0.06  -0.06     0.22
  MONTH TO DATE    0.18                      0.96  -0.78     1.68
  SINCE MAR 1      1.45                      1.83  -0.38     2.27
  SINCE JAN 1      1.71                      2.57  -0.86     3.38

SNOWFALL (IN)
  YESTERDAY        0.0
  SNOW DEPTH       0

DEGREE DAYS
 HEATING
  YESTERDAY        0
  MONTH TO DATE  277

 COOLING
  YESTERDAY        2
  MONTH TO DATE    2
..................................................................


WIND (MPH)
  HIGHEST WIND SPEED    18   HIGHEST WIND DIRECTION    SW (230)
  HIGHEST GUST SPEED    24   HIGHEST GUST DIRECTION    SW (240)




RELATIVE HUMIDITY (PERCENT)
 HIGHEST    46
 LOWEST     10
 AVERAGE    28

..........................................................


THE AKRON CO CLIMATE NORMALS FOR TODAY
                         NORMAL    RECORD    YEAR
 MAXIMUM TEMPERATURE (F)   62        89      1989
 MINIMUM TEMPERATURE (F)   35        19      1982


SUNRISE AND SUNSET
APRIL 21 2019.........SUNRISE   606 AM MDT   SUNSET   738 PM MDT
APRIL 22 2019.........SUNRISE   605 AM MDT   SUNSET   739 PM MDT


-  INDICATES NEGATIVE NUMBERS.
R  INDICATES RECORD WAS SET OR TIED.
MM INDICATES DATA IS MISSING.
T  INDICATES TRACE AMOUNT.




$$
