000
CDUS45 KBOU 150743
CLIAKO


CLIMATE REPORT
NATIONAL WEATHER SERVICE DENVER/BOULDER CO
142 AM MDT SAT JUN 15 2019


...................................

...THE AKRON CO CLIMATE SUMMARY FOR JUNE 14 2019...

CLIMATE NORMAL PERIOD 1981 TO 2010
CLIMATE RECORD PERIOD 9999 TO 9999


WEATHER ITEM   OBSERVED TIME   RECORD YEAR NORMAL DEPARTURE LAST
                VALUE   (LST)  VALUE       VALUE  FROM      YEAR
                                                  NORMAL
..................................................................
TEMPERATURE (F)
 YESTERDAY
  MAXIMUM         84    255 PM 101    2006  81      3
  MINIMUM         53   1159 PM  33    1969  53      0
  AVERAGE         69                        67      2

PRECIPITATION (IN)
  YESTERDAY        0.02          0.66 1955   0.08  -0.06     0.00
  MONTH TO DATE    0.55                      1.32  -0.77     0.35
  SINCE JUN 1      0.55                      1.32  -0.77     0.35
  SINCE JAN 1      5.22                      7.50  -2.28    10.18

SNOWFALL (IN)
  YESTERDAY        0.0
  SNOW DEPTH       0

DEGREE DAYS
 HEATING
  YESTERDAY        0
  MONTH TO DATE   28

 COOLING
  YESTERDAY        4
  MONTH TO DATE   21
..................................................................


WIND (MPH)
  HIGHEST WIND SPEED    28   HIGHEST WIND DIRECTION    NW (320)
  HIGHEST GUST SPEED    36   HIGHEST GUST DIRECTION    NW (330)




RELATIVE HUMIDITY (PERCENT)
 HIGHEST    83
 LOWEST     28
 AVERAGE    56

..........................................................


THE AKRON CO CLIMATE NORMALS FOR TODAY
                         NORMAL    RECORD    YEAR
 MAXIMUM TEMPERATURE (F)   81       105      1952
 MINIMUM TEMPERATURE (F)   53        39      1945


SUNRISE AND SUNSET
JUNE 15 2019..........SUNRISE   523 AM MDT   SUNSET   824 PM MDT
JUNE 16 2019..........SUNRISE   523 AM MDT   SUNSET   824 PM MDT


-  INDICATES NEGATIVE NUMBERS.
R  INDICATES RECORD WAS SET OR TIED.
MM INDICATES DATA IS MISSING.
T  INDICATES TRACE AMOUNT.




$$
