487
CDUS41 KALY 270625
CLIALB


CLIMATE REPORT
NATIONAL WEATHER SERVICE ALBANY NY
225 AM EDT SUN MAY 27 2018


...................................

...THE ALBANY NY CLIMATE SUMMARY FOR MAY 26 2018...

CLIMATE NORMAL PERIOD 1981 TO 2010
CLIMATE RECORD PERIOD 1874 TO 2018


WEATHER ITEM   OBSERVED TIME   RECORD YEAR NORMAL DEPARTURE LAST
                VALUE   (LST)  VALUE       VALUE  FROM      YEAR
                                                  NORMAL
..................................................................
TEMPERATURE (F)
 YESTERDAY
  MAXIMUM         89    202 PM  94    2010  72     17       62
                                      1914
  MINIMUM         60    256 AM  38    1972  50     10       53
  AVERAGE         75                        61     14       58

PRECIPITATION (IN)
  YESTERDAY        T             1.16 1957   0.13  -0.13     0.37
  MONTH TO DATE    1.46                      2.99  -1.53     4.64
  SINCE MAR 1      8.69                      9.37  -0.68    11.59
  SINCE JAN 1     14.16                     14.16   0.00    17.57

SNOWFALL (IN)
  YESTERDAY        0.0           T    1953   0.0    0.0      0.0
  MONTH TO DATE    0.0                       0.1   -0.1       T
  SINCE MAR 1     38.4                      13.4   25.0     19.6
  SINCE JUL 1     77.3                      60.3   17.0     60.8
  SNOW DEPTH       0

DEGREE DAYS
 HEATING
  YESTERDAY        0                         5     -5        7
  MONTH TO DATE   79                       212   -133      239
  SINCE MAR 1   1739                      1661     78     1637
  SINCE JUL 1   6281                      6605   -324     5800

 COOLING
  YESTERDAY       10                         1      9        0
  MONTH TO DATE   48                        15     33       24
  SINCE MAR 1     48                        19     29       46
  SINCE JAN 1     48                        19     29       46
..................................................................


WIND (MPH)
  HIGHEST WIND SPEED    15   HIGHEST WIND DIRECTION    NW (300)
  HIGHEST GUST SPEED    19   HIGHEST GUST DIRECTION    NW (310)
  AVERAGE WIND SPEED     7.4


SKY COVER
  AVERAGE SKY COVER 0.7



RELATIVE HUMIDITY (PERCENT)
 HIGHEST    73
 LOWEST     36
 AVERAGE    55

..........................................................


THE ALBANY NY CLIMATE NORMALS FOR TODAY
                         NORMAL    RECORD    YEAR
 MAXIMUM TEMPERATURE (F)   73        94      1914
 MINIMUM TEMPERATURE (F)   51        30      1969


SUNRISE AND SUNSET
MAY 27 2018...........SUNRISE   523 AM EDT   SUNSET   823 PM EDT
MAY 28 2018...........SUNRISE   522 AM EDT   SUNSET   824 PM EDT


-  INDICATES NEGATIVE NUMBERS.
R  INDICATES RECORD WAS SET OR TIED.
MM INDICATES DATA IS MISSING.
T  INDICATES TRACE AMOUNT.




$$
