000
CDUS41 KALY 250634
CLIALB


CLIMATE REPORT
NATIONAL WEATHER SERVICE ALBANY NY
233 AM EDT TUE JUN 25 2019


...................................

...THE ALBANY NY CLIMATE SUMMARY FOR JUNE 24 2019...

CLIMATE NORMAL PERIOD 1981 TO 2010
CLIMATE RECORD PERIOD 1874 TO 2019


WEATHER ITEM   OBSERVED TIME   RECORD YEAR NORMAL DEPARTURE LAST
                VALUE   (LST)  VALUE       VALUE  FROM      YEAR
                                                  NORMAL
..................................................................
TEMPERATURE (F)
 YESTERDAY
  MAXIMUM         85    239 PM  96    1943  80      5       76
                                      1938
  MINIMUM         56    440 AM  44    1932  59     -3       61
  AVERAGE         71                        70      1       69

PRECIPITATION (IN)
  YESTERDAY        0.00          0.89 1908   0.12  -0.12     0.44
  MONTH TO DATE    4.01                      3.06   0.95     2.35
  SINCE JUN 1      4.01                      3.06   0.95     2.35
  SINCE JAN 1     19.73                     17.84   1.89    16.69

DEGREE DAYS
 HEATING
  YESTERDAY        0                         1     -1        0
  MONTH TO DATE   27                        49    -22       26
  SINCE JUN 1     27                        49    -22       26
  SINCE JUL 1   6315                      6677   -362     6312

 COOLING
  YESTERDAY        6                         5      1        4
  MONTH TO DATE   64                        82    -18       82
  SINCE JUN 1     64                        82    -18       82
  SINCE JAN 1     86                       112    -26      152
..................................................................


WIND (MPH)
  HIGHEST WIND SPEED    12   HIGHEST WIND DIRECTION     S (200)
  HIGHEST GUST SPEED    13   HIGHEST GUST DIRECTION    SW (210)
  AVERAGE WIND SPEED     2.9


SKY COVER
  AVERAGE SKY COVER 0.6



RELATIVE HUMIDITY (PERCENT)
 HIGHEST    77
 LOWEST     34
 AVERAGE    56

..........................................................


THE ALBANY NY CLIMATE NORMALS FOR TODAY
                         NORMAL    RECORD    YEAR
 MAXIMUM TEMPERATURE (F)   80        95      1898
 MINIMUM TEMPERATURE (F)   59        45      1982
                                             1979


SUNRISE AND SUNSET
JUNE 25 2019..........SUNRISE   518 AM EDT   SUNSET   837 PM EDT
JUNE 26 2019..........SUNRISE   518 AM EDT   SUNSET   838 PM EDT


-  INDICATES NEGATIVE NUMBERS.
R  INDICATES RECORD WAS SET OR TIED.
MM INDICATES DATA IS MISSING.
T  INDICATES TRACE AMOUNT.




$$
