000
CDUS43 KDMX 230651
CLIALO

CLIMATE REPORT
NATIONAL WEATHER SERVICE DES MOINES IA
133 AM CDT TUE APR 23 2019

...................................

...THE WATERLOO IA CLIMATE SUMMARY FOR APRIL 22 2019...

CLIMATE NORMAL PERIOD 1981 TO 2010
CLIMATE RECORD PERIOD 1895 TO 2019

WEATHER ITEM   OBSERVED TIME   RECORD YEAR NORMAL DEPARTURE LAST
                VALUE   (LST)  VALUE       VALUE  FROM      YEAR
                                                  NORMAL
..................................................................
TEMPERATURE (F)
 YESTERDAY
  MAXIMUM         74   1230 PM 100    1980  64     10       67
  MINIMUM         49   1159 PM  20    1986  40      9       38
  AVERAGE         62                        52     10       53

PRECIPITATION (IN)
  YESTERDAY        0.18          2.11 1968   0.13   0.05     0.00
  MONTH TO DATE    1.73                      2.57  -0.84     1.73
  SINCE MAR 1      3.58                      4.63  -1.05     3.40
  SINCE JAN 1      7.75                      6.45   1.30     7.88

SNOWFALL (IN)
  YESTERDAY        0.0           1.3  1984   0.0    0.0      0.0
  MONTH TO DATE    0.2                       1.6   -1.4     12.1
  SINCE MAR 1      1.7                       6.2   -4.5     23.5
  SINCE JUL 1     59.3                      35.1   24.2     45.6
  SNOW DEPTH       0

DEGREE DAYS
 HEATING
  YESTERDAY        3                        14    -11       12
  MONTH TO DATE  341                       396    -55      698
  SINCE MAR 1   1390                      1302     88     1700
  SINCE JUL 1   7129                      6721    408     7143

 COOLING
  YESTERDAY        0                         0      0        0
  MONTH TO DATE    4                         0      4        0
  SINCE MAR 1      4                         0      4        0
  SINCE JAN 1      4                         0      4        0
..................................................................

WIND (MPH)
  HIGHEST WIND SPEED    21   HIGHEST WIND DIRECTION    NW (320)
  HIGHEST GUST SPEED    26   HIGHEST GUST DIRECTION     W (290)
  AVERAGE WIND SPEED    10.7

SKY COVER
  POSSIBLE SUNSHINE  MM
  AVERAGE SKY COVER 0.6

WEATHER CONDITIONS
 THE FOLLOWING WEATHER WAS RECORDED YESTERDAY.
  THUNDERSTORM
  RAIN
  LIGHT RAIN
  FOG

RELATIVE HUMIDITY (PERCENT)
 HIGHEST    93          1100 PM
 LOWEST     48          1200 AM
 AVERAGE    71
..........................................................

THE WATERLOO IA CLIMATE NORMALS FOR TODAY
                         NORMAL    RECORD    YEAR
 MAXIMUM TEMPERATURE (F)   64        89      1925
 MINIMUM TEMPERATURE (F)   40        19      1927

SUNRISE AND SUNSET
APRIL 23 2019.........SUNRISE   616 AM CDT   SUNSET   800 PM CDT
APRIL 24 2019.........SUNRISE   615 AM CDT   SUNSET   802 PM CDT

-  INDICATES NEGATIVE NUMBERS.
R  INDICATES RECORD WAS SET OR TIED.
MM INDICATES DATA IS MISSING.
T  INDICATES TRACE AMOUNT.

$$

FAB
