000
CDUS45 KPUB 240021
CLIALS


CLIMATE REPORT
NATIONAL WEATHER SERVICE PUEBLO
621 PM MDT SUN JUN 23 2019


...................................

...THE ALAMOSA CO CLIMATE SUMMARY FOR JUNE 23 2019...
VALID TODAY AS OF 0500 PM LOCAL TIME.

CLIMATE NORMAL PERIOD 1981 TO 2010
CLIMATE RECORD PERIOD 1932 TO 2019


WEATHER ITEM   OBSERVED TIME   RECORD YEAR NORMAL DEPARTURE LAST
                VALUE   (LST)  VALUE       VALUE  FROM      YEAR
                                                  NORMAL
..................................................................
TEMPERATURE (F)
 TODAY
  MAXIMUM         67    443 PM  92    2012  81    -14       85
  MINIMUM         38    518 AM  32    2010  43     -5       40
                                      1964
  AVERAGE         53                        62     -9       63

PRECIPITATION (IN)
  TODAY            0.00          0.41 1932   0.02  -0.02     0.00
  MONTH TO DATE    0.41                      0.35   0.06     0.62
  SINCE JUN 1      0.41                      0.35   0.06     0.62
  SINCE JAN 1      5.10                      2.57   2.53     1.42

SNOWFALL (IN)
  TODAY            0.0           0.0  2002   0.0    0.0      0.0
  MONTH TO DATE    0.0                       0.0    0.0      0.0
  SINCE JUN 1      0.0                       0.0    0.0      0.0
  SINCE JUL 1     54.9                      27.6   27.3      9.1
  SNOW DEPTH       0

DEGREE DAYS
 HEATING
  TODAY           12                         4      8        2
  MONTH TO DATE  152                       148      4       64
  SINCE JUN 1    152                       148      4       64
  SINCE JUL 1   8577                      8574      3     7198

 COOLING
  TODAY            0                         0      0        0
  MONTH TO DATE    0                         0      0        8
  SINCE JUN 1      0                         0      0        8
  SINCE JAN 1      0                         0      0        8
..................................................................


WIND (MPH)
  HIGHEST WIND SPEED    21   HIGHEST WIND DIRECTION     N (350)
  HIGHEST GUST SPEED    26   HIGHEST GUST DIRECTION     N (360)
  AVERAGE WIND SPEED     7.9


SKY COVER
  POSSIBLE SUNSHINE  MM
  AVERAGE SKY COVER 0.1


WEATHER CONDITIONS
 THE FOLLOWING WEATHER WAS RECORDED TODAY.
  NO SIGNIFICANT WEATHER WAS OBSERVED.


RELATIVE HUMIDITY (PERCENT)
 HIGHEST    85           400 AM
 LOWEST     16           300 PM
 AVERAGE    51

..........................................................


THE ALAMOSA CO CLIMATE NORMALS FOR TOMORROW
                         NORMAL    RECORD    YEAR
 MAXIMUM TEMPERATURE (F)   81        93      2012
 MINIMUM TEMPERATURE (F)   43        32      1906


SUNRISE AND SUNSET
JUNE 23 2019..........SUNRISE   543 AM MDT   SUNSET   828 PM MDT
JUNE 24 2019..........SUNRISE   544 AM MDT   SUNSET   828 PM MDT


-  INDICATES NEGATIVE NUMBERS.
R  INDICATES RECORD WAS SET OR TIED.
MM INDICATES DATA IS MISSING.
T  INDICATES TRACE AMOUNT.




$$
