000
CDUS45 KPUB 190218
CLIALS


CLIMATE REPORT
NATIONAL WEATHER SERVICE PUEBLO
817 PM MDT THU APR 18 2019


...................................

...THE ALAMOSA CO CLIMATE SUMMARY FOR APRIL 18 2019...
VALID TODAY AS OF 0500 PM LOCAL TIME.

CLIMATE NORMAL PERIOD 1981 TO 2010
CLIMATE RECORD PERIOD 1932 TO 2019


WEATHER ITEM   OBSERVED TIME   RECORD YEAR NORMAL DEPARTURE LAST
                VALUE   (LST)  VALUE       VALUE  FROM      YEAR
                                                  NORMAL
..................................................................
TEMPERATURE (F)
 TODAY
  MAXIMUM         63    409 PM  74    2017  60      3       58
                                      2001
  MINIMUM         31    511 AM   8    2013  25      6       13
  AVERAGE         47                        42      5       36

PRECIPITATION (IN)
  TODAY            0.00          0.42 1942   0.02  -0.02     0.00
  MONTH TO DATE    0.04                      0.34  -0.30     0.10
  SINCE MAR 1      1.46                      0.87   0.59     0.25
  SINCE JAN 1      3.00                      1.39   1.61     0.56

SNOWFALL (IN)
  TODAY            0.0           4.8  1998   0.1   -0.1      0.0
  MONTH TO DATE    1.0                       2.4   -1.4       T
  SINCE MAR 1     11.4                       7.4    4.0      1.8
  SINCE JUL 1     48.4                      25.5   22.9      8.8
  SNOW DEPTH       0

DEGREE DAYS
 HEATING
  TODAY           18                        23     -5       29
  MONTH TO DATE  426                       449    -23      381
  SINCE MAR 1   1305                      1426   -121     1317
  SINCE JUL 1   7701                      7755    -54     6592

 COOLING
  TODAY            0                         0      0        0
  MONTH TO DATE    0                         0      0        0
  SINCE MAR 1      0                         0      0        0
  SINCE JAN 1      0                         0      0        0
..................................................................


WIND (MPH)
  HIGHEST WIND SPEED    30   HIGHEST WIND DIRECTION    NW (320)
  HIGHEST GUST SPEED    44   HIGHEST GUST DIRECTION    NW (320)
  AVERAGE WIND SPEED    18.1


SKY COVER
  POSSIBLE SUNSHINE  MM
  AVERAGE SKY COVER 0.0


WEATHER CONDITIONS
 THE FOLLOWING WEATHER WAS RECORDED TODAY.
  NO SIGNIFICANT WEATHER WAS OBSERVED.


RELATIVE HUMIDITY (PERCENT)
 HIGHEST    61           100 AM
 LOWEST     12           400 PM
 AVERAGE    37

..........................................................


THE ALAMOSA CO CLIMATE NORMALS FOR TOMORROW
                         NORMAL    RECORD    YEAR
 MAXIMUM TEMPERATURE (F)   60        74      1989
                                             1962
 MINIMUM TEMPERATURE (F)   25         6      2013


SUNRISE AND SUNSET
APRIL 18 2019.........SUNRISE   625 AM MDT   SUNSET   741 PM MDT
APRIL 19 2019.........SUNRISE   623 AM MDT   SUNSET   742 PM MDT


-  INDICATES NEGATIVE NUMBERS.
R  INDICATES RECORD WAS SET OR TIED.
MM INDICATES DATA IS MISSING.
T  INDICATES TRACE AMOUNT.




$$
