000
CDUS45 KPUB 251057
CLIALS


CLIMATE REPORT
NATIONAL WEATHER SERVICE PUEBLO
457 AM MDT FRI MAY 25 2018


...................................

...THE ALAMOSA CO CLIMATE SUMMARY FOR MAY 24 2018...

CLIMATE NORMAL PERIOD 1981 TO 2010
CLIMATE RECORD PERIOD 1932 TO 2018


WEATHER ITEM   OBSERVED TIME   RECORD YEAR NORMAL DEPARTURE LAST
                VALUE   (LST)  VALUE       VALUE  FROM      YEAR
                                                  NORMAL
..................................................................
TEMPERATURE (F)
 YESTERDAY
  MAXIMUM         79    239 PM  85    2005  72      7       76
  MINIMUM         34    514 AM  22    1975  36     -2       33
  AVERAGE         57                        54      3       55

PRECIPITATION (IN)
  YESTERDAY        0.00          0.84 1959   0.02  -0.02     0.00
  MONTH TO DATE    0.14                      0.46  -0.32     1.24
  SINCE MAR 1      0.49                      1.58  -1.09     2.60
  SINCE JAN 1      0.80                      2.10  -1.30     4.25

SNOWFALL (IN)
  YESTERDAY        0.0           0.0  2002   0.0    0.0      0.0
                                      2001
  MONTH TO DATE    T                         0.9   -0.9      1.1
  SINCE MAR 1      2.1                       9.5   -7.4      6.7
  SINCE JUL 1      9.1                      27.6  -18.5     42.2
  SNOW DEPTH       0

DEGREE DAYS
 HEATING
  YESTERDAY        8                        11     -3       10
  MONTH TO DATE  279                       354    -75      374
  SINCE MAR 1   1814                      2025   -211     1749
  SINCE JUL 1   7089                      8354  -1265     7538

 COOLING
  YESTERDAY        0                         0      0        0
  MONTH TO DATE    0                         0      0        0
  SINCE MAR 1      0                         0      0        0
  SINCE JAN 1      0                         0      0        0
..................................................................


WIND (MPH)
  HIGHEST WIND SPEED    23   HIGHEST WIND DIRECTION    SW (230)
  HIGHEST GUST SPEED    31   HIGHEST GUST DIRECTION    SW (220)
  AVERAGE WIND SPEED     8.2


SKY COVER
  POSSIBLE SUNSHINE  MM
  AVERAGE SKY COVER 0.0


WEATHER CONDITIONS
 THE FOLLOWING WEATHER WAS RECORDED YESTERDAY.
  NO SIGNIFICANT WEATHER WAS OBSERVED.


RELATIVE HUMIDITY (PERCENT)
 HIGHEST    70           400 AM
 LOWEST      8           600 PM
 AVERAGE    39

..........................................................


THE ALAMOSA CO CLIMATE NORMALS FOR TODAY
                         NORMAL    RECORD    YEAR
 MAXIMUM TEMPERATURE (F)   72        84      2006
 MINIMUM TEMPERATURE (F)   36        21      2010


SUNRISE AND SUNSET
MAY 25 2018...........SUNRISE   547 AM MDT   SUNSET   814 PM MDT
MAY 26 2018...........SUNRISE   547 AM MDT   SUNSET   815 PM MDT


-  INDICATES NEGATIVE NUMBERS.
R  INDICATES RECORD WAS SET OR TIED.
MM INDICATES DATA IS MISSING.
T  INDICATES TRACE AMOUNT.




$$
