000
CDUS46 KPDT 160040
CLIALW

CLIMATE REPORT
NATIONAL WEATHER SERVICE PENDLETON OR
526 PM PDT SAT JUN 15 2019


...................................

...THE WALLA WALLA WA CLIMATE SUMMARY FOR JUNE 15 2019...
VALID TODAY AS OF 0500 PM LOCAL TIME.

CLIMATE NORMAL PERIOD 1981 TO 2010
CLIMATE RECORD PERIOD 1949 TO 2019


WEATHER ITEM   OBSERVED TIME   RECORD YEAR NORMAL DEPARTURE LAST
                VALUE   (LST)  VALUE       VALUE  FROM      YEAR
                                                  NORMAL
..................................................................
TEMPERATURE (F)
 TODAY
  MAXIMUM         86    358 PM 100    1961  78      8       78
  MINIMUM         58    354 AM  45    2016  54      4       52
                                      2012
  AVERAGE         72                        66      6       65

PRECIPITATION (IN)
  TODAY            0.00          0.37 1956   0.05  -0.05     0.00
  MONTH TO DATE    0.05                      0.82  -0.77     0.20
  SINCE OCT 1     15.86                     18.48  -2.62    16.74
  SINCE JAN 1     10.50                     11.46  -0.96     9.50

DEGREE DAYS
 HEATING
  TODAY            0                         2     -2        0
  MONTH TO DATE   20                        42    -22       28
  SINCE JUN 1     20                        42    -22       28
  SINCE JUL 1   4955                      4991    -36     4460

 COOLING
  TODAY            7                         3      4        0
  MONTH TO DATE   94                        36     58       28
  SINCE JUN 1     94                        36     58       28
  SINCE JAN 1    139                        71     68      110
..................................................................


WIND (MPH)
  HIGHEST WIND SPEED    13   HIGHEST WIND DIRECTION    SW (220)
  HIGHEST GUST SPEED    17   HIGHEST GUST DIRECTION     S (180)
  AVERAGE WIND SPEED     5.3


SKY COVER
  POSSIBLE SUNSHINE  MM
  AVERAGE SKY COVER 0.0


WEATHER CONDITIONS
THE FOLLOWING WEATHER WAS RECORDED TODAY.
  NO SIGNIFICANT WEATHER WAS OBSERVED.


RELATIVE HUMIDITY (PERCENT)
 HIGHEST    57           400 AM
 LOWEST     20           300 PM
 AVERAGE    39

..........................................................


THE WALLA WALLA WA CLIMATE NORMALS FOR TOMORROW
                         NORMAL    RECORD    YEAR
 MAXIMUM TEMPERATURE (F)   79       105      1961
 MINIMUM TEMPERATURE (F)   54        44      1954


SUNRISE AND SUNSET
JUNE 15 2019..........SUNRISE   501 AM PDT   SUNSET   846 PM PDT
JUNE 16 2019..........SUNRISE   501 AM PDT   SUNSET   846 PM PDT


-  INDICATES NEGATIVE NUMBERS.
R  INDICATES RECORD WAS SET OR TIED.
MM INDICATES DATA IS MISSING.
T  INDICATES TRACE AMOUNT.




$$
