000
CDUS46 KPDT 220031 RRC
CLIALW

CLIMATE REPORT
NATIONAL WEATHER SERVICE PENDLETON OR
530 PM PDT SUN APR 21 2019


...................................

...THE WALLA WALLA WA CLIMATE SUMMARY FOR APRIL 21 2019...
VALID TODAY AS OF 0500 PM LOCAL TIME.

CLIMATE NORMAL PERIOD 1981 TO 2010
CLIMATE RECORD PERIOD 1949 TO 2019


WEATHER ITEM   OBSERVED TIME   RECORD YEAR NORMAL DEPARTURE LAST
                VALUE   (LST)  VALUE       VALUE  FROM      YEAR
                                                  NORMAL
..................................................................
TEMPERATURE (F)
 TODAY
  MAXIMUM         66    357 PM  82    2009  64      2       63
                                      1986
  MINIMUM         46    535 AM  26    1951  43      3       41
  AVERAGE         56                        53      3       52

PRECIPITATION (IN)
  TODAY           MM             0.93 1988   0.07  MM         T
  MONTH TO DATE    2.96                      1.34   1.62     2.08
  SINCE OCT 1     13.85                     14.95  -1.10    15.48
  SINCE JAN 1      8.49                      7.93   0.56     8.24

DEGREE DAYS
 HEATING
  TODAY            9                        12     -3       13
  MONTH TO DATE  217                       285    -68      284
  SINCE MAR 1   1024                       865    159      857
  SINCE JUL 1   4742                      4642    100     4314

 COOLING
  TODAY            0                         0      0        0
  MONTH TO DATE    1                         0      1        0
  SINCE MAR 1      1                         0      1        0
  SINCE JAN 1      1                         0      1        0
..................................................................


WIND (MPH)
  HIGHEST WIND SPEED    15   HIGHEST WIND DIRECTION     S (190)
  HIGHEST GUST SPEED    20   HIGHEST GUST DIRECTION    SW (240)
  AVERAGE WIND SPEED     8.9


SKY COVER
  POSSIBLE SUNSHINE  MM
  AVERAGE SKY COVER 0.0


WEATHER CONDITIONS
 THE FOLLOWING WEATHER WAS RECORDED TODAY.
  NO SIGNIFICANT WEATHER WAS OBSERVED.


RELATIVE HUMIDITY (PERCENT)
 HIGHEST    82           200 AM
 LOWEST     29           400 PM
 AVERAGE    56

..........................................................


THE WALLA WALLA WA CLIMATE NORMALS FOR TOMORROW
                         NORMAL    RECORD    YEAR
 MAXIMUM TEMPERATURE (F)   64        86      1977
 MINIMUM TEMPERATURE (F)   43        33      1972


SUNRISE AND SUNSET
APRIL 21 2019.........SUNRISE   556 AM PDT   SUNSET   748 PM PDT
APRIL 22 2019.........SUNRISE   555 AM PDT   SUNSET   749 PM PDT


-  INDICATES NEGATIVE NUMBERS.
R  INDICATES RECORD WAS SET OR TIED.
MM INDICATES DATA IS MISSING.
T  INDICATES TRACE AMOUNT.




$$
