000
CDUS44 KAMA 181407
CLIAMA


CLIMATE REPORT
NATIONAL WEATHER SERVICE AMARILLO TX
907 AM CDT THU JUL 18 2019


...................................

...THE AMARILLO CLIMATE SUMMARY FOR JULY 18 2019...
VALID AS OF 0900 AM LOCAL TIME.

CLIMATE NORMAL PERIOD 1981 TO 2010
CLIMATE RECORD PERIOD 1892 TO 2019


WEATHER ITEM   OBSERVED TIME   RECORD YEAR NORMAL DEPARTURE LAST
                VALUE   (LST)  VALUE       VALUE  FROM      YEAR
                                                  NORMAL
..................................................................
TEMPERATURE (F)
 TODAY
  MINIMUM         73    631 AM  56    1984  65      8       67

PRECIPITATION (IN)
  TODAY            0.00          2.36 1903   0.10  -0.10     0.00
  MONTH TO DATE    2.73                      1.57   1.16     1.39
  SINCE JUN 1      5.52                      4.73   0.79     3.62
  SINCE JAN 1     13.30                     11.09   2.21     4.65

SNOWFALL (IN)
  TODAY            0.0           0.0    MM   0.0    0.0      0.0
  MONTH TO DATE    0.0                       0.0    0.0      0.0
  SINCE JUN 1      0.0                       0.0    0.0      0.0
  SINCE JUL 1      0.0                       0.0    0.0      0.0
  SNOW DEPTH       0

..................................................................


WIND (MPH)
  RESULTANT WIND SPEED  18   RESULTANT WIND DIRECTION   S (190)
  HIGHEST WIND SPEED    26   HIGHEST WIND DIRECTION     S (190)
  HIGHEST GUST SPEED    33   HIGHEST GUST DIRECTION     S (190)
  AVERAGE WIND SPEED    18.1


SKY COVER
  AVERAGE SKY COVER 0.0


WEATHER CONDITIONS
 THE FOLLOWING WEATHER WAS RECORDED TODAY.
  NO SIGNIFICANT WEATHER WAS OBSERVED.


RELATIVE HUMIDITY (PERCENT)
 HIGHEST    64           500 AM
 LOWEST     51          1200 AM
 AVERAGE    58

..........................................................


THE AMARILLO CLIMATE NORMALS FOR TOMORROW
                         NORMAL    RECORD    YEAR
 MAXIMUM TEMPERATURE (F)   92       105      2018
 MINIMUM TEMPERATURE (F)   65        59      1960
                                             1947


SUNRISE AND SUNSET
JULY 18 2019..........SUNRISE   645 AM CDT   SUNSET   900 PM CDT
JULY 19 2019..........SUNRISE   646 AM CDT   SUNSET   900 PM CDT


-  INDICATES NEGATIVE NUMBERS.
R  INDICATES RECORD WAS SET OR TIED.
MM INDICATES DATA IS MISSING.
T  INDICATES TRACE AMOUNT.




$$
