000
CDUS44 KAMA 260627
CLIAMA


CLIMATE REPORT
NATIONAL WEATHER SERVICE AMARILLO TX
127 AM CDT FRI APR 26 2019


...................................

...THE AMARILLO CLIMATE SUMMARY FOR APRIL 25 2019...

CLIMATE NORMAL PERIOD 1981 TO 2010
CLIMATE RECORD PERIOD 1892 TO 2019


WEATHER ITEM   OBSERVED TIME   RECORD YEAR NORMAL DEPARTURE LAST
                VALUE   (LST)  VALUE       VALUE  FROM      YEAR
                                                  NORMAL
..................................................................
TEMPERATURE (F)
 YESTERDAY
  MAXIMUM         74    223 PM  99    2012  74      0       63
  MINIMUM         49    404 AM  32    1997  45      4       36
                                      1907
  AVERAGE         62                        59      3       50

PRECIPITATION (IN)
  YESTERDAY        0.00          1.56 1997   0.05  -0.05     0.11
  MONTH TO DATE    1.33                      1.14   0.19     0.60
  SINCE MAR 1      3.44                      2.53   0.91     0.84
  SINCE JAN 1      3.78                      3.81  -0.03     0.85

SNOWFALL (IN)
  YESTERDAY        0.0           6.5  1997   0.0    0.0     MM
  MONTH TO DATE    0.0                       0.6   -0.6      0.0
  SINCE MAR 1      1.0                       3.5   -2.5      0.0
  SINCE JUL 1      8.1                      17.5   -9.4       T
  SNOW DEPTH       0

DEGREE DAYS
 HEATING
  YESTERDAY        3                         7     -4       15
  MONTH TO DATE  196                       250    -54      298
  SINCE MAR 1    783                       782      1      684
  SINCE JUL 1   3966                      4059    -93     3590

 COOLING
  YESTERDAY        0                         1     -1        0
  MONTH TO DATE    9                        11     -2       17
  SINCE MAR 1     11                        13     -2       26
  SINCE JAN 1     11                        13     -2       26
..................................................................


WIND (MPH)
  RESULTANT WIND SPEED  10   RESULTANT WIND DIRECTION   N (360)
  HIGHEST WIND SPEED    31   HIGHEST WIND DIRECTION     N (350)
  HIGHEST GUST SPEED    38   HIGHEST GUST DIRECTION     N (360)
  AVERAGE WIND SPEED    13.2


SKY COVER
  AVERAGE SKY COVER 0.0


WEATHER CONDITIONS
 THE FOLLOWING WEATHER WAS RECORDED YESTERDAY.
  NO SIGNIFICANT WEATHER WAS OBSERVED.


RELATIVE HUMIDITY (PERCENT)
 HIGHEST    74          1200 AM
 LOWEST     29           600 PM
 AVERAGE    52

..........................................................


THE AMARILLO CLIMATE NORMALS FOR TODAY
                         NORMAL    RECORD    YEAR
 MAXIMUM TEMPERATURE (F)   74        92      1927
 MINIMUM TEMPERATURE (F)   45        29      1924


SUNRISE AND SUNSET
APRIL 26 2019.........SUNRISE   701 AM CDT   SUNSET   828 PM CDT
APRIL 27 2019.........SUNRISE   700 AM CDT   SUNSET   829 PM CDT


-  INDICATES NEGATIVE NUMBERS.
R  INDICATES RECORD WAS SET OR TIED.
MM INDICATES DATA IS MISSING.
T  INDICATES TRACE AMOUNT.




$$
