000
CDUS42 KJAX 200533
CLIAMG


CLIMATE REPORT
NATIONAL WEATHER SERVICE JACKSONVILLE FL
132 AM EDT THU JUN 20 2019


...................................

...THE ALMA CLIMATE SUMMARY FOR JUNE 19 2019...

CLIMATE NORMAL PERIOD 1981 TO 2010
CLIMATE RECORD PERIOD 1948 TO 2019


WEATHER ITEM   OBSERVED TIME   RECORD YEAR NORMAL DEPARTURE LAST
                VALUE   (LST)  VALUE       VALUE  FROM      YEAR
                                                  NORMAL
..................................................................
TEMPERATURE (F)
 YESTERDAY
  MAXIMUM         90    535 PM 100    1964  91     -1       97
  MINIMUM         73   1255 AM  53    1961  70      3       72
  AVERAGE         82                        80      2       85

PRECIPITATION (IN)
  YESTERDAY        T             4.42 1972   0.20  -0.20     0.00
  MONTH TO DATE    3.00                      3.36  -0.36     1.77
  SINCE JUN 1      3.00                      3.36  -0.36     1.77
  SINCE JAN 1     12.93                     21.45  -8.52    14.23

SNOWFALL (IN)
  YESTERDAY        0.0           0.0    MM   0.0    0.0      0.0
  MONTH TO DATE    0.0                       0.0    0.0      0.0
  SINCE JUN 1      0.0                       0.0    0.0      0.0
  SINCE JUL 1      0.0                       0.1   -0.1      3.0
  SNOW DEPTH       0

DEGREE DAYS
 HEATING
  YESTERDAY        0                         0      0        0
  MONTH TO DATE    0                         0      0        0
  SINCE JUN 1      0                         0      0        0
  SINCE JUL 1   1359                      1659   -300     1551

 COOLING
  YESTERDAY       17                        15      2       20
  MONTH TO DATE  300                       267     33      300
  SINCE JUN 1    300                       267     33      300
  SINCE JAN 1    966                       697    269      837
..................................................................


WIND (MPH)
  HIGHEST WIND SPEED    24   HIGHEST WIND DIRECTION     S (200)
  HIGHEST GUST SPEED    35   HIGHEST GUST DIRECTION     S (200)
  AVERAGE WIND SPEED     7.4


SKY COVER
  POSSIBLE SUNSHINE  MM
  AVERAGE SKY COVER 0.3


WEATHER CONDITIONS
 THE FOLLOWING WEATHER WAS RECORDED YESTERDAY.
  LIGHT RAIN


RELATIVE HUMIDITY (PERCENT)
 HIGHEST    88          1100 PM
 LOWEST     59          1100 AM
 AVERAGE    74

..........................................................


THE ALMA CLIMATE NORMALS FOR TODAY
                         NORMAL    RECORD    YEAR
 MAXIMUM TEMPERATURE (F)   91       101      1970
 MINIMUM TEMPERATURE (F)   70        55      1965


SUNRISE AND SUNSET
JUNE 20 2019..........SUNRISE   625 AM EDT   SUNSET   838 PM EDT
JUNE 21 2019..........SUNRISE   626 AM EDT   SUNSET   838 PM EDT


-  INDICATES NEGATIVE NUMBERS.
R  INDICATES RECORD WAS SET OR TIED.
MM INDICATES DATA IS MISSING.
T  INDICATES TRACE AMOUNT.




$$
