000
CDUS42 KJAX 190529
CLIAMG


CLIMATE REPORT
NATIONAL WEATHER SERVICE JACKSONVILLE FL
128 AM EDT FRI APR 19 2019


...................................

...THE ALMA CLIMATE SUMMARY FOR APRIL 18 2019...

CLIMATE NORMAL PERIOD 1981 TO 2010
CLIMATE RECORD PERIOD 1948 TO 2019


WEATHER ITEM   OBSERVED TIME   RECORD YEAR NORMAL DEPARTURE LAST
                VALUE   (LST)  VALUE       VALUE  FROM      YEAR
                                                  NORMAL
..................................................................
TEMPERATURE (F)
 YESTERDAY
  MAXIMUM         86    239 PM  92    1967  79      7       88
  MINIMUM         61    312 AM  37    1999  54      7       48
  AVERAGE         74                        67      7       68

PRECIPITATION (IN)
  YESTERDAY        0.00          2.00 2014   0.09  -0.09     0.00
  MONTH TO DATE    2.06                      1.87   0.19     0.87
  SINCE MAR 1      3.73                      6.62  -2.89     2.90
  SINCE JAN 1      8.50                     14.68  -6.18     6.41

SNOWFALL (IN)
  YESTERDAY        0.0           0.0    MM   0.0    0.0      0.0
  MONTH TO DATE    0.0                       0.0    0.0      0.0
  SINCE MAR 1      0.0                       0.0    0.0      0.0
  SINCE JUL 1      0.0                       0.1   -0.1      3.0
  SNOW DEPTH       0

DEGREE DAYS
 HEATING
  YESTERDAY        0                         2     -2        0
  MONTH TO DATE   42                        48     -6       55
  SINCE MAR 1    215                       236    -21      300
  SINCE JUL 1   1348                      1637   -289     1546

 COOLING
  YESTERDAY        9                         3      6        3
  MONTH TO DATE  107                        47     60       25
  SINCE MAR 1    147                        85     62       59
  SINCE JAN 1    197                       101     96      151
..................................................................


WIND (MPH)
  HIGHEST WIND SPEED    15   HIGHEST WIND DIRECTION     S (180)
  HIGHEST GUST SPEED    25   HIGHEST GUST DIRECTION    SE (150)
  AVERAGE WIND SPEED     6.9


SKY COVER
  POSSIBLE SUNSHINE  MM
  AVERAGE SKY COVER 0.3


WEATHER CONDITIONS
 THE FOLLOWING WEATHER WAS RECORDED YESTERDAY.
  FOG


RELATIVE HUMIDITY (PERCENT)
 HIGHEST    93           400 AM
 LOWEST     40           500 PM
 AVERAGE    67

..........................................................


THE ALMA CLIMATE NORMALS FOR TODAY
                         NORMAL    RECORD    YEAR
 MAXIMUM TEMPERATURE (F)   79        91      1968
 MINIMUM TEMPERATURE (F)   54        35      1983


SUNRISE AND SUNSET
APRIL 19 2019.........SUNRISE   657 AM EDT   SUNSET   801 PM EDT
APRIL 20 2019.........SUNRISE   656 AM EDT   SUNSET   802 PM EDT


-  INDICATES NEGATIVE NUMBERS.
R  INDICATES RECORD WAS SET OR TIED.
MM INDICATES DATA IS MISSING.
T  INDICATES TRACE AMOUNT.




$$
