000
CDUS44 KBMX 210744
CLIANB


CLIMATE REPORT
NATIONAL WEATHER SERVICE BIRMINGHAM, AL
244 AM CDT SUN APR 21 2019


...................................

...THE ANNISTON CLIMATE SUMMARY FOR APRIL 20 2019...

CLIMATE NORMAL PERIOD 1981 TO 2010
CLIMATE RECORD PERIOD 1903 TO 2019


WEATHER ITEM   OBSERVED TIME   RECORD YEAR NORMAL DEPARTURE LAST
                VALUE   (LST)  VALUE       VALUE  FROM      YEAR
                                                  NORMAL
..................................................................
TEMPERATURE (F)
 YESTERDAY
  MAXIMUM         57    537 PM  89    1972  75    -18       71
  MINIMUM         44   1159 PM  30    1983  51     -7       39
  AVERAGE         51                        63    -12       55

PRECIPITATION (IN)
  YESTERDAY        0.23          1.11 1982   0.13   0.10     0.00
  MONTH TO DATE    4.11                      2.76   1.35     2.33
  SINCE MAR 1      6.46                      7.72  -1.26     6.91
  SINCE JAN 1     20.99                     17.32   3.67    16.76

SNOWFALL (IN)
  YESTERDAY        0.0                       0.0             0.0
  MONTH TO DATE    0.0                       0.2             0.0
  SINCE MAR 1      0.0                       0.9             0.0
  SINCE JUL 1      0.0                       2.0             0.0

DEGREE DAYS
 HEATING
  YESTERDAY       14
  MONTH TO DATE   82
  SINCE MAR 1    435
  SINCE JUL 1   2444
..................................................................


WIND (MPH)
  HIGHEST WIND SPEED    18   HIGHEST WIND DIRECTION     W (260)
  HIGHEST GUST SPEED    28   HIGHEST GUST DIRECTION     W (250)
  AVERAGE WIND SPEED     8.3


SKY COVER
  AVERAGE SKY COVER 0.9


WEATHER CONDITIONS
 THE FOLLOWING WEATHER WAS RECORDED YESTERDAY.
  LIGHT RAIN
  FOG


RELATIVE HUMIDITY (PERCENT)
 HIGHEST    93
 LOWEST     57
 AVERAGE    75

..........................................................


THE ANNISTON CLIMATE NORMALS FOR TODAY
                         NORMAL    RECORD    YEAR
 MAXIMUM TEMPERATURE (F)   75        88      1987
 MINIMUM TEMPERATURE (F)   51        29      1953


SUNRISE AND SUNSET
APRIL 21 2019.........SUNRISE   606 AM CDT   SUNSET   719 PM CDT
APRIL 22 2019.........SUNRISE   605 AM CDT   SUNSET   719 PM CDT


-  INDICATES NEGATIVE NUMBERS.
R  INDICATES RECORD WAS SET OR TIED.
MM INDICATES DATA IS MISSING.
T  INDICATES TRACE AMOUNT.




$$
