000
CDUS44 KBMX 260054
CLIANB


CLIMATE REPORT
NATIONAL WEATHER SERVICE BIRMINGHAM, AL
754 PM CDT WED APR 25 2018


...................................

...THE ANNISTON CLIMATE SUMMARY FOR APRIL 25 2018...
VALID TODAY AS OF 0500 PM LOCAL TIME.

CLIMATE NORMAL PERIOD 1981 TO 2010
CLIMATE RECORD PERIOD 1903 TO 2018


WEATHER ITEM   OBSERVED RECORD YEAR NORMAL DEPARTURE LAST
                VALUE   VALUE       VALUE  FROM      YEAR
                                           NORMAL
...........................................................
TEMPERATURE (F)
 TODAY
  MAXIMUM         71     88    1960  76     -5       78
                               2004
  MINIMUM         54     34    2005  52      2       50
  AVERAGE         63

PRECIPITATION (IN)
  TODAY            0.00   3.35 1982   0.13  -0.13     0.00
  MONTH TO DATE    3.05               3.43  -0.38     5.31
  SINCE MAR 1      7.63               8.39  -0.76     9.56
  SINCE JAN 1     17.48              17.99  -0.51    20.08

SNOWFALL (IN)
  TODAY            0.0                0.0             0.0
  MONTH TO DATE    0.0                0.2             0.0
  SINCE MAR 1      0.0                0.9             0.0
  SINCE JUL 1      0.0                2.0             0.0

DEGREE DAYS

 COOLING
  TODAY            0                  2     -2        0
  MONTH TO DATE   13                 36    -23       77
  SINCE MAR 1     17                 48    -31      120
  SINCE JAN 1     49                 49      0      122
...........................................................


WIND (MPH)
  HIGHEST WIND SPEED    15   HIGHEST WIND DIRECTION     N (360)
  HIGHEST GUST SPEED    23   HIGHEST GUST DIRECTION     N (360)
  AVERAGE WIND SPEED     7.0


SKY COVER
  AVERAGE SKY COVER 0.9


WEATHER CONDITIONS
 THE FOLLOWING WEATHER WAS RECORDED TODAY.
  NO SIGNIFICANT WEATHER WAS OBSERVED.


RELATIVE HUMIDITY (PERCENT)
 HIGHEST    93
 LOWEST     47
 AVERAGE    70

..........................................................


THE ANNISTON CLIMATE NORMALS FOR TOMORROW
                         NORMAL    RECORD    YEAR
 MAXIMUM TEMPERATURE (F)   76        90      1986
 MINIMUM TEMPERATURE (F)   52        37      2013


SUNRISE AND SUNSET
APRIL 25 2018.........SUNRISE   601 AM CDT   SUNSET   722 PM CDT
APRIL 26 2018.........SUNRISE   600 AM CDT   SUNSET   723 PM CDT


-  INDICATES NEGATIVE NUMBERS.
R  INDICATES RECORD WAS SET OR TIED.
MM INDICATES DATA IS MISSING.
T  INDICATES TRACE AMOUNT.




$$
