448
CDAK48 PAFC 261250
CLIANC

CLIMATE REPORT
NATIONAL WEATHER SERVICE ANCHORAGE, AK
449 AM AKDT THU APR 26 2018


...................................

...THE ANCHORAGE AK CLIMATE SUMMARY FOR APRIL 25 2018...

CLIMATE NORMAL PERIOD 1981 TO 2010
CLIMATE RECORD PERIOD 1952 TO 2018


WEATHER ITEM   OBSERVED TIME   RECORD YEAR NORMAL DEPARTURE LAST
                VALUE   (LST)  VALUE       VALUE  FROM      YEAR
                                                  NORMAL
..................................................................
TEMPERATURE (F)
 YESTERDAY
  MAXIMUM         51        MM  60    2005  49      2       49
  MINIMUM         39        MM  18    1955  33      6       38
  AVERAGE         45                        41      4       44

PRECIPITATION (IN)
  YESTERDAY        T             0.97 2008   0.01  -0.01
  MONTH TO DATE    0.13                      0.38  -0.25
  SINCE MAR 1      0.95                      0.98  -0.03
  SINCE JAN 1      4.09                      2.43   1.66

SNOWFALL (IN)
  YESTERDAY        0.0          15.5  2008   0.1   -0.1      0.0
  MONTH TO DATE    T                         3.7   -3.7       T
  SINCE MAR 1     10.8                      13.6   -2.8     10.3
  SINCE JUL 1     59.1                      73.9  -14.8     82.4
  SNOW DEPTH       0

DEGREE DAYS
 HEATING
  YESTERDAY       20                               -4
  MONTH TO DATE  645                              -84
  SINCE MAR 1   1793                             -128
  SINCE JUL 1   8517                             -733

 COOLING
  YESTERDAY        0                                0
  MONTH TO DATE    0                                0
  SINCE MAR 1      0                                0
  SINCE JAN 1      0                                0
..................................................................


WIND (MPH)
  HIGHEST WIND SPEED    24   HIGHEST WIND DIRECTION    SE (140)
  HIGHEST GUST SPEED    39   HIGHEST GUST DIRECTION    SE (140)
  AVERAGE WIND SPEED    17.0




RELATIVE HUMIDITY (PERCENT)
 HIGHEST    79
 LOWEST     46
 AVERAGE    63

..........................................................


THE ANCHORAGE AK CLIMATE NORMALS FOR TODAY
                         NORMAL    RECORD    YEAR
 MAXIMUM TEMPERATURE (F)   49        61      2005
 MINIMUM TEMPERATURE (F)   33        16      1955


SUNRISE AND SUNSET
APRIL 26 2018.........SUNRISE   605 AM AKDT  SUNSET   952 PM AKDT
APRIL 27 2018.........SUNRISE   603 AM AKDT  SUNSET   955 PM AKDT

CIVIL TWILIGHT
APRIL 26 2018           START    512 AM GMT     END   1047 PM GMT
APRIL 27 2018           START    509 AM GMT     END   1050 PM GMT



-  INDICATES NEGATIVE NUMBERS.
R  INDICATES RECORD WAS SET OR TIED.
MM INDICATES DATA IS MISSING.
T  INDICATES TRACE AMOUNT.




$$
&&
------------------------------------------------------
AMOUNT OF DAYLIGHT TODAY  (HOUR:MIN)........15:47
GAIN/LOSS SINCE YESTERDAY (HOUR:MIN:SEC)....+0:05:37
