000
CDAK48 PAFC 260143
CLIANC

CLIMATE REPORT
NATIONAL WEATHER SERVICE ANCHORAGE, AK
541 PM AKDT THU APR 25 2019


...................................

...THE ANCHORAGE AK CLIMATE SUMMARY FOR APRIL 25 2019...
VALID TODAY AS OF 0500 PM LOCAL TIME.

CLIMATE NORMAL PERIOD 1981 TO 2010
CLIMATE RECORD PERIOD 1952 TO 2019


WEATHER ITEM   OBSERVED TIME   RECORD YEAR NORMAL DEPARTURE LAST
                VALUE   (LST)  VALUE       VALUE  FROM      YEAR
                                                  NORMAL
..................................................................
TEMPERATURE (F)
 TODAY
  MAXIMUM         50        MM  60    2005  49      1       51
  MINIMUM         33        MM  18    1955  33      0       39
  AVERAGE         42                        41      1       45

PRECIPITATION (IN)
  TODAY            0.00          0.97 2008   0.01  -0.01      T
  MONTH TO DATE    0.85                      0.38   0.47     0.13
  SINCE DEC 1      5.02                      3.54   1.48     4.53
  SINCE JAN 1      2.59                      2.43   0.16     4.09

SNOWFALL (IN)
  TODAY            0.0          15.5  2008   0.1   -0.1      0.0
  MONTH TO DATE    8.6                       3.7    4.9       T
  SINCE DEC 1     59.3                      52.5    6.8     50.8
  SINCE JUL 1     64.5                      73.9   -9.4     59.1
  SNOW DEPTH       0

DEGREE DAYS
 HEATING
  TODAY           23                        24     -1       20
  MONTH TO DATE  639                       729    -90      645
  SINCE MAR 1   1539                      1921   -382     1793
  SINCE JUL 1   7630                      9250  -1620     8517

 COOLING
  TODAY            0                         0      0        0
  MONTH TO DATE    0                         0      0        0
  SINCE MAR 1      0                         0      0        0
  SINCE JAN 1      0                         0      0        0
..................................................................


WIND (MPH)
  RESULTANT WIND SPEED   2   RESULTANT WIND DIRECTION   N (340)
  HIGHEST WIND SPEED    12   HIGHEST WIND DIRECTION     S (200)
  HIGHEST GUST SPEED    MM   HIGHEST GUST DIRECTION    MM
  AVERAGE WIND SPEED     7.4


SKY COVER
  POSSIBLE SUNSHINE  MM
  AVERAGE SKY COVER 0.8


WEATHER CONDITIONS
 THE FOLLOWING WEATHER WAS RECORDED TODAY.
  NO SIGNIFICANT WEATHER WAS OBSERVED.


RELATIVE HUMIDITY (PERCENT)
 HIGHEST    70          1200 AM
 LOWEST     31           100 PM
 AVERAGE    51

..........................................................


THE ANCHORAGE AK CLIMATE NORMALS FOR TOMORROW
                         NORMAL    RECORD    YEAR
 MAXIMUM TEMPERATURE (F)   49        61      2005
 MINIMUM TEMPERATURE (F)   33        16      1955


SUNRISE AND SUNSET
APRIL 25 2019.........SUNRISE   609 AM AKDT  SUNSET   949 PM AKDT
APRIL 26 2019.........SUNRISE   606 AM AKDT  SUNSET   951 PM AKDT

CIVIL TWILIGHT
APRIL 25 2019           START   517 AM AKDT     END  1043 PM AKDT
APRIL 26 2019           START   513 AM AKDT     END  1046 PM AKDT



-  INDICATES NEGATIVE NUMBERS.
R  INDICATES RECORD WAS SET OR TIED.
MM INDICATES DATA IS MISSING.
T  INDICATES TRACE AMOUNT.




$$
&&
------------------------------------------------------
AMOUNT OF DAYLIGHT TODAY  (HOUR:MIN)........15:40
GAIN/LOSS SINCE YESTERDAY (HOUR:MIN:SEC)....+0:05:38
