000
CDAK48 PAFC 161245
CLIANC


CLIMATE REPORT
NATIONAL WEATHER SERVICE ANCHORAGE, AK
445 AM AKDT WED OCT 16 2019


...................................

...THE ANCHORAGE AK CLIMATE SUMMARY FOR OCTOBER 15 2019...

CLIMATE NORMAL PERIOD 1981 TO 2010
CLIMATE RECORD PERIOD 1952 TO 2019


WEATHER ITEM   OBSERVED TIME   RECORD YEAR NORMAL DEPARTURE LAST
                VALUE   (LST)  VALUE       VALUE  FROM      YEAR
                                                  NORMAL
..................................................................
TEMPERATURE (F)
 YESTERDAY
  MAXIMUM         42    244 PM  57    1969  41      1       46
  MINIMUM         28    442 AM  10    1965  30     -2       39
                                      1959
  AVERAGE         35                        35      0       43

PRECIPITATION (IN)
  YESTERDAY        0.00          0.62 1989   0.06  -0.06
  MONTH TO DATE    1.09                      1.21  -0.12
  SINCE SEP 1      4.87                      4.20   0.67
  SINCE JAN 1     10.80                     13.49  -2.69

SNOWFALL (IN)
  YESTERDAY        0.0           4.5  1968   0.2   -0.2      0.0
  MONTH TO DATE    0.0                       2.7   -2.7      0.0
  SINCE SEP 1      T                         3.1   -3.1      0.0
  SINCE JUL 1      T                         3.1   -3.1      0.0
  SNOW DEPTH       0

DEGREE DAYS
 HEATING
  YESTERDAY       30                                0
  MONTH TO DATE  345                              -43
  SINCE SEP 1    707                             -175
  SINCE JUL 1    850                             -482

 COOLING
  YESTERDAY        0                                0
  MONTH TO DATE    0                                0
  SINCE SEP 1      0                                0
  SINCE JAN 1    105                              103
..................................................................


WIND (MPH)
  HIGHEST WIND SPEED    15   HIGHEST WIND DIRECTION     N (10)
  HIGHEST GUST SPEED    20   HIGHEST GUST DIRECTION     N (20)
  AVERAGE WIND SPEED     7.6




RELATIVE HUMIDITY (PERCENT)
 HIGHEST    69
 LOWEST     38
 AVERAGE    54

..........................................................


THE ANCHORAGE AK CLIMATE NORMALS FOR TODAY
                         NORMAL    RECORD    YEAR
 MAXIMUM TEMPERATURE (F)   41        57      2013
 MINIMUM TEMPERATURE (F)   29        10      1996


SUNRISE AND SUNSET
OCTOBER 16 2019.......SUNRISE   845 AM AKDT  SUNSET   645 PM AKDT
OCTOBER 17 2019.......SUNRISE   848 AM AKDT  SUNSET   642 PM AKDT


-  INDICATES NEGATIVE NUMBERS.
R  INDICATES RECORD WAS SET OR TIED.
MM INDICATES DATA IS MISSING.
T  INDICATES TRACE AMOUNT.




$$
