000
CDAK48 PAFC 151237
CLIANC


CLIMATE REPORT
NATIONAL WEATHER SERVICE ANCHORAGE, AK
436 AM AKDT SAT JUN 15 2019


...................................

...THE ANCHORAGE AK CLIMATE SUMMARY FOR JUNE 14 2019...

CLIMATE NORMAL PERIOD 1981 TO 2010
CLIMATE RECORD PERIOD 1952 TO 2019


WEATHER ITEM   OBSERVED TIME   RECORD YEAR NORMAL DEPARTURE LAST
                VALUE   (LST)  VALUE       VALUE  FROM      YEAR
                                                  NORMAL
..................................................................
TEMPERATURE (F)
 YESTERDAY
  MAXIMUM         68    328 PM  85    1969  63      5       71
  MINIMUM         53    524 AM  41    2007  48      5       49
                                      1955
  AVERAGE         61                        55      6       60

PRECIPITATION (IN)
  YESTERDAY        0.00          1.23 1978   0.04  -0.04
  MONTH TO DATE    0.01                      0.42  -0.41
  SINCE DEC 1      7.47                      4.77   2.70
  SINCE JAN 1      5.04                      3.66   1.38

SNOWFALL (IN)
  YESTERDAY        0.0           0.0    MM   0.0    0.0      0.0
  MONTH TO DATE    0.0                       0.0    0.0      0.0
  SINCE DEC 1     59.8                      53.1    6.7     50.8
  SINCE JUL 1     65.0                      74.5   -9.5     59.1
  SNOW DEPTH       0

DEGREE DAYS
 HEATING
  YESTERDAY        4                               -6
  MONTH TO DATE   89                              -68
  SINCE JUN 1     89                              -68
  SINCE JUL 1   8271                            -1786

 COOLING
  YESTERDAY        0                                0
  MONTH TO DATE    0                                0
  SINCE JUN 1      0                                0
  SINCE JAN 1      0                                0
..................................................................


WIND (MPH)
  HIGHEST WIND SPEED    28   HIGHEST WIND DIRECTION     S (160)
  HIGHEST GUST SPEED    44   HIGHEST GUST DIRECTION    SE (140)
  AVERAGE WIND SPEED    14.2




RELATIVE HUMIDITY (PERCENT)
 HIGHEST    83
 LOWEST     42
 AVERAGE    63

..........................................................


THE ANCHORAGE AK CLIMATE NORMALS FOR TODAY
                         NORMAL    RECORD    YEAR
 MAXIMUM TEMPERATURE (F)   63        83      2015
 MINIMUM TEMPERATURE (F)   48        39      2000


SUNRISE AND SUNSET
JUNE 15 2019..........SUNRISE   422 AM AKDT  SUNSET  1140 PM AKDT
JUNE 16 2019..........SUNRISE   422 AM AKDT  SUNSET  1140 PM AKDT


-  INDICATES NEGATIVE NUMBERS.
R  INDICATES RECORD WAS SET OR TIED.
MM INDICATES DATA IS MISSING.
T  INDICATES TRACE AMOUNT.




$$
