569
CDUS43 KAPX 230534
CLIANJ


CLIMATE REPORT
NATIONAL WEATHER SERVICE GAYLORD MI
134 AM EDT TUE JUL 23 2019


...................................

...THE SAULT STE MARIE MI CLIMATE SUMMARY FOR JULY 22 2019...

CLIMATE NORMAL PERIOD 1981 TO 2010
CLIMATE RECORD PERIOD 1888 TO 2019


WEATHER ITEM   OBSERVED TIME   RECORD YEAR NORMAL DEPARTURE LAST
                VALUE   (LST)  VALUE       VALUE  FROM      YEAR
                                                  NORMAL
..................................................................
TEMPERATURE (F)
 YESTERDAY
  MAXIMUM         74   1257 PM  90    1940  77     -3       85
                                      1917
  MINIMUM         53    202 AM  42    1992  55     -2       68
                                      1981
  AVERAGE         64                        66     -2       77

PRECIPITATION (IN)
  YESTERDAY        0.00          1.58 1994   0.10  -0.10      T
  MONTH TO DATE    0.43                      1.95  -1.52     1.05
  SINCE JUN 1      6.27                      4.65   1.62     2.48
  SINCE JAN 1     24.59                     15.09   9.50    12.67

DEGREE DAYS
 HEATING
  YESTERDAY        1                         2     -1        0
  MONTH TO DATE    9                        54    -45        7
  SINCE JUN 1    177                       234    -57      112
  SINCE JUL 1      9                        54    -45        7

 COOLING
  YESTERDAY        0                         3     -3       12
  MONTH TO DATE   83                        57     26      150
  SINCE JUN 1    103                        87     16      197
  SINCE JAN 1    103                        92     11      218
..................................................................


WIND (MPH)
  HIGHEST WIND SPEED    17   HIGHEST WIND DIRECTION    NW (300)
  HIGHEST GUST SPEED    29   HIGHEST GUST DIRECTION    NW (300)
  AVERAGE WIND SPEED     8.1




RELATIVE HUMIDITY (PERCENT)
 HIGHEST    93
 LOWEST     41
 AVERAGE    67

..........................................................


THE SAULT STE MARIE MI CLIMATE NORMALS FOR TODAY
                         NORMAL    RECORD    YEAR
 MAXIMUM TEMPERATURE (F)   77        92      1989
 MINIMUM TEMPERATURE (F)   55        39      1981


SUNRISE AND SUNSET
JULY 23 2019..........SUNRISE   608 AM EDT   SUNSET   919 PM EDT
JULY 24 2019..........SUNRISE   609 AM EDT   SUNSET   918 PM EDT


-  INDICATES NEGATIVE NUMBERS.
R  INDICATES RECORD WAS SET OR TIED.
MM INDICATES DATA IS MISSING.
T  INDICATES TRACE AMOUNT.




$$
