000
CDUS43 KAPX 250526
CLIANJ


CLIMATE REPORT
NATIONAL WEATHER SERVICE GAYLORD MI
126 AM EDT THU APR 25 2019


...................................

...THE SAULT STE MARIE MI CLIMATE SUMMARY FOR APRIL 24 2019...

CLIMATE NORMAL PERIOD 1981 TO 2010
CLIMATE RECORD PERIOD 1888 TO 2019


WEATHER ITEM   OBSERVED TIME   RECORD YEAR NORMAL DEPARTURE LAST
                VALUE   (LST)  VALUE       VALUE  FROM      YEAR
                                                  NORMAL
..................................................................
TEMPERATURE (F)
 YESTERDAY
  MAXIMUM         61    324 PM  83    1915  54      7       64
  MINIMUM         31    243 AM  13    1892  35     -4       38
  AVERAGE         46                        44      2       51

PRECIPITATION (IN)
  YESTERDAY        0.00          0.74 1897   0.07  -0.07     0.00
  MONTH TO DATE    4.36                      1.94   2.42     2.27
  SINCE MAR 1      5.80                      3.89   1.91     3.54
  SINCE JAN 1     14.05                      7.42   6.63     7.02

SNOWFALL (IN)
  YESTERDAY        0.0           2.1  1996   0.1   -0.1      0.0
  MONTH TO DATE    2.5                       6.1   -3.6     27.4
  SINCE OCT 1    145.1                     119.7   25.4    127.8
  SINCE JUL 1    145.1                     119.7   25.4    127.8
  SNOW DEPTH       T

DEGREE DAYS
 HEATING
  YESTERDAY       19                        21     -2       14
  MONTH TO DATE  639                       626     13      795
  SINCE MAR 1   1911                      1826     85     1976
  SINCE JUL 1   8047                      7952     95     7803

 COOLING
  YESTERDAY        0                         0      0        0
  MONTH TO DATE    0                         0      0        0
  SINCE MAR 1      0                         0      0        0
  SINCE JAN 1      0                         0      0        0
..................................................................


WIND (MPH)
  HIGHEST WIND SPEED    15   HIGHEST WIND DIRECTION    SW (230)
  HIGHEST GUST SPEED    22   HIGHEST GUST DIRECTION     S (200)
  AVERAGE WIND SPEED     6.0




RELATIVE HUMIDITY (PERCENT)
 HIGHEST    92
 LOWEST     28
 AVERAGE    60

..........................................................


THE SAULT STE MARIE MI CLIMATE NORMALS FOR TODAY
                         NORMAL    RECORD    YEAR
 MAXIMUM TEMPERATURE (F)   55        85      1990
 MINIMUM TEMPERATURE (F)   35        18      1892


SUNRISE AND SUNSET
APRIL 25 2019.........SUNRISE   633 AM EDT   SUNSET   838 PM EDT
APRIL 26 2019.........SUNRISE   632 AM EDT   SUNSET   840 PM EDT


-  INDICATES NEGATIVE NUMBERS.
R  INDICATES RECORD WAS SET OR TIED.
MM INDICATES DATA IS MISSING.
T  INDICATES TRACE AMOUNT.




$$
