000
CDUS43 KAPX 190529
CLIANJ


CLIMATE REPORT
NATIONAL WEATHER SERVICE GAYLORD MI
129 AM EDT THU APR 19 2018


...................................

...THE SAULT STE MARIE MI CLIMATE SUMMARY FOR APRIL 18 2018...

CLIMATE NORMAL PERIOD 1981 TO 2010
CLIMATE RECORD PERIOD 1888 TO 2018


WEATHER ITEM   OBSERVED TIME   RECORD YEAR NORMAL DEPARTURE LAST
                VALUE   (LST)  VALUE       VALUE  FROM      YEAR
                                                  NORMAL
..................................................................
TEMPERATURE (F)
 YESTERDAY
  MAXIMUM         45    657 PM  83    1976  51     -6       46
  MINIMUM         28    537 AM  15    1983  32     -4       28
  AVERAGE         37                        42     -5       37

PRECIPITATION (IN)
  YESTERDAY        0.00          0.99 1930   0.08  -0.08      T
  MONTH TO DATE    2.27                      1.49   0.78     2.19
  SINCE MAR 1      3.54                      3.44   0.10     4.14
  SINCE JAN 1      7.02                      6.97   0.05    10.10

SNOWFALL (IN)
  YESTERDAY        0.0           1.5  1951   0.2   -0.2      0.0
  MONTH TO DATE   27.4                       5.1   22.3      0.5
  SINCE OCT 1    127.8                     118.7    9.1    137.4
  SINCE JUL 1    127.8                     118.7    9.1    137.4
  SNOW DEPTH      19

DEGREE DAYS
 HEATING
  YESTERDAY       28                        23      5       28
  MONTH TO DATE  663                       495    168      415
  SINCE MAR 1   1844                      1695    149     1613
  SINCE JUL 1   7671                      7821   -150     6487

 COOLING
  YESTERDAY        0                         0      0        0
  MONTH TO DATE    0                         0      0        0
  SINCE MAR 1      0                         0      0        0
  SINCE JAN 1      0                         0      0        0
..................................................................


WIND (MPH)
  HIGHEST WIND SPEED    17   HIGHEST WIND DIRECTION    NE (50)
  HIGHEST GUST SPEED    26   HIGHEST GUST DIRECTION    NE (30)
  AVERAGE WIND SPEED     8.7




RELATIVE HUMIDITY (PERCENT)
 HIGHEST    85
 LOWEST     40
 AVERAGE    63

..........................................................


THE SAULT STE MARIE MI CLIMATE NORMALS FOR TODAY
                         NORMAL    RECORD    YEAR
 MAXIMUM TEMPERATURE (F)   51        81      2005
 MINIMUM TEMPERATURE (F)   33         5      1897


SUNRISE AND SUNSET
APRIL 19 2018.........SUNRISE   643 AM EDT   SUNSET   831 PM EDT
APRIL 20 2018.........SUNRISE   641 AM EDT   SUNSET   832 PM EDT


-  INDICATES NEGATIVE NUMBERS.
R  INDICATES RECORD WAS SET OR TIED.
MM INDICATES DATA IS MISSING.
T  INDICATES TRACE AMOUNT.




$$
