000
CDUS41 KCTP 152119
CLIAOO


CLIMATE REPORT
NATIONAL WEATHER SERVICE STATE COLLEGE PA
519 PM EDT SAT JUN 15 2019


...................................

...THE ALTOONA CLIMATE SUMMARY FOR JUNE 15 2019...
VALID TODAY AS OF 0500 PM LOCAL TIME.

CLIMATE NORMAL PERIOD 1981 TO 2010
CLIMATE RECORD PERIOD 1948 TO 2019


WEATHER ITEM   OBSERVED TIME   RECORD YEAR NORMAL DEPARTURE LAST
                VALUE   (LST)  VALUE       VALUE  FROM      YEAR
                                                  NORMAL
..................................................................
TEMPERATURE (F)
 TODAY
  MAXIMUM         71    214 PM  94    1994  77     -6       79
  MINIMUM         50    313 AM  44    1958  56     -6       57
  AVERAGE         61                        67     -6       68

PRECIPITATION (IN)
  TODAY            0.00          1.10 1998   0.11  -0.11     0.00
  MONTH TO DATE    1.15                      1.77  -0.62     3.02
  SINCE JUN 1      1.15                      1.77  -0.62     3.02
  SINCE JAN 1     21.24                     15.95   5.29    20.04

DEGREE DAYS
 HEATING
  TODAY            4                         2      2        0
  MONTH TO DATE   38                        43     -5       24
  SINCE JUN 1     38                        43     -5       24
  SINCE JUL 1   5708                      6203   -495     5732

 COOLING
  TODAY            0                         4     -4        3
  MONTH TO DATE   21                        40    -19       48
  SINCE JUN 1     21                        40    -19       48
  SINCE JAN 1     90                        73     17      212
..................................................................


WIND (MPH)
  HIGHEST WIND SPEED    15   HIGHEST WIND DIRECTION     S (200)
  HIGHEST GUST SPEED    20   HIGHEST GUST DIRECTION    SW (210)
  AVERAGE WIND SPEED     5.6


SKY COVER
  POSSIBLE SUNSHINE  MM
  AVERAGE SKY COVER 0.3


WEATHER CONDITIONS
 THE FOLLOWING WEATHER WAS RECORDED TODAY.
  NO SIGNIFICANT WEATHER WAS OBSERVED.


RELATIVE HUMIDITY (PERCENT)
 HIGHEST    77          1200 AM
 LOWEST     56           900 AM
 AVERAGE    67

..........................................................


THE ALTOONA CLIMATE NORMALS FOR TOMORROW
                         NORMAL    RECORD    YEAR
 MAXIMUM TEMPERATURE (F)   78        94      1994
 MINIMUM TEMPERATURE (F)   57        39      1961


SUNRISE AND SUNSET
JUNE 15 2019..........SUNRISE   543 AM EDT   SUNSET   845 PM EDT
JUNE 16 2019..........SUNRISE   543 AM EDT   SUNSET   845 PM EDT


-  INDICATES NEGATIVE NUMBERS.
R  INDICATES RECORD WAS SET OR TIED.
MM INDICATES DATA IS MISSING.
T  INDICATES TRACE AMOUNT.




$$
