000
CDUS41 KCTP 200618
CLIAOO


CLIMATE REPORT
NATIONAL WEATHER SERVICE STATE COLLEGE PA
218 AM EDT SAT APR 20 2019


...................................

...THE ALTOONA CLIMATE SUMMARY FOR APRIL 19 2019...

CLIMATE NORMAL PERIOD 1981 TO 2010
CLIMATE RECORD PERIOD 1948 TO 2019


WEATHER ITEM   OBSERVED TIME   RECORD YEAR NORMAL DEPARTURE LAST
                VALUE   (LST)  VALUE       VALUE  FROM      YEAR
                                                  NORMAL
..................................................................
TEMPERATURE (F)
 YESTERDAY
  MAXIMUM         68   1236 PM  85    1972  61      7       45
  MINIMUM         58    944 PM  23    1983  39     19       33
  AVERAGE         63                        50     13       39

PRECIPITATION (IN)
  YESTERDAY        0.78          1.81 1998   0.10   0.68     0.11
  MONTH TO DATE    2.57                      2.02   0.55     3.09
  SINCE MAR 1      4.77                      5.09  -0.32     5.24
  SINCE JAN 1     12.31                      9.30   3.01    11.47

DEGREE DAYS
 HEATING
  YESTERDAY        2                        15    -13       26
  MONTH TO DATE  253                       345    -92      436
  SINCE MAR 1   1144                      1204    -60     1416
  SINCE JUL 1   5436                      5774   -338     5502

 COOLING
  YESTERDAY        0                         0      0        0
  MONTH TO DATE    0                         0      0       12
  SINCE MAR 1      0                         1     -1       12
  SINCE JAN 1      0                         1     -1       12
..................................................................


WIND (MPH)
  HIGHEST WIND SPEED    21   HIGHEST WIND DIRECTION     S (180)
  HIGHEST GUST SPEED    25   HIGHEST GUST DIRECTION     S (180)
  AVERAGE WIND SPEED     7.7


SKY COVER
  POSSIBLE SUNSHINE  MM
  AVERAGE SKY COVER 0.5


WEATHER CONDITIONS
 THE FOLLOWING WEATHER WAS RECORDED YESTERDAY.
  HEAVY RAIN
  RAIN
  LIGHT RAIN
  FOG


RELATIVE HUMIDITY (PERCENT)
 HIGHEST    93           600 PM
 LOWEST     53          1200 AM
 AVERAGE    73

..........................................................


THE ALTOONA CLIMATE NORMALS FOR TODAY
                         NORMAL    RECORD    YEAR
 MAXIMUM TEMPERATURE (F)   62        87      1954
 MINIMUM TEMPERATURE (F)   40        27      1983


SUNRISE AND SUNSET
APRIL 20 2019.........SUNRISE   628 AM EDT   SUNSET   757 PM EDT
APRIL 21 2019.........SUNRISE   627 AM EDT   SUNSET   758 PM EDT


-  INDICATES NEGATIVE NUMBERS.
R  INDICATES RECORD WAS SET OR TIED.
MM INDICATES DATA IS MISSING.
T  INDICATES TRACE AMOUNT.




$$
