000
CDUS42 KMFL 190823
CLIAPF


CLIMATE REPORT
NATIONAL WEATHER SERVICE MIAMI, FL
422 AM EDT WED JUN 19 2019


...................................

...THE NAPLES CLIMATE SUMMARY FOR JUNE 18 2019...

CLIMATE NORMAL PERIOD 1981 TO 2010
CLIMATE RECORD PERIOD 1942 TO 2019


WEATHER ITEM   OBSERVED TIME   RECORD YEAR NORMAL DEPARTURE LAST
                VALUE   (LST)  VALUE       VALUE  FROM      YEAR
                                                  NORMAL
..................................................................
TEMPERATURE (F)
 YESTERDAY
  MAXIMUM         83    958 AM  96    2018  90     -7       96
                                      1998
  MINIMUM         73    533 AM  68    1983  74     -1       77
                                      1966
  AVERAGE         78                        82     -4       87

PRECIPITATION (IN)
  YESTERDAY        0.01          3.67 1972   0.34  -0.33     0.26
  MONTH TO DATE    3.45                      4.65  -1.20     1.81
  SINCE JUN 1      3.45                      4.65  -1.20     1.81
  SINCE JAN 1     14.62                     16.50  -1.88    10.41

SNOWFALL (IN)
  YESTERDAY        0.0
  MONTH TO DATE    0.0
  SINCE JUN 1      0.0
  SINCE JUL 1      0.0
  SNOW DEPTH       0

DEGREE DAYS
 HEATING
  YESTERDAY        0                         0      0        0
  MONTH TO DATE    0                         0      0        0
  SINCE JUN 1      0                         0      0        0
  SINCE JUL 1    142                       260   -118      200

 COOLING
  YESTERDAY       13                        17     -4       22
  MONTH TO DATE  293                       296     -3      338
  SINCE JUN 1    293                       296     -3      338
  SINCE JAN 1   1684                      1324    360     1627
..................................................................


WIND (MPH)
  HIGHEST WIND SPEED    21   HIGHEST WIND DIRECTION     S (200)
  HIGHEST GUST SPEED    26   HIGHEST GUST DIRECTION     S (200)
  AVERAGE WIND SPEED     4.8


SKY COVER
  AVERAGE SKY COVER 0.3


WEATHER CONDITIONS
 THE FOLLOWING WEATHER WAS RECORDED YESTERDAY.
  THUNDERSTORM
  HEAVY RAIN
  RAIN
  LIGHT RAIN
  FOG


RELATIVE HUMIDITY (PERCENT)
 HIGHEST   100
 LOWEST     85
 AVERAGE    93

..........................................................


THE NAPLES CLIMATE NORMALS FOR TODAY
                         NORMAL    RECORD    YEAR
 MAXIMUM TEMPERATURE (F)   90        94      1998
                                             1987
                                             1979
 MINIMUM TEMPERATURE (F)   75        67      1961


SUNRISE AND SUNSET
JUNE 19 2019..........SUNRISE   635 AM EDT   SUNSET   822 PM EDT
JUNE 20 2019..........SUNRISE   635 AM EDT   SUNSET   822 PM EDT


-  INDICATES NEGATIVE NUMBERS.
R  INDICATES RECORD WAS SET OR TIED.
MM INDICATES DATA IS MISSING.
T  INDICATES TRACE AMOUNT.




$$
