000
CDUS42 KMFL 192020
CLIAPF


CLIMATE REPORT
NATIONAL WEATHER SERVICE MIAMI, FL
420 PM EDT FRI APR 19 2019


...................................

...THE NAPLES CLIMATE SUMMARY FOR APRIL 19 2019...
VALID TODAY AS OF 0400 PM LOCAL TIME.

CLIMATE NORMAL PERIOD 1981 TO 2010
CLIMATE RECORD PERIOD 1942 TO 2019


WEATHER ITEM   OBSERVED TIME   RECORD YEAR NORMAL DEPARTURE LAST
                VALUE   (LST)  VALUE       VALUE  FROM      YEAR
                                                  NORMAL
..................................................................
TEMPERATURE (F)
 TODAY
  MAXIMUM         87    114 PM  93    2011  84      3       81
  MINIMUM         77   1248 AM  48    1997  64     13       64
  AVERAGE         82                        74      8       73

PRECIPITATION (IN)
  TODAY            0.00          1.96 1989   0.09  -0.09     0.00
  MONTH TO DATE    0.40                      1.59  -1.19     0.66
  SINCE NOV 1      9.19                     11.41  -2.22     3.77
  SINCE JAN 1      6.47                      7.92  -1.45     2.62

SNOWFALL (IN)
  TODAY            0.0
  MONTH TO DATE    0.0
  SINCE MAR 1      0.0
  SINCE JUL 1      0.0
  SNOW DEPTH       0

DEGREE DAYS
 HEATING
  TODAY            0                         0      0        0
  MONTH TO DATE    0                         0      0        0
  SINCE MAR 1      7                        23    -16       22
  SINCE JUL 1    142                       256   -114      200

 COOLING
  TODAY           17                         9      8        8
  MONTH TO DATE  239                       145     94      209
  SINCE MAR 1    455                       321    134      350
  SINCE JAN 1    792                       512    280      710
..................................................................


WIND (MPH)
  HIGHEST WIND SPEED    28   HIGHEST WIND DIRECTION     S (190)
  HIGHEST GUST SPEED    35   HIGHEST GUST DIRECTION     S (200)
  AVERAGE WIND SPEED    15.2


SKY COVER
  AVERAGE SKY COVER 0.6


WEATHER CONDITIONS
 THE FOLLOWING WEATHER WAS RECORDED TODAY.
  THUNDERSTORM
  FOG
  HAZE


RELATIVE HUMIDITY (PERCENT)
 HIGHEST    94
 LOWEST     75
 AVERAGE    85

..........................................................


THE NAPLES CLIMATE NORMALS FOR TOMORROW
                         NORMAL    RECORD    YEAR
 MAXIMUM TEMPERATURE (F)   84        91      1977
                                             1974
 MINIMUM TEMPERATURE (F)   64        48      1997


SUNRISE AND SUNSET
APRIL 19 2019.........SUNRISE   700 AM EDT   SUNSET   753 PM EDT
APRIL 20 2019.........SUNRISE   659 AM EDT   SUNSET   753 PM EDT


-  INDICATES NEGATIVE NUMBERS.
R  INDICATES RECORD WAS SET OR TIED.
MM INDICATES DATA IS MISSING.
T  INDICATES TRACE AMOUNT.




$$
