000
CDUS43 KAPX 162129
CLIAPN


CLIMATE REPORT
NATIONAL WEATHER SERVICE GAYLORD MI
529 PM EDT SUN JUN 16 2019


...................................

...THE ALPENA MI CLIMATE SUMMARY FOR JUNE 16 2019...
VALID TODAY AS OF 0500 PM LOCAL TIME.

CLIMATE NORMAL PERIOD 1981 TO 2010
CLIMATE RECORD PERIOD 1916 TO 2019


WEATHER ITEM   OBSERVED TIME   RECORD YEAR NORMAL DEPARTURE LAST
                VALUE   (LST)  VALUE       VALUE  FROM      YEAR
                                                  NORMAL
..................................................................
TEMPERATURE (F)
 TODAY
  MAXIMUM         62   1258 PM  96    1994  75    -13       82
  MINIMUM         42    510 AM  31    1942  50     -8       57
  AVERAGE         52                        62    -10       70

PRECIPITATION (IN)
  TODAY            0.01          0.88 2010   0.08  -0.07      T
  MONTH TO DATE    2.82                      1.36   1.46     0.73
  SINCE JUN 1      2.82                      1.36   1.46     0.73
  SINCE JAN 1     17.53                     11.26   6.27    14.14

DEGREE DAYS
 HEATING
  TODAY           13                         4      9        0
  MONTH TO DATE  138                       100     38       80
  SINCE JUN 1    138                       100     38       80
  SINCE JUL 1   8253                      8057    196     7872

 COOLING
  TODAY            0                         2     -2        5
  MONTH TO DATE    0                        22    -22        8
  SINCE JUN 1      0                        22    -22        8
  SINCE JAN 1      3                        35    -32       54
..................................................................


WIND (MPH)
  RESULTANT WIND SPEED   4   RESULTANT WIND DIRECTION   E (70)
  HIGHEST WIND SPEED    15   HIGHEST WIND DIRECTION     E (80)
  HIGHEST GUST SPEED    22   HIGHEST GUST DIRECTION     E (70)
  AVERAGE WIND SPEED     6.1


SKY COVER
  POSSIBLE SUNSHINE  MM
  AVERAGE SKY COVER 0.0


WEATHER CONDITIONS
 THE FOLLOWING WEATHER WAS RECORDED TODAY.
  LIGHT RAIN


RELATIVE HUMIDITY (PERCENT)
 HIGHEST    96
 LOWEST     62
 AVERAGE    79

..........................................................


THE ALPENA MI CLIMATE NORMALS FOR TOMORROW
                         NORMAL    RECORD    YEAR
 MAXIMUM TEMPERATURE (F)   75        96      2018
 MINIMUM TEMPERATURE (F)   50        34      1972


SUNRISE AND SUNSET
JUNE 16 2019..........SUNRISE   547 AM EDT   SUNSET   923 PM EDT
JUNE 17 2019..........SUNRISE   547 AM EDT   SUNSET   924 PM EDT


-  INDICATES NEGATIVE NUMBERS.
R  INDICATES RECORD WAS SET OR TIED.
MM INDICATES DATA IS MISSING.
T  INDICATES TRACE AMOUNT.




$$
