000
CDUS43 KAPX 212131
CLIAPN


CLIMATE REPORT
NATIONAL WEATHER SERVICE GAYLORD MI
530 PM EDT SUN APR 21 2019


...................................

...THE ALPENA MI CLIMATE SUMMARY FOR APRIL 21 2019...
VALID TODAY AS OF 0500 PM LOCAL TIME.

CLIMATE NORMAL PERIOD 1981 TO 2010
CLIMATE RECORD PERIOD 1916 TO 2019


WEATHER ITEM   OBSERVED TIME   RECORD YEAR NORMAL DEPARTURE LAST
                VALUE   (LST)  VALUE       VALUE  FROM      YEAR
                                                  NORMAL
..................................................................
TEMPERATURE (F)
 TODAY
  MAXIMUM         63    220 PM  89    1985  55      8       57
  MINIMUM         32    126 AM  17    2013  33     -1       24
  AVERAGE         48                        44      4       41

PRECIPITATION (IN)
  TODAY            T             0.88 1995   0.08  -0.08     0.00
  MONTH TO DATE    2.90                      1.70   1.20     4.62
  SINCE MAR 1      4.24                      3.56   0.68     6.13
  SINCE JAN 1      9.37                      6.54   2.83    10.02

SNOWFALL (IN)
  TODAY            0.0           2.0  1986   0.1             0.0
  MONTH TO DATE   10.1                       5.1            30.7
  SINCE OCT 1     99.4                      83.4            82.5
  SINCE JUL 1     99.4                      83.4            82.5

DEGREE DAYS
 HEATING
  TODAY           17                        21     -4       24
  MONTH TO DATE  522                       529     -7      734
  SINCE MAR 1   1735                      1653     82     1882
  SINCE JUL 1   7465                      7385     80     7331

 COOLING
  TODAY            0                         0      0        0
  MONTH TO DATE    0                         0      0        0
  SINCE MAR 1      0                         0      0        0
  SINCE JAN 1      0                         0      0        0
..................................................................


WIND (MPH)
  RESULTANT WIND SPEED   2   RESULTANT WIND DIRECTION  SW (230)
  HIGHEST WIND SPEED    14   HIGHEST WIND DIRECTION     E (110)
  HIGHEST GUST SPEED    17   HIGHEST GUST DIRECTION     E (110)
  AVERAGE WIND SPEED     3.9


SKY COVER
  POSSIBLE SUNSHINE  MM
  AVERAGE SKY COVER 0.8


WEATHER CONDITIONS
 THE FOLLOWING WEATHER WAS RECORDED TODAY.
  NO SIGNIFICANT WEATHER WAS OBSERVED.


RELATIVE HUMIDITY (PERCENT)
 HIGHEST    96
 LOWEST     25
 AVERAGE    61

..........................................................


THE ALPENA MI CLIMATE NORMALS FOR TOMORROW
                         NORMAL    RECORD    YEAR
 MAXIMUM TEMPERATURE (F)   56        88      1985
 MINIMUM TEMPERATURE (F)   33        17      1950


SUNRISE AND SUNSET
APRIL 21 2019.........SUNRISE   640 AM EDT   SUNSET   827 PM EDT
APRIL 22 2019.........SUNRISE   638 AM EDT   SUNSET   828 PM EDT


-  INDICATES NEGATIVE NUMBERS.
R  INDICATES RECORD WAS SET OR TIED.
MM INDICATES DATA IS MISSING.
T  INDICATES TRACE AMOUNT.




$$
