000
CDUS44 KLCH 192212
CLIARA


CLIMATE REPORT
NATIONAL WEATHER SERVICE LAKE CHARLES, LA
512 PM CDT FRI APR 19 2019


...................................

...THE NEW IBERIA CLIMATE SUMMARY FOR APRIL 19 2019...
VALID TODAY AS OF 0500 PM LOCAL TIME.

CLIMATE NORMAL PERIOD 1981 TO 2010
CLIMATE RECORD PERIOD 1948 TO 2019


WEATHER ITEM   OBSERVED TIME   RECORD YEAR NORMAL DEPARTURE LAST
                VALUE   (LST)  VALUE       VALUE  FROM      YEAR
                                                  NORMAL
..................................................................
TEMPERATURE (F)
 TODAY
  MAXIMUM         69   1256 PM  91    1987  80    -11       76
  MINIMUM         53    647 AM  43    2008  58     -5       56
                                      1953
  AVERAGE         61                        69     -8       66

PRECIPITATION (IN)
  TODAY            0.00          0.70 2010   0.15  -0.15     0.00
  MONTH TO DATE    8.35                      2.82   5.53     3.13
  SINCE MAR 1      9.43                      6.59   2.84     5.38
  SINCE JAN 1     15.49                     16.00  -0.51    14.89

SNOWFALL (IN)
  TODAY            0.0           0.0    MM  MM               0.0
  MONTH TO DATE    0.0                      MM               0.0
  SINCE MAR 1      0.0                      MM               0.0
  SINCE JUL 1      0.0                      MM               2.4

DEGREE DAYS
 HEATING
  TODAY            4                         1      3        0
  MONTH TO DATE   41                        39      2       59
  SINCE MAR 1    215                       187     28      169
  SINCE JUL 1   1263                      1403   -140     1352

 COOLING
  TODAY            0                         5     -5        1
  MONTH TO DATE   73                        71      2       42
  SINCE MAR 1    127                       123      4      133
  SINCE JAN 1    167                       154     13      256
..................................................................


WIND (MPH)
  RESULTANT WIND SPEED  13   RESULTANT WIND DIRECTION  NW (320)
  HIGHEST WIND SPEED    28   HIGHEST WIND DIRECTION     N (340)
  HIGHEST GUST SPEED    41   HIGHEST GUST DIRECTION    NW (320)
  AVERAGE WIND SPEED    12.7


SKY COVER
  POSSIBLE SUNSHINE  MM
  AVERAGE SKY COVER 0.3


WEATHER CONDITIONS
 THE FOLLOWING WEATHER WAS RECORDED TODAY.
  NO SIGNIFICANT WEATHER WAS OBSERVED.


RELATIVE HUMIDITY (PERCENT)
 HIGHEST    86           300 AM
 LOWEST     47           100 PM
 AVERAGE    67

..........................................................


THE NEW IBERIA CLIMATE NORMALS FOR TOMORROW
                         NORMAL    RECORD    YEAR
 MAXIMUM TEMPERATURE (F)   80        90      1987
 MINIMUM TEMPERATURE (F)   58        42      1953


SUNRISE AND SUNSET
APRIL 19 2019.........SUNRISE   637 AM CDT   SUNSET   737 PM CDT
APRIL 20 2019.........SUNRISE   635 AM CDT   SUNSET   738 PM CDT


-  INDICATES NEGATIVE NUMBERS.
R  INDICATES RECORD WAS SET OR TIED.
MM INDICATES DATA IS MISSING.
T  INDICATES TRACE AMOUNT.




$$
