000
CDUS44 KLCH 160822
CLIARA


CLIMATE REPORT
NATIONAL WEATHER SERVICE LAKE CHARLES, LA
321 AM CDT SUN JUN 16 2019


...................................

...THE NEW IBERIA CLIMATE SUMMARY FOR JUNE 15 2019...

CLIMATE NORMAL PERIOD 1981 TO 2010
CLIMATE RECORD PERIOD 1948 TO 2019


WEATHER ITEM   OBSERVED TIME   RECORD YEAR NORMAL DEPARTURE LAST
                VALUE   (LST)  VALUE       VALUE  FROM      YEAR
                                                  NORMAL
..................................................................
TEMPERATURE (F)
 YESTERDAY
  MAXIMUM         91   1247 PM  97    2005  90      1       90
                                      1963
  MINIMUM         73    510 AM  62    1955  72      1       73
  AVERAGE         82                        81      1       82

PRECIPITATION (IN)
  YESTERDAY        T             1.45 1955   0.27  -0.27     0.24
  MONTH TO DATE    3.74                      3.54   0.20     3.21
  SINCE JUN 1      3.74                      3.54   0.20     3.21
  SINCE JAN 1     28.28                     25.77   2.51    23.97

SNOWFALL (IN)
  YESTERDAY        0.0           0.0    MM  MM               0.0
  MONTH TO DATE    0.0                      MM               0.0
  SINCE JUN 1      0.0                      MM               0.0
  SINCE JUL 1      0.0                      MM               2.4

DEGREE DAYS
 HEATING
  YESTERDAY        0                         0      0        0
  MONTH TO DATE    0                         0      0        0
  SINCE JUN 1      0                         0      0        0
  SINCE JUL 1   1268                      1409   -141     1358

 COOLING
  YESTERDAY       17                        16      1       17
  MONTH TO DATE  246                       227     19      256
  SINCE JUN 1    246                       227     19      256
  SINCE JAN 1    863                       797     66      980
..................................................................


WIND (MPH)
  RESULTANT WIND SPEED   9   RESULTANT WIND DIRECTION   S (180)
  HIGHEST WIND SPEED    21   HIGHEST WIND DIRECTION     S (190)
  HIGHEST GUST SPEED    27   HIGHEST GUST DIRECTION     S (200)
  AVERAGE WIND SPEED     9.8


SKY COVER
  POSSIBLE SUNSHINE  MM
  AVERAGE SKY COVER 0.2


WEATHER CONDITIONS
 THE FOLLOWING WEATHER WAS RECORDED YESTERDAY.
  THUNDERSTORM
  LIGHT RAIN


RELATIVE HUMIDITY (PERCENT)
 HIGHEST   100           300 AM
 LOWEST     59           100 PM
 AVERAGE    80

..........................................................


THE NEW IBERIA CLIMATE NORMALS FOR TODAY
                         NORMAL    RECORD    YEAR
 MAXIMUM TEMPERATURE (F)   90        97      2005
 MINIMUM TEMPERATURE (F)   72        61      1955


SUNRISE AND SUNSET
JUNE 16 2019..........SUNRISE   606 AM CDT   SUNSET   810 PM CDT
JUNE 17 2019..........SUNRISE   606 AM CDT   SUNSET   811 PM CDT


-  INDICATES NEGATIVE NUMBERS.
R  INDICATES RECORD WAS SET OR TIED.
MM INDICATES DATA IS MISSING.
T  INDICATES TRACE AMOUNT.




$$
