000
CDUS43 KLOT 200728
CLIARR


CLIMATE REPORT
NATIONAL WEATHER SERVICE CHICAGO IL
227 AM CDT THU JUN 20 2019


...................................

...THE AURORA MUNICIPAL AIRPORT CLIMATE SUMMARY FOR JUNE 19 2019...

CLIMATE NORMAL PERIOD 1981 TO 2010
CLIMATE RECORD PERIOD 1998 TO 2019


WEATHER ITEM   OBSERVED TIME   RECORD YEAR NORMAL DEPARTURE LAST
                VALUE   (LST)  VALUE       VALUE  FROM      YEAR
                                                  NORMAL
..................................................................
TEMPERATURE (F)
 YESTERDAY
  MAXIMUM         75   1010 AM  94    2012  81     -6       83
  MINIMUM         56   1155 PM  46    2005  59     -3       67
  AVERAGE         66                        70     -4       75

PRECIPITATION (IN)
  YESTERDAY        0.34          0.70 2014   0.10   0.24     0.54
  MONTH TO DATE    1.84                      2.94  -1.10     2.73
  SINCE JUN 1      1.84                      2.94  -1.10     2.73
  SINCE JAN 1     21.88                     15.82   6.06    17.14

DEGREE DAYS
 HEATING
  YESTERDAY        0                         1     -1        0
  MONTH TO DATE   23                        36    -13        0
  SINCE JUN 1     23                        36    -13        0
  SINCE JUL 1   6794                      6770     24     6501

 COOLING
  YESTERDAY        1                         6     -5       10
  MONTH TO DATE   42                        82    -40      117
  SINCE JUN 1     42                        82    -40      117
  SINCE JAN 1     61                       123    -62      240
..................................................................


WIND (MPH)
  RESULTANT WIND SPEED   7   RESULTANT WIND DIRECTION  NE (40)
  HIGHEST WIND SPEED    18   HIGHEST WIND DIRECTION     N (20)
  HIGHEST GUST SPEED    25   HIGHEST GUST DIRECTION    NE (40)
  AVERAGE WIND SPEED     8.2


SKY COVER
  POSSIBLE SUNSHINE  MM
  AVERAGE SKY COVER 0.4


WEATHER CONDITIONS
 THE FOLLOWING WEATHER WAS RECORDED YESTERDAY.
  RAIN
  LIGHT RAIN
  FOG
  HAZE


RELATIVE HUMIDITY (PERCENT)
 HIGHEST    93           200 AM
 LOWEST     68          1100 AM
 AVERAGE    81

..........................................................


THE AURORA MUNICIPAL AIRPORT CLIMATE NORMALS FOR TODAY
                         NORMAL    RECORD    YEAR
 MAXIMUM TEMPERATURE (F)   82        93      2012
 MINIMUM TEMPERATURE (F)   59        47      2004
                                             2003


SUNRISE AND SUNSET
JUNE 20 2019..........SUNRISE   519 AM CDT   SUNSET   832 PM CDT
JUNE 21 2019..........SUNRISE   519 AM CDT   SUNSET   832 PM CDT


-  INDICATES NEGATIVE NUMBERS.
R  INDICATES RECORD WAS SET OR TIED.
MM INDICATES DATA IS MISSING.
T  INDICATES TRACE AMOUNT.




$$
