000
CDUS43 KLOT 190637
CLIARR


CLIMATE REPORT
NATIONAL WEATHER SERVICE CHICAGO IL
137 AM CDT FRI APR 19 2019


...................................

...THE AURORA MUNICIPAL AIRPORT CLIMATE SUMMARY FOR APRIL 18 2019...

CLIMATE NORMAL PERIOD 1981 TO 2010
CLIMATE RECORD PERIOD 1998 TO 2019


WEATHER ITEM   OBSERVED TIME   RECORD YEAR NORMAL DEPARTURE LAST
                VALUE   (LST)  VALUE       VALUE  FROM      YEAR
                                                  NORMAL
..................................................................
TEMPERATURE (F)
 YESTERDAY
  MAXIMUM         64   1217 AM  90    2002  61      3       37
  MINIMUM         44   1159 PM  26    2010  38      6       27
                                      2001
  AVERAGE         54                        49      5       32

PRECIPITATION (IN)
  YESTERDAY        0.04          2.42 2013   0.11  -0.07     0.03
  MONTH TO DATE    1.45                      1.87  -0.42     1.18
  SINCE MAR 1      3.74                      4.10  -0.36     3.46
  SINCE JAN 1      6.54                      7.19  -0.65     7.27

DEGREE DAYS
 HEATING
  YESTERDAY       11                        16     -5       33
  MONTH TO DATE  318                       335    -17      537
  SINCE MAR 1   1273                      1205     68     1425
  SINCE JUL 1   6368                      6343     25     6243

 COOLING
  YESTERDAY        0                         0      0        0
  MONTH TO DATE    0                         0      0        0
  SINCE MAR 1      0                         0      0        0
  SINCE JAN 1      0                         0      0        0
..................................................................


WIND (MPH)
  RESULTANT WIND SPEED  10   RESULTANT WIND DIRECTION  NW (310)
  HIGHEST WIND SPEED    24   HIGHEST WIND DIRECTION    NW (330)
  HIGHEST GUST SPEED    31   HIGHEST GUST DIRECTION    NW (330)
  AVERAGE WIND SPEED    13.5


SKY COVER
  POSSIBLE SUNSHINE  MM
  AVERAGE SKY COVER 0.9


WEATHER CONDITIONS
 THE FOLLOWING WEATHER WAS RECORDED YESTERDAY.
  LIGHT RAIN
  FOG


RELATIVE HUMIDITY (PERCENT)
 HIGHEST    89           600 AM
 LOWEST     76           500 PM
 AVERAGE    83

..........................................................


THE AURORA MUNICIPAL AIRPORT CLIMATE NORMALS FOR TODAY
                         NORMAL    RECORD    YEAR
 MAXIMUM TEMPERATURE (F)   61        80      2005
 MINIMUM TEMPERATURE (F)   38        28      2018
                                             1999


SUNRISE AND SUNSET
APRIL 19 2019.........SUNRISE   608 AM CDT   SUNSET   739 PM CDT
APRIL 20 2019.........SUNRISE   606 AM CDT   SUNSET   740 PM CDT


-  INDICATES NEGATIVE NUMBERS.
R  INDICATES RECORD WAS SET OR TIED.
MM INDICATES DATA IS MISSING.
T  INDICATES TRACE AMOUNT.




$$
