000
CDUS41 KBUF 172021
CLIART


CLIMATE REPORT
NATIONAL WEATHER SERVICE BUFFALO NY
421 PM EDT MON JUN 17 2019


...................................

...THE WATERTOWN NY CLIMATE SUMMARY FOR JUNE 17 2019...
VALID TODAY AS OF 0400 PM LOCAL TIME.

CLIMATE NORMAL PERIOD 1981 TO 2010
CLIMATE RECORD PERIOD 1949 TO 2019


WEATHER ITEM   OBSERVED TIME   RECORD YEAR NORMAL DEPARTURE LAST
                VALUE   (LST)  VALUE       VALUE  FROM      YEAR
                                                  NORMAL
..................................................................
TEMPERATURE (F)
 TODAY
  MAXIMUM         75    251 PM  89    1994  75      0       85
  MINIMUM         44    449 AM  39    1968  53     -9       49
  AVERAGE         60                        64     -4       67

PRECIPITATION (IN)
  TODAY            0.00          0.98 1970   0.09  -0.09     0.00
  MONTH TO DATE    2.88                      1.69   1.19     2.03
  SINCE JUN 1      2.88                      1.69   1.19     2.03
  SINCE JAN 1     20.19                     14.84   5.35    12.53

DEGREE DAYS
 HEATING
  TODAY            5                         3      2        0
  MONTH TO DATE   96                        79     17       73
  SINCE JUN 1     96                        79     17       73
  SINCE JUL 1   7766                      7555    211     7411

 COOLING
  TODAY            0                         2     -2        2
  MONTH TO DATE    3                        23    -20       13
  SINCE JUN 1      3                        23    -20       13
  SINCE JAN 1      3                        34    -31       52
..................................................................


WIND (MPH)
  HIGHEST WIND SPEED    12   HIGHEST WIND DIRECTION     W (290)
  HIGHEST GUST SPEED    14   HIGHEST GUST DIRECTION    NW (300)
  AVERAGE WIND SPEED     2.8


SKY COVER
  AVERAGE SKY COVER 0.1


WEATHER CONDITIONS
 THE FOLLOWING WEATHER WAS RECORDED TODAY.
  FOG


RELATIVE HUMIDITY (PERCENT)
 HIGHEST   100          1200 AM
 LOWEST     49          1200 PM
 AVERAGE    75

..........................................................


THE WATERTOWN NY CLIMATE NORMALS FOR TOMORROW
                         NORMAL    RECORD    YEAR
 MAXIMUM TEMPERATURE (F)   75        91      1957
 MINIMUM TEMPERATURE (F)   53        42      1972


SUNRISE AND SUNSET
JUNE 17 2019..........SUNRISE   521 AM EDT   SUNSET   849 PM EDT
JUNE 18 2019..........SUNRISE   521 AM EDT   SUNSET   850 PM EDT


-  INDICATES NEGATIVE NUMBERS.
R  INDICATES RECORD WAS SET OR TIED.
MM INDICATES DATA IS MISSING.
T  INDICATES TRACE AMOUNT.

$$
