000
CDUS41 KBUF 222031
CLIART


CLIMATE REPORT
NATIONAL WEATHER SERVICE BUFFALO NY
430 PM EDT MON APR 22 2019


...................................

...THE WATERTOWN NY CLIMATE SUMMARY FOR APRIL 22 2019...
VALID TODAY AS OF 0400 PM LOCAL TIME.

CLIMATE NORMAL PERIOD 1981 TO 2010
CLIMATE RECORD PERIOD 1949 TO 2019


WEATHER ITEM   OBSERVED TIME   RECORD YEAR NORMAL DEPARTURE LAST
                VALUE   (LST)  VALUE       VALUE  FROM      YEAR
                                                  NORMAL
..................................................................
TEMPERATURE (F)
 TODAY
  MAXIMUM         62    201 PM  79    1973  58      4       56
  MINIMUM         46    622 AM  22    2013  36     10       23
  AVERAGE         54                        47      7       40

PRECIPITATION (IN)
  TODAY            0.00          1.24 2006   0.10  -0.10     0.00
  MONTH TO DATE    2.36                      2.13   0.23     2.54
  SINCE MAR 1      4.44                      4.43   0.01     4.14
  SINCE JAN 1     11.30                      9.31   1.99     8.16

DEGREE DAYS
 HEATING
  TODAY           11                        18     -7       25
  MONTH TO DATE  488                       501    -13      676
  SINCE MAR 1   1628                      1567     61     1766
  SINCE JUL 1   7126                      7008    118     6976

 COOLING
  TODAY            0                         0      0        0
  MONTH TO DATE    0                         0      0        0
  SINCE MAR 1      0                         0      0        0
  SINCE JAN 1      0                         0      0        0
..................................................................


WIND (MPH)
  HIGHEST WIND SPEED    13   HIGHEST WIND DIRECTION     W (270)
  HIGHEST GUST SPEED    18   HIGHEST GUST DIRECTION    NW (310)
  AVERAGE WIND SPEED     2.6


SKY COVER
  AVERAGE SKY COVER 0.9


WEATHER CONDITIONS
 THE FOLLOWING WEATHER WAS RECORDED TODAY.
  FOG


RELATIVE HUMIDITY (PERCENT)
 HIGHEST    93          1200 AM
 LOWEST     64           200 PM
 AVERAGE    79

..........................................................


THE WATERTOWN NY CLIMATE NORMALS FOR TOMORROW
                         NORMAL    RECORD    YEAR
 MAXIMUM TEMPERATURE (F)   58        84      2001
 MINIMUM TEMPERATURE (F)   36        21      2018


SUNRISE AND SUNSET
APRIL 22 2019.........SUNRISE   610 AM EDT   SUNSET   756 PM EDT
APRIL 23 2019.........SUNRISE   608 AM EDT   SUNSET   757 PM EDT


-  INDICATES NEGATIVE NUMBERS.
R  INDICATES RECORD WAS SET OR TIED.
MM INDICATES DATA IS MISSING.
T  INDICATES TRACE AMOUNT.




$$
