003
CDAK47 PAJK 191236
CLIASI
CLIMATE REPORT
NATIONAL WEATHER SERVICE JUNEAU, AK
426 AM AKDT FRI APR 19 2019


...................................

...THE SITKA CLIMATE SUMMARY FOR APRIL 18 2019...

CLIMATE NORMAL PERIOD 1981 TO 2010
CLIMATE RECORD PERIOD 1944 TO 2019


WEATHER ITEM   OBSERVED RECORD YEAR NORMAL DEPARTURE LAST
                VALUE   VALUE       VALUE  FROM      YEAR
                                           NORMAL
...........................................................
TEMPERATURE (F)
 YESTERDAY
  MAXIMUM         46     60    1978  48     -2       46
  MINIMUM         39     29    2008  37      2       41
  AVERAGE         43                 42      1       44

PRECIPITATION (IN)
  YESTERDAY        1.13   2.14 1972   0.13   1.00     0.95
  MONTH TO DATE    3.30               2.85   0.45     1.05
  SINCE JAN 1     17.45              23.87  -6.42    14.41

DEGREE DAYS
 HEATING
  YESTERDAY       22                 23     -1       21
  MONTH TO DATE  372                431    -59      379
...........................................................


WIND (MPH)
  HIGHEST WIND SPEED    35   HIGHEST WIND DIRECTION     S (180)
  HIGHEST GUST SPEED    49   HIGHEST GUST DIRECTION     S (180)
  AVERAGE WIND SPEED    15.8


SKY COVER
  AVERAGE SKY COVER 1.0


WEATHER CONDITIONS
 THE FOLLOWING WEATHER WAS RECORDED YESTERDAY.
  HEAVY RAIN
  RAIN
  LIGHT RAIN
  SLEET
  FOG
  HAZE


..........................................................


THE SITKA CLIMATE NORMALS FOR TODAY
                         NORMAL    RECORD    YEAR
 MAXIMUM TEMPERATURE (F)   49        59      1967
 MINIMUM TEMPERATURE (F)   37        25      1948


SUNRISE AND SUNSET
APRIL 19 2019.........SUNRISE   543 AM AKDT  SUNSET   820 PM AKDT
APRIL 20 2019.........SUNRISE   540 AM AKDT  SUNSET   822 PM AKDT


-  INDICATES NEGATIVE NUMBERS.
R  INDICATES RECORD WAS SET OR TIED.
MM INDICATES DATA IS MISSING.
T  INDICATES TRACE AMOUNT.




$$
--------------------------------------------------------------

AMOUNT OF DAYLIGHT TODAY (HOUR:MIN)......... 14 HOURS 37 MINUTES
GAIN/LOSS SINCE YESTERDAY (HOUR:MIN:SEC).... +0:04:43

$$
