000
CDUS46 KPQR 200222
CLIAST


CLIMATE REPORT
NATIONAL WEATHER SERVICE PORTLAND OREGON
722 PM PDT FRI APR 19 2019


...................................

...THE ASTORIA OR CLIMATE SUMMARY FOR APRIL 19 2019...
VALID TODAY AS OF 0700 PM LOCAL TIME.

CLIMATE NORMAL PERIOD 1981 TO 2010
CLIMATE RECORD PERIOD 1892 TO 2019


WEATHER ITEM   OBSERVED TIME   RECORD YEAR NORMAL DEPARTURE LAST
                VALUE   (LST)  VALUE       VALUE  FROM      YEAR
                                                  NORMAL
..................................................................
TEMPERATURE (F)
 TODAY
  MAXIMUM         56    331 PM  74    1956  57     -1       59
                                      1934
  MINIMUM         52    559 PM  30    1967  41     11       35
                                      1966
  AVERAGE         54                        49      5       47

PRECIPITATION (IN)
  TODAY            0.17          2.24 1965   0.17   0.00     0.00
  MONTH TO DATE    5.07                      3.55   1.52     8.73
  SINCE OCT 1     45.85                     55.41  -9.56    62.77
  SINCE JAN 1     20.12                     28.39  -8.27    31.98

DEGREE DAYS
 HEATING
  TODAY           11                        16     -5       18
  MONTH TO DATE  272                       320    -48      311
  SINCE MAR 1    883                       898    -15      931
  SINCE JUL 1   4070                      4240   -170     4089

 COOLING
  TODAY            0                         0      0        0
  MONTH TO DATE    0                         0      0        0
  SINCE MAR 1      0                         0      0        0
  SINCE JAN 1      0                         0      0        0
..................................................................


WIND (MPH)
  HIGHEST WIND SPEED    12   HIGHEST WIND DIRECTION    NW (310)
  HIGHEST GUST SPEED    14   HIGHEST GUST DIRECTION     W (290)
  AVERAGE WIND SPEED     5.0


SKY COVER
  POSSIBLE SUNSHINE  MM
  AVERAGE SKY COVER 1.0


WEATHER CONDITIONS
 THE FOLLOWING WEATHER WAS RECORDED TODAY.
  RAIN
  LIGHT RAIN
  FOG


RELATIVE HUMIDITY (PERCENT)
 HIGHEST   100           400 AM
 LOWEST     83          1200 PM
 AVERAGE    92

..........................................................


THE ASTORIA OR CLIMATE NORMALS FOR TOMORROW
                         NORMAL    RECORD    YEAR
 MAXIMUM TEMPERATURE (F)   57        83      1956
 MINIMUM TEMPERATURE (F)   41        32      2007


SUNRISE AND SUNSET
APRIL 19 2019.........SUNRISE   622 AM PDT   SUNSET   808 PM PDT
APRIL 20 2019.........SUNRISE   620 AM PDT   SUNSET   809 PM PDT


-  INDICATES NEGATIVE NUMBERS.
R  INDICATES RECORD WAS SET OR TIED.
MM INDICATES DATA IS MISSING.
T  INDICATES TRACE AMOUNT.




$$
