000
CDUS46 KPQR 160228
CLIAST


CLIMATE REPORT
NATIONAL WEATHER SERVICE PORTLAND OREGON
728 PM PDT SAT JUN 15 2019


...................................

...THE ASTORIA OR CLIMATE SUMMARY FOR JUNE 15 2019...
VALID TODAY AS OF 0700 PM LOCAL TIME.

CLIMATE NORMAL PERIOD 1981 TO 2010
CLIMATE RECORD PERIOD 1892 TO 2019


WEATHER ITEM   OBSERVED TIME   RECORD YEAR NORMAL DEPARTURE LAST
                VALUE   (LST)  VALUE       VALUE  FROM      YEAR
                                                  NORMAL
..................................................................
TEMPERATURE (F)
 TODAY
  MAXIMUM         63    232 PM  81    1961  64     -1       65
  MINIMUM         54    709 AM  41    1959  50      4       50
  AVERAGE         59                        57      2       58

PRECIPITATION (IN)
  TODAY            0.00          1.26 2017   0.09  -0.09     0.01
  MONTH TO DATE    0.42                      1.49  -1.07     2.31
  SINCE OCT 1     48.16                     61.87 -13.71    66.26
  SINCE JAN 1     22.43                     34.85 -12.42    35.47

DEGREE DAYS
 HEATING
  TODAY            6                         8     -2        7
  MONTH TO DATE  108                       135    -27      137
  SINCE JUN 1    108                       135    -27      137
  SINCE JUL 1   4628                      4916   -288     4646

 COOLING
  TODAY            0                         0      0        0
  MONTH TO DATE    7                         0      7        0
  SINCE JUN 1      7                         0      7        0
  SINCE JAN 1      8                         0      8        1
..................................................................


WIND (MPH)
  HIGHEST WIND SPEED    21   HIGHEST WIND DIRECTION    NW (300)
  HIGHEST GUST SPEED    25   HIGHEST GUST DIRECTION    NW (300)
  AVERAGE WIND SPEED    10.4


SKY COVER
  POSSIBLE SUNSHINE  MM
  AVERAGE SKY COVER 0.9


WEATHER CONDITIONS
 THE FOLLOWING WEATHER WAS RECORDED TODAY.
  NO SIGNIFICANT WEATHER WAS OBSERVED.


RELATIVE HUMIDITY (PERCENT)
 HIGHEST    86           900 AM
 LOWEST     67           200 PM
 AVERAGE    77

..........................................................


THE ASTORIA OR CLIMATE NORMALS FOR TOMORROW
                         NORMAL    RECORD    YEAR
 MAXIMUM TEMPERATURE (F)   64        80      2004
 MINIMUM TEMPERATURE (F)   50        40      1955


SUNRISE AND SUNSET
JUNE 15 2019..........SUNRISE   524 AM PDT   SUNSET   909 PM PDT
JUNE 16 2019..........SUNRISE   524 AM PDT   SUNSET   909 PM PDT


-  INDICATES NEGATIVE NUMBERS.
R  INDICATES RECORD WAS SET OR TIED.
MM INDICATES DATA IS MISSING.
T  INDICATES TRACE AMOUNT.




$$
