471
CDUS42 KFFC 200821
CLIATL


CLIMATE REPORT
NATIONAL WEATHER SERVICE PEACHTREE CITY GA
421 AM EDT SAT APR 20 2019


...................................

...THE ATLANTA CLIMATE SUMMARY FOR APRIL 19 2019...

CLIMATE NORMAL PERIOD 1981 TO 2010
CLIMATE RECORD PERIOD 1878 TO 2019


WEATHER ITEM   OBSERVED TIME   RECORD YEAR NORMAL DEPARTURE LAST
                VALUE   (LST)  VALUE       VALUE  FROM      YEAR
                                                  NORMAL
..................................................................
TEMPERATURE (F)
 YESTERDAY
  MAXIMUM         71    123 PM  88    1941  73     -2       68
  MINIMUM         46   1159 PM  30    1983  52     -6       50
  AVERAGE         59                        63     -4       59

PRECIPITATION (IN)
  YESTERDAY        3.37R         1.45 1940   0.11   3.26     0.00
  MONTH TO DATE    6.15                      2.14   4.01     1.49
  SINCE MAR 1      8.32                      6.95   1.37     6.35
  SINCE JAN 1     18.69                     15.82   2.87    15.72

DEGREE DAYS
 HEATING
  YESTERDAY        6                         4      2        6
  MONTH TO DATE   54                       109    -55      126
  SINCE MAR 1    348                       451   -103      478
  SINCE JUL 1   2270                      2706   -436     2422

 COOLING
  YESTERDAY        0                         2     -2        0
  MONTH TO DATE   54                        26     28       19
  SINCE MAR 1     57                        38     19       23
  SINCE JAN 1     63                        39     24       50
..................................................................


WIND (MPH)
  RESULTANT WIND SPEED   9   RESULTANT WIND DIRECTION  SW (240)
  HIGHEST WIND SPEED    26   HIGHEST WIND DIRECTION     W (270)
  HIGHEST GUST SPEED    40   HIGHEST GUST DIRECTION     W (270)
  AVERAGE WIND SPEED    13.0


SKY COVER
  AVERAGE SKY COVER 0.8


WEATHER CONDITIONS
 THE FOLLOWING WEATHER WAS RECORDED YESTERDAY.
  THUNDERSTORM
  HEAVY RAIN
  RAIN
  LIGHT RAIN
  FOG


RELATIVE HUMIDITY (PERCENT)
 HIGHEST    93           500 AM
 LOWEST     66           100 PM
 AVERAGE    80

..........................................................


THE ATLANTA CLIMATE NORMALS FOR TODAY
                         NORMAL    RECORD    YEAR
 MAXIMUM TEMPERATURE (F)   74        88      1994
                                             1925
 MINIMUM TEMPERATURE (F)   53        30      1983


SUNRISE AND SUNSET
APRIL 20 2019.........SUNRISE   701 AM EDT   SUNSET   812 PM EDT
APRIL 21 2019.........SUNRISE   700 AM EDT   SUNSET   813 PM EDT


-  INDICATES NEGATIVE NUMBERS.
R  INDICATES RECORD WAS SET OR TIED.
MM INDICATES DATA IS MISSING.
T  INDICATES TRACE AMOUNT.




$$
