000
CDUS42 KFFC 160820
CLIATL


CLIMATE REPORT
NATIONAL WEATHER SERVICE PEACHTREE CITY GA
419 AM EDT SUN JUN 16 2019


...................................

...THE ATLANTA CLIMATE SUMMARY FOR JUNE 15 2019...

CLIMATE NORMAL PERIOD 1981 TO 2010
CLIMATE RECORD PERIOD 1878 TO 2019


WEATHER ITEM   OBSERVED TIME   RECORD YEAR NORMAL DEPARTURE LAST
                VALUE   (LST)  VALUE       VALUE  FROM      YEAR
                                                  NORMAL
..................................................................
TEMPERATURE (F)
 YESTERDAY
  MAXIMUM         85    528 PM  96    1952  87     -2       91
                                      1943
  MINIMUM         63    605 AM  50    1917  68     -5       72
  AVERAGE         74                        77     -3       82

PRECIPITATION (IN)
  YESTERDAY        0.00          2.00 1958   0.13  -0.13     0.38
  MONTH TO DATE    4.87                      1.75   3.12     2.14
  SINCE JUN 1      4.87                      1.75   3.12     2.14
  SINCE JAN 1     26.03                     22.46   3.57    27.35

DEGREE DAYS
 HEATING
  YESTERDAY        0                         0      0        0
  MONTH TO DATE    0                         0      0        0
  SINCE JUN 1      0                         0      0        0
  SINCE JUL 1   2298                      2766   -468     2467

 COOLING
  YESTERDAY        9                        12     -3       17
  MONTH TO DATE  162                       164     -2      209
  SINCE JUN 1    162                       164     -2      209
  SINCE JAN 1    633                       414    219      570
..................................................................


WIND (MPH)
  RESULTANT WIND SPEED   6   RESULTANT WIND DIRECTION   S (180)
  HIGHEST WIND SPEED    14   HIGHEST WIND DIRECTION     S (190)
  HIGHEST GUST SPEED    19   HIGHEST GUST DIRECTION     S (180)
  AVERAGE WIND SPEED     6.4


SKY COVER
  AVERAGE SKY COVER 0.5


WEATHER CONDITIONS
 THE FOLLOWING WEATHER WAS RECORDED YESTERDAY.
  NO SIGNIFICANT WEATHER WAS OBSERVED.


RELATIVE HUMIDITY (PERCENT)
 HIGHEST    78           500 AM
 LOWEST     44           500 PM
 AVERAGE    61

..........................................................


THE ATLANTA CLIMATE NORMALS FOR TODAY
                         NORMAL    RECORD    YEAR
 MAXIMUM TEMPERATURE (F)   87        98      1936
 MINIMUM TEMPERATURE (F)   69        47      1917


SUNRISE AND SUNSET
JUNE 16 2019..........SUNRISE   627 AM EDT   SUNSET   850 PM EDT
JUNE 17 2019..........SUNRISE   627 AM EDT   SUNSET   850 PM EDT


-  INDICATES NEGATIVE NUMBERS.
R  INDICATES RECORD WAS SET OR TIED.
MM INDICATES DATA IS MISSING.
T  INDICATES TRACE AMOUNT.




$$
