000
CDUS44 KEWX 192252
CLIATT


CLIMATE REPORT
NATIONAL WEATHER SERVICE AUSTIN/SAN ANTONIO, TX
551 PM CDT FRI APR 19 2019


...................................

...THE AUSTIN CAMP MABRY CLIMATE SUMMARY FOR APRIL 19 2019...
VALID TODAY AS OF 550 PM LOCAL TIME.

CLIMATE NORMAL PERIOD 1981 TO 2010
CLIMATE RECORD PERIOD 1897 TO 2019


WEATHER ITEM   OBSERVED TIME   RECORD YEAR NORMAL DEPARTURE LAST
                VALUE   (LST)  VALUE       VALUE  FROM      YEAR
                                                  NORMAL
..................................................................
TEMPERATURE (F)
 TODAY
  MAXIMUM         77    300 PM  98    1951  81     -4       78
  MINIMUM         57    631 AM  35    1901  60     -3       59
  AVERAGE         67                        70     -3       69

PRECIPITATION (IN)
  TODAY            0.00          2.53 1949   0.07  -0.07     0.00
  MONTH TO DATE    5.78                      1.20   4.58     0.15
  SINCE MAR 1      6.19                      3.96   2.23     3.89
  SINCE JAN 1     10.17                      8.20   1.97     5.88

SNOWFALL (IN)
  TODAY            0.0
  MONTH TO DATE    0.0
  SINCE MAR 1      0.0
  SINCE JUL 1      T
  SNOW DEPTH       0

DEGREE DAYS
 HEATING
  TODAY            0                         1     -1        0
  MONTH TO DATE   34                        33      1       38
  SINCE MAR 1    236                       195     41       94
  SINCE JUL 1   1606                      1532     74     1362

 COOLING
  TODAY            2                         6     -4        4
  MONTH TO DATE   93                        88      5       76
  SINCE MAR 1    159                       149     10      202
  SINCE JAN 1    196                       176     20      244
..................................................................


WIND (MPH)
  HIGHEST WIND SPEED    17   HIGHEST WIND DIRECTION     N (360)
  HIGHEST GUST SPEED    29   HIGHEST GUST DIRECTION    NW (330)
  AVERAGE WIND SPEED     7.7


SKY COVER
  AVERAGE SKY COVER 0.3


WEATHER CONDITIONS
 THE FOLLOWING WEATHER WAS RECORDED TODAY.
  NO SIGNIFICANT WEATHER WAS OBSERVED.


RELATIVE HUMIDITY (PERCENT)
 HIGHEST    67          1200 AM
 LOWEST     18           400 PM
 AVERAGE    43

..........................................................


THE AUSTIN CAMP MABRY CLIMATE NORMALS FOR TOMORROW
                         NORMAL    RECORD    YEAR
 MAXIMUM TEMPERATURE (F)   81        97      1925
 MINIMUM TEMPERATURE (F)   60        39      1924


SUNRISE AND SUNSET
APRIL 19 2019.........SUNRISE   700 AM CDT   SUNSET   801 PM CDT
APRIL 20 2019.........SUNRISE   658 AM CDT   SUNSET   801 PM CDT


-  INDICATES NEGATIVE NUMBERS.
R  INDICATES RECORD WAS SET OR TIED.
MM INDICATES DATA IS MISSING.
T  INDICATES TRACE AMOUNT.




$$
