000
CDUS43 KABR 210634
CLIATY


CLIMATE REPORT
NATIONAL WEATHER SERVICE ABERDEEN SD
132 AM CDT SAT APR 21 2018


...................................

...THE WATERTOWN SD CLIMATE SUMMARY FOR APRIL 20 2018...

CLIMATE NORMAL PERIOD 1981 TO 2010
CLIMATE RECORD PERIOD 1898 TO 2018


WEATHER ITEM   OBSERVED TIME   RECORD YEAR NORMAL DEPARTURE LAST
                VALUE   (LST)  VALUE       VALUE  FROM      YEAR
                                                  NORMAL
..................................................................
TEMPERATURE (F)
 YESTERDAY
  MAXIMUM         50    345 PM  90    1980  58     -8       50
  MINIMUM         29    523 AM   9    2013  34     -5       36
  AVERAGE         40                        46     -6       43

PRECIPITATION (IN)
  YESTERDAY        0.00          1.24 2004   0.07  -0.07     0.00
  MONTH TO DATE    0.82                      1.22  -0.40     1.70
  SINCE MAR 1      2.23                      2.33  -0.10     2.03
  SINCE JAN 1      3.08                      3.41  -0.33     2.81

SNOWFALL (IN)
  YESTERDAY        0.0
  MONTH TO DATE   17.5
  SINCE OCT 1     53.1
  SINCE JUL 1     53.1
  SNOW DEPTH       0

DEGREE DAYS
 HEATING
  YESTERDAY       25                        19      6       22
  MONTH TO DATE  759                       470    289      390
  SINCE MAR 1   1913                      1574    339     1467
  SINCE JUL 1   8280                      7985    295     7068

 COOLING
  YESTERDAY        0                         0      0        0
  MONTH TO DATE    0                         0      0        0
  SINCE MAR 1      0                         0      0        0
  SINCE JAN 1      0                         0      0        0
..................................................................


WIND (MPH)
  HIGHEST WIND SPEED    14   HIGHEST WIND DIRECTION    SE (150)
  HIGHEST GUST SPEED    17   HIGHEST GUST DIRECTION     S (160)
  AVERAGE WIND SPEED     8.4


SKY COVER
  POSSIBLE SUNSHINE  MM
  AVERAGE SKY COVER 0.0


WEATHER CONDITIONS
 THE FOLLOWING WEATHER WAS RECORDED YESTERDAY.
  NO SIGNIFICANT WEATHER WAS OBSERVED.


RELATIVE HUMIDITY (PERCENT)
 HIGHEST    92          1200 AM
 LOWEST     61           200 PM
 AVERAGE    77

..........................................................


THE WATERTOWN SD CLIMATE NORMALS FOR TODAY
                         NORMAL    RECORD    YEAR
 MAXIMUM TEMPERATURE (F)   59        95      1980
 MINIMUM TEMPERATURE (F)   34        10      1927


SUNRISE AND SUNSET
APRIL 21 2018.........SUNRISE   634 AM CDT   SUNSET   822 PM CDT
APRIL 22 2018.........SUNRISE   632 AM CDT   SUNSET   823 PM CDT


-  INDICATES NEGATIVE NUMBERS.
R  INDICATES RECORD WAS SET OR TIED.
MM INDICATES DATA IS MISSING.
T  INDICATES TRACE AMOUNT.




$$
