000
CDUS43 KABR 180715
CLIATY


CLIMATE REPORT
NATIONAL WEATHER SERVICE ABERDEEN SD
215 AM CDT THU APR 18 2019


...................................

...THE WATERTOWN SD CLIMATE SUMMARY FOR APRIL 17 2019...

CLIMATE NORMAL PERIOD 1981 TO 2010
CLIMATE RECORD PERIOD 1898 TO 2019


WEATHER ITEM   OBSERVED TIME   RECORD YEAR NORMAL DEPARTURE LAST
                VALUE   (LST)  VALUE       VALUE  FROM      YEAR
                                                  NORMAL
..................................................................
TEMPERATURE (F)
 YESTERDAY
  MAXIMUM         47    222 AM  83    1987  57    -10
  MINIMUM         39   1159 PM  12    2014  33      6
                                      1953
  AVERAGE         43                        45     -2

PRECIPITATION (IN)
  YESTERDAY        0.45          1.04 1975   0.07   0.38
  MONTH TO DATE    3.32                      1.01   2.31
  SINCE MAR 1      5.98                      2.12   3.86
  SINCE JAN 1      7.92                      3.20   4.72

SNOWFALL (IN)
  YESTERDAY        0.0           1.0  1978   0.1   -0.1      0.0
  MONTH TO DATE   25.0                       2.1   22.9     17.5
  SINCE OCT 1     81.9                      34.7   47.2     53.1
  SINCE JUL 1     81.9                      34.7   47.2     53.1
  SNOW DEPTH       7

DEGREE DAYS
 HEATING
  YESTERDAY       22                                2
  MONTH TO DATE  463                               51
  SINCE MAR 1   1769                              253
  SINCE JUL 1   8727                              800

 COOLING
  YESTERDAY        0                                0
  MONTH TO DATE    0                                0
  SINCE MAR 1      0                                0
  SINCE JAN 1      0                                0
..................................................................


WIND (MPH)
  HIGHEST WIND SPEED    25   HIGHEST WIND DIRECTION    NE (40)
  HIGHEST GUST SPEED    36   HIGHEST GUST DIRECTION    NE (40)
  AVERAGE WIND SPEED    12.4


SKY COVER
  AVERAGE SKY COVER 0.9


WEATHER CONDITIONS
 THE FOLLOWING WEATHER WAS RECORDED YESTERDAY.
  THUNDERSTORM
  HEAVY RAIN
  RAIN
  LIGHT RAIN
  FOG


RELATIVE HUMIDITY (PERCENT)
 HIGHEST   100
 LOWEST     58
 AVERAGE    79

..........................................................


THE WATERTOWN SD CLIMATE NORMALS FOR TODAY
                         NORMAL    RECORD    YEAR
 MAXIMUM TEMPERATURE (F)   57        90      1985
 MINIMUM TEMPERATURE (F)   33        14      1988


SUNRISE AND SUNSET
APRIL 18 2019.........SUNRISE   639 AM CDT   SUNSET   818 PM CDT
APRIL 19 2019.........SUNRISE   638 AM CDT   SUNSET   819 PM CDT


-  INDICATES NEGATIVE NUMBERS.
R  INDICATES RECORD WAS SET OR TIED.
MM INDICATES DATA IS MISSING.
T  INDICATES TRACE AMOUNT.




$$
