000
CDUS43 KABR 240729
CLIATY


CLIMATE REPORT
NATIONAL WEATHER SERVICE ABERDEEN SD
228 AM CDT MON JUN 24 2019


...................................

...THE WATERTOWN SD CLIMATE SUMMARY FOR JUNE 23 2019...

CLIMATE NORMAL PERIOD 1981 TO 2010
CLIMATE RECORD PERIOD 1898 TO 2019


WEATHER ITEM   OBSERVED TIME   RECORD YEAR NORMAL DEPARTURE LAST
                VALUE   (LST)  VALUE       VALUE  FROM      YEAR
                                                  NORMAL
..................................................................
TEMPERATURE (F)
 YESTERDAY
  MAXIMUM         74   1127 AM 100    1937  79     -5
  MINIMUM         57    624 AM  39    1926  57      0
  AVERAGE         66                        68     -2

PRECIPITATION (IN)
  YESTERDAY        0.08          2.40 1925   0.12  -0.04
  MONTH TO DATE    1.71                      2.79  -1.08
  SINCE JUN 1      1.71                      2.79  -1.08
  SINCE JAN 1     14.29                      9.64   4.65

SNOWFALL (IN)
  YESTERDAY        0.0           0.0  2002   0.0    0.0      0.0
                                      2001
  MONTH TO DATE    0.0                       0.0    0.0      0.0
  SINCE OCT 1     81.9                      35.9   46.0     53.1
  SINCE JUL 1     81.9                      35.9   46.0     53.1
  SNOW DEPTH       0

DEGREE DAYS
 HEATING
  YESTERDAY        0                               -1
  MONTH TO DATE   52                              -18
  SINCE JUN 1     52                              -18
  SINCE JUL 1   9400                              883

 COOLING
  YESTERDAY        1                               -3
  MONTH TO DATE   54                               -5
  SINCE JUN 1     54                               -5
  SINCE JAN 1     61                              -20
..................................................................


WIND (MPH)
  HIGHEST WIND SPEED    16   HIGHEST WIND DIRECTION    NW (320)
  HIGHEST GUST SPEED    21   HIGHEST GUST DIRECTION    NW (320)
  AVERAGE WIND SPEED     5.0


SKY COVER
  AVERAGE SKY COVER 0.9


WEATHER CONDITIONS
 THE FOLLOWING WEATHER WAS RECORDED YESTERDAY.
  RAIN
  LIGHT RAIN
  FOG
  FOG W/VISIBILITY <= 1/4 MILE


RELATIVE HUMIDITY (PERCENT)
 HIGHEST   100
 LOWEST     57
 AVERAGE    79

..........................................................


THE WATERTOWN SD CLIMATE NORMALS FOR TODAY
                         NORMAL    RECORD    YEAR
 MAXIMUM TEMPERATURE (F)   80       105      1988
 MINIMUM TEMPERATURE (F)   57        40      1958


SUNRISE AND SUNSET
JUNE 24 2019..........SUNRISE   543 AM CDT   SUNSET   919 PM CDT
JUNE 25 2019..........SUNRISE   543 AM CDT   SUNSET   919 PM CDT


-  INDICATES NEGATIVE NUMBERS.
R  INDICATES RECORD WAS SET OR TIED.
MM INDICATES DATA IS MISSING.
T  INDICATES TRACE AMOUNT.




$$
