752
CDUS41 KGYX 210808
CLIAUG


CLIMATE REPORT
NATIONAL WEATHER SERVICE GRAY ME
408 AM EDT SUN APR 21 2019


...................................

...THE AUGUSTA CLIMATE SUMMARY FOR APRIL 20 2019...

CLIMATE NORMAL PERIOD 1981 TO 2010
CLIMATE RECORD PERIOD 1948 TO 2019


WEATHER ITEM   OBSERVED TIME   RECORD YEAR NORMAL DEPARTURE LAST
                VALUE   (LST)  VALUE       VALUE  FROM      YEAR
                                                  NORMAL
..................................................................
TEMPERATURE (F)
 YESTERDAY
  MAXIMUM         61   1113 AM  79    2005  55      6       50
  MINIMUM         54   1017 PM  25    1969  36     18       34
  AVERAGE         58                        46     12       42

PRECIPITATION (IN)
  YESTERDAY        0.43          1.04 1978   0.12   0.31     0.01
  MONTH TO DATE    1.94                      2.52  -0.58     2.31
  SINCE MAR 1      4.00                      5.89  -1.89     4.86
  SINCE JAN 1     10.75                     10.93  -0.18    11.85

DEGREE DAYS
 HEATING
  YESTERDAY        7                        19    -12       23
  MONTH TO DATE  460                       464     -4      558
  SINCE MAR 1   1535                      1490     45     1556
  SINCE JUL 1   7059                      6833    226     6542

 COOLING
  YESTERDAY        0                         0      0        0
  MONTH TO DATE    0                         0      0        0
  SINCE MAR 1      0                         0      0        0
  SINCE JAN 1      0                         0      0        0
..................................................................


WIND (MPH)
  HIGHEST WIND SPEED    16   HIGHEST WIND DIRECTION     S (180)
  HIGHEST GUST SPEED    28   HIGHEST GUST DIRECTION     S (170)
  AVERAGE WIND SPEED     9.1


SKY COVER
  AVERAGE SKY COVER 1.0


WEATHER CONDITIONS
 THE FOLLOWING WEATHER WAS RECORDED YESTERDAY.
  HEAVY RAIN
  RAIN
  LIGHT RAIN
  FOG
  FOG W/VISIBILITY <= 1/4 MILE


RELATIVE HUMIDITY (PERCENT)
 HIGHEST   100           100 AM
 LOWEST     93           300 AM
 AVERAGE    97

..........................................................


THE AUGUSTA CLIMATE NORMALS FOR TODAY
                         NORMAL    RECORD    YEAR
 MAXIMUM TEMPERATURE (F)   56        83      1957
 MINIMUM TEMPERATURE (F)   37        28      1981


SUNRISE AND SUNSET
APRIL 21 2019.........SUNRISE   546 AM EDT   SUNSET   731 PM EDT
APRIL 22 2019.........SUNRISE   544 AM EDT   SUNSET   732 PM EDT


-  INDICATES NEGATIVE NUMBERS.
R  INDICATES RECORD WAS SET OR TIED.
MM INDICATES DATA IS MISSING.
T  INDICATES TRACE AMOUNT.




$$
