000
CDUS41 KGYX 152052
CLIAUG


CLIMATE REPORT
NATIONAL WEATHER SERVICE GRAY ME
452 PM EDT SAT JUN 15 2019


...................................

...THE AUGUSTA CLIMATE SUMMARY FOR JUNE 15 2019...
VALID TODAY AS OF 0400 PM LOCAL TIME.

CLIMATE NORMAL PERIOD 1981 TO 2010
CLIMATE RECORD PERIOD 1948 TO 2019


WEATHER ITEM   OBSERVED TIME   RECORD YEAR NORMAL DEPARTURE LAST
                VALUE   (LST)  VALUE       VALUE  FROM      YEAR
                                                  NORMAL
..................................................................
TEMPERATURE (F)
 TODAY
  MAXIMUM         77    144 PM  97    1988  74      3       76
  MINIMUM         53    427 AM  42    1961  54     -1       50
  AVERAGE         65                        64      1       63

PRECIPITATION (IN)
  TODAY            0.00          2.14 1969   0.13  -0.13     0.00
  MONTH TO DATE    2.71                      1.91   0.80     0.67
  SINCE JUN 1      2.71                      1.91   0.80     0.67
  SINCE JAN 1     19.42                     17.80   1.62    16.07

DEGREE DAYS
 HEATING
  TODAY            0                         3     -3        2
  MONTH TO DATE   63                        66     -3       85
  SINCE JUN 1     63                        66     -3       85
  SINCE JUL 1   7695                      7392    303     6984

 COOLING
  TODAY            0                         2     -2        0
  MONTH TO DATE    4                        21    -17       14
  SINCE JUN 1      4                        21    -17       14
  SINCE JAN 1      4                        30    -26       23
..................................................................


WIND (MPH)
  HIGHEST WIND SPEED    17   HIGHEST WIND DIRECTION     S (170)
  HIGHEST GUST SPEED    26   HIGHEST GUST DIRECTION     S (170)
  AVERAGE WIND SPEED     6.7


SKY COVER
  AVERAGE SKY COVER 0.2


WEATHER CONDITIONS
 THE FOLLOWING WEATHER WAS RECORDED TODAY.
  NO SIGNIFICANT WEATHER WAS OBSERVED.


RELATIVE HUMIDITY (PERCENT)
 HIGHEST    93          1200 AM
 LOWEST     38           100 PM
 AVERAGE    66

..........................................................


THE AUGUSTA CLIMATE NORMALS FOR TOMORROW
                         NORMAL    RECORD    YEAR
 MAXIMUM TEMPERATURE (F)   74        93      1988
 MINIMUM TEMPERATURE (F)   55        42      1954


SUNRISE AND SUNSET
JUNE 15 2019..........SUNRISE   455 AM EDT   SUNSET   825 PM EDT
JUNE 16 2019..........SUNRISE   455 AM EDT   SUNSET   825 PM EDT


-  INDICATES NEGATIVE NUMBERS.
R  INDICATES RECORD WAS SET OR TIED.
MM INDICATES DATA IS MISSING.
T  INDICATES TRACE AMOUNT.




$$
