000
CDUS44 KEWX 162232
CLIAUS


CLIMATE REPORT
NATIONAL WEATHER SERVICE AUSTIN/SAN ANTONIO, TX
531 PM CDT TUE JUL 16 2019


...................................

...THE AUSTIN BERGSTROM CLIMATE SUMMARY FOR JULY 16 2019...
VALID TODAY AS OF 0500 PM LOCAL TIME.

CLIMATE NORMAL PERIOD 1981 TO 2010
CLIMATE RECORD PERIOD 1943 TO 2019


WEATHER ITEM   OBSERVED TIME   RECORD YEAR NORMAL DEPARTURE LAST
                VALUE   (LST)  VALUE       VALUE  FROM      YEAR
                                                  NORMAL
..................................................................
TEMPERATURE (F)
 TODAY
  MAXIMUM         98    356 PM 106    1978  95      3       99
  MINIMUM         77    555 AM  62    1967  72      5       74
  AVERAGE         88                        84      4       87

PRECIPITATION (IN)
  TODAY            0.00          0.93 2003   0.08  -0.08     0.00
  MONTH TO DATE    T                         1.54  -1.54     1.26
  SINCE JUN 1      5.59                      6.17  -0.58     1.88
  SINCE JAN 1     24.77                     19.78   4.99    13.61

SNOWFALL (IN)
  TODAY            0.0
  MONTH TO DATE    0.0
  SINCE JUN 1      T
  SINCE JUL 1      0.0
  SNOW DEPTH       0

DEGREE DAYS
 HEATING
  TODAY            0                         0      0        0
  MONTH TO DATE    0                         0      0        0
  SINCE JUN 1      0                         0      0        0
  SINCE JUL 1      0                         0      0        0

 COOLING
  TODAY           23                        18      5       22
  MONTH TO DATE  330                       288     42      318
  SINCE JUN 1    857                       769     88      939
  SINCE JAN 1   1477                      1276    201     1613
..................................................................


WIND (MPH)
  HIGHEST WIND SPEED    21   HIGHEST WIND DIRECTION     S (180)
  HIGHEST GUST SPEED    28   HIGHEST GUST DIRECTION     S (190)
  AVERAGE WIND SPEED    11.1


SKY COVER
  AVERAGE SKY COVER 0.3


WEATHER CONDITIONS
 THE FOLLOWING WEATHER WAS RECORDED TODAY.
  HAZE


RELATIVE HUMIDITY (PERCENT)
 HIGHEST    94           600 AM
 LOWEST     42           400 PM
 AVERAGE    68

..........................................................


THE AUSTIN BERGSTROM CLIMATE NORMALS FOR TOMORROW
                         NORMAL    RECORD    YEAR
 MAXIMUM TEMPERATURE (F)   95       105      1984
 MINIMUM TEMPERATURE (F)   72        66      2000
                                             1967


SUNRISE AND SUNSET
JULY 16 2019..........SUNRISE   640 AM CDT   SUNSET   833 PM CDT
JULY 17 2019..........SUNRISE   640 AM CDT   SUNSET   833 PM CDT


-  INDICATES NEGATIVE NUMBERS.
R  INDICATES RECORD WAS SET OR TIED.
MM INDICATES DATA IS MISSING.
T  INDICATES TRACE AMOUNT.




$$
