000
CDUS44 KEWX 210701
CLIAUS


CLIMATE REPORT
NATIONAL WEATHER SERVICE AUSTIN/SAN ANTONIO, TX
200 AM CDT SAT APR 21 2018


...................................

...THE AUSTIN BERGSTROM CLIMATE SUMMARY FOR APRIL 20 2018...

CLIMATE NORMAL PERIOD 1981 TO 2010
CLIMATE RECORD PERIOD 1943 TO 2018


WEATHER ITEM   OBSERVED TIME   RECORD YEAR NORMAL DEPARTURE LAST
                VALUE   (LST)  VALUE       VALUE  FROM      YEAR
                                                  NORMAL
..................................................................
TEMPERATURE (F)
 YESTERDAY
  MAXIMUM         69    149 PM  93    1984  81    -12       88
  MINIMUM         48    132 AM  33    2013  56     -8       69
  AVERAGE         59                        68     -9       79

PRECIPITATION (IN)
  YESTERDAY        0.00          0.73 1968   0.08  -0.08      T
  MONTH TO DATE    0.41                      1.34  -0.93     0.99
  SINCE MAR 1      6.62                      4.12   2.50     4.32
  SINCE JAN 1      7.94                      8.63  -0.69    11.63

SNOWFALL (IN)
  YESTERDAY        0.0
  MONTH TO DATE    0.0
  SINCE MAR 1      0.0
  SINCE JUL 1      1.3
  SNOW DEPTH       0

DEGREE DAYS
 HEATING
  YESTERDAY        6                         1      5        0
  MONTH TO DATE   68                        54     14       10
  SINCE MAR 1    175                       276   -101       83
  SINCE JUL 1   1701                      1891   -190      957

 COOLING
  YESTERDAY        0                         5     -5       14
  MONTH TO DATE   58                        74    -16      119
  SINCE MAR 1    166                       116     50      272
  SINCE JAN 1    208                       132     76      381
..................................................................


WIND (MPH)
  HIGHEST WIND SPEED    21   HIGHEST WIND DIRECTION     E (110)
  HIGHEST GUST SPEED    25   HIGHEST GUST DIRECTION     E (110)
  AVERAGE WIND SPEED     8.4


SKY COVER
  AVERAGE SKY COVER 0.8


WEATHER CONDITIONS
 THE FOLLOWING WEATHER WAS RECORDED YESTERDAY.
  NO SIGNIFICANT WEATHER WAS OBSERVED.


RELATIVE HUMIDITY (PERCENT)
 HIGHEST    83           600 AM
 LOWEST     48          1200 PM
 AVERAGE    66

..........................................................


THE AUSTIN BERGSTROM CLIMATE NORMALS FOR TODAY
                         NORMAL    RECORD    YEAR
 MAXIMUM TEMPERATURE (F)   81        92      2011
                                             2009
                                             1955
 MINIMUM TEMPERATURE (F)   56        44      2013


SUNRISE AND SUNSET
APRIL 21 2018.........SUNRISE   657 AM CDT   SUNSET   802 PM CDT
APRIL 22 2018.........SUNRISE   656 AM CDT   SUNSET   803 PM CDT


-  INDICATES NEGATIVE NUMBERS.
R  INDICATES RECORD WAS SET OR TIED.
MM INDICATES DATA IS MISSING.
T  INDICATES TRACE AMOUNT.




$$
