000
CDUS43 KGRB 240658
CLIAUW


CLIMATE REPORT
NATIONAL WEATHER SERVICE GREEN BAY
157 AM CDT MON JUN 24 2019


...................................

...THE WAUSAU WI CLIMATE SUMMARY FOR JUNE 23 2019...

CLIMATE NORMAL PERIOD 1981 TO 2010
CLIMATE RECORD PERIOD 1896 TO 2019


WEATHER ITEM   OBSERVED TIME   RECORD YEAR NORMAL DEPARTURE LAST
                VALUE   (LST)  VALUE       VALUE  FROM      YEAR
                                                  NORMAL
..................................................................
TEMPERATURE (F)
 YESTERDAY
  MAXIMUM         72    108 PM  95    1910  78     -6       82
  MINIMUM         58    700 AM  41    1979  56      2       52
                                      1927
  AVERAGE         65                        67     -2

PRECIPITATION (IN)
  YESTERDAY        0.10          1.33 1946   0.14  -0.04     0.00
  MONTH TO DATE    2.62                      3.37  -0.75     5.01
  SINCE JUN 1      2.62                      3.37  -0.75     5.01
  SINCE JAN 1     19.79                     13.28   6.51    15.42

SNOWFALL (IN)
  YESTERDAY        0.0           0.0    MM   0.0    0.0      0.0
  MONTH TO DATE    0.0                       0.0    0.0      0.0
  SINCE JUL 1     96.8                      59.6   37.2     89.2
  SNOW DEPTH       0

DEGREE DAYS
 HEATING
  YESTERDAY        0                         2     -2        0
  MONTH TO DATE   85                        78      7       30
  SINCE JUN 1     85                        78      7       30
  SINCE JUL 1   8752                      8238    514     8323

 COOLING
  YESTERDAY        0                         4     -4        2
  MONTH TO DATE   21                        54    -33       59
  SINCE JUN 1     21                        54    -33       59
  SINCE JAN 1     26                        73    -47      144
..................................................................


WIND (MPH)
  HIGHEST WIND SPEED    22   HIGHEST WIND DIRECTION     E (110)
  HIGHEST GUST SPEED    31   HIGHEST GUST DIRECTION    SE (120)
  AVERAGE WIND SPEED    10.3


SKY COVER
  POSSIBLE SUNSHINE  MM
  AVERAGE SKY COVER 1.0


WEATHER CONDITIONS
 THE FOLLOWING WEATHER WAS RECORDED YESTERDAY.
  THUNDERSTORM
  RAIN
  LIGHT RAIN
  FOG
  HAZE


RELATIVE HUMIDITY (PERCENT)
 HIGHEST    93           700 AM
 LOWEST     56          1200 AM
 AVERAGE    75

..........................................................


THE WAUSAU WI CLIMATE NORMALS FOR TODAY
                         NORMAL    RECORD    YEAR
 MAXIMUM TEMPERATURE (F)   78        98      1937
 MINIMUM TEMPERATURE (F)   56        44      2004


SUNRISE AND SUNSET
JUNE 24 2019..........SUNRISE   513 AM CDT   SUNSET   849 PM CDT
JUNE 25 2019..........SUNRISE   513 AM CDT   SUNSET   849 PM CDT


-  INDICATES NEGATIVE NUMBERS.
R  INDICATES RECORD WAS SET OR TIED.
MM INDICATES DATA IS MISSING.
T  INDICATES TRACE AMOUNT.




$$
