000
CDUS43 KGRB 182127
CLIAUW


CLIMATE REPORT
NATIONAL WEATHER SERVICE GREEN BAY
427 PM CDT THU APR 18 2019


...................................

...THE WAUSAU WI CLIMATE SUMMARY FOR APRIL 18 2019...
VALID TODAY AS OF 0400 PM LOCAL TIME.

CLIMATE NORMAL PERIOD 1981 TO 2010
CLIMATE RECORD PERIOD 1896 TO 2019


WEATHER ITEM   OBSERVED TIME   RECORD YEAR NORMAL DEPARTURE LAST
                VALUE   (LST)  VALUE       VALUE  FROM      YEAR
                                                  NORMAL
..................................................................
TEMPERATURE (F)
 TODAY
  MAXIMUM         43    220 PM  83    1987  56    -13       42
  MINIMUM         36    759 AM  11    1907  35      1       30
  AVERAGE         40                        45     -5       36

PRECIPITATION (IN)
  TODAY            T             1.25 2008   0.09  -0.09     0.00
  MONTH TO DATE    4.40                      1.52   2.88     3.11
  SINCE MAR 1      6.05                      3.28   2.77     4.74
  SINCE JAN 1     11.34                      5.22   6.12     7.21

SNOWFALL (IN)
  TODAY            0.0           3.0  1951   0.1   -0.1      0.0
  MONTH TO DATE   13.1                       2.9   10.2     34.5
  SINCE MAR 1     19.8                      12.9    6.9     46.7
  SINCE JUL 1     96.4                      58.2   38.2     89.2
  SNOW DEPTH       0

DEGREE DAYS
 HEATING
  TODAY           25                        20      5       29
  MONTH TO DATE  476                       427     49      703
  SINCE MAR 1   1712                      1512    200     1829
  SINCE JUL 1   8063                      7648    415     7917

 COOLING
  TODAY            0                         0      0        0
  MONTH TO DATE    0                         0      0        0
  SINCE JAN 1      0                         0      0        0
..................................................................


WIND (MPH)
  HIGHEST WIND SPEED    21   HIGHEST WIND DIRECTION     N (340)
  HIGHEST GUST SPEED    30   HIGHEST GUST DIRECTION    NW (330)
  AVERAGE WIND SPEED     9.4


SKY COVER
  POSSIBLE SUNSHINE  MM
  AVERAGE SKY COVER 0.9


WEATHER CONDITIONS
 THE FOLLOWING WEATHER WAS RECORDED TODAY.
  LIGHT RAIN
  FOG


RELATIVE HUMIDITY (PERCENT)
 HIGHEST   100           100 AM
 LOWEST     70           200 PM
 AVERAGE    85

..........................................................


THE WAUSAU WI CLIMATE NORMALS FOR TOMORROW
                         NORMAL    RECORD    YEAR
 MAXIMUM TEMPERATURE (F)   57        81      1985
 MINIMUM TEMPERATURE (F)   35        15      1897


SUNRISE AND SUNSET
APRIL 18 2019.........SUNRISE   609 AM CDT   SUNSET   747 PM CDT
APRIL 19 2019.........SUNRISE   607 AM CDT   SUNSET   749 PM CDT


-  INDICATES NEGATIVE NUMBERS.
R  INDICATES RECORD WAS SET OR TIED.
MM INDICATES DATA IS MISSING.
T  INDICATES TRACE AMOUNT.




$$
