000
CDUS42 KGSP 162035 RRA
CLIAVL

CLIMATE REPORT
NATIONAL WEATHER SERVICE GREENVILLE-SPARTANBURG SC
434 PM EDT SUN JUN 16 2019


...................................

...THE ASHEVILLE NC CLIMATE SUMMARY FOR JUNE 16 2019...
VALID TODAY AS OF 0400 PM LOCAL TIME.

CLIMATE NORMAL PERIOD 1981 TO 2010
CLIMATE RECORD PERIOD 1869 TO 2019


WEATHER ITEM   OBSERVED TIME   RECORD YEAR NORMAL DEPARTURE LAST
                VALUE   (LST)  VALUE       VALUE  FROM      YEAR
                                                  NORMAL
..................................................................
TEMPERATURE (F)
 TODAY
  MAXIMUM         86    254 PM  92    1934  82      4       88
  MINIMUM         61    645 AM  43    1933  60      1       64
  AVERAGE         74                        71      3       76

PRECIPITATION (IN)
  TODAY            0.00          2.30 1900   0.16  -0.16     0.00
  MONTH TO DATE    4.82                      2.44   2.38     1.11
  SINCE JUN 1      4.82                      2.44   2.38     1.11
  SINCE JAN 1     31.96                     20.69  11.27    33.15

SNOWFALL (IN)
  TODAY            0.0           0.0    MM   0.0    0.0      0.0
  MONTH TO DATE    0.0                       0.0    0.0      0.0
  SINCE JUN 1      0.0                       0.0    0.0      0.0
  SINCE JUL 1     11.4                       9.9    1.5     12.0
  SNOW DEPTH       0

DEGREE DAYS
 HEATING
  TODAY            0                         0      0        0
  MONTH TO DATE    1                        11    -10        0
  SINCE JUN 1      1                        11    -10        0
  SINCE JUL 1   3553                      4192   -639     3778

 COOLING
  TODAY            9                         6      3       11
  MONTH TO DATE   73                        78     -5      132
  SINCE JUN 1     73                        78     -5      132
  SINCE JAN 1    250                       136    114      295
..................................................................


WIND (MPH)
  HIGHEST WIND SPEED    14   HIGHEST WIND DIRECTION    NW (330)
  HIGHEST GUST SPEED    17   HIGHEST GUST DIRECTION    NW (330)
  AVERAGE WIND SPEED     3.7


SKY COVER
  POSSIBLE SUNSHINE  MM
  AVERAGE SKY COVER 0.1


WEATHER CONDITIONS
 THE FOLLOWING WEATHER WAS RECORDED TODAY.
  NO SIGNIFICANT WEATHER WAS OBSERVED.


RELATIVE HUMIDITY (PERCENT)
 HIGHEST    84           400 AM
 LOWEST     44          1200 PM
 AVERAGE    64

..........................................................


THE ASHEVILLE NC CLIMATE NORMALS FOR TOMORROW
                         NORMAL    RECORD    YEAR
 MAXIMUM TEMPERATURE (F)   82        92      1936
 MINIMUM TEMPERATURE (F)   60        40      1917


SUNRISE AND SUNSET
JUNE 16 2019..........SUNRISE   615 AM EDT   SUNSET   847 PM EDT
JUNE 17 2019..........SUNRISE   615 AM EDT   SUNSET   848 PM EDT


-  INDICATES NEGATIVE NUMBERS.
R  INDICATES RECORD WAS SET OR TIED.
MM INDICATES DATA IS MISSING.
T  INDICATES TRACE AMOUNT.

$$
