000
CDUS42 KGSP 240637 RRA
CLIAVL

CLIMATE REPORT
NATIONAL WEATHER SERVICE GREENVILLE-SPARTANBURG SC
236 AM EDT THU MAY 24 2018


...................................

...THE ASHEVILLE NC CLIMATE SUMMARY FOR MAY 23 2018...

CLIMATE NORMAL PERIOD 1981 TO 2010
CLIMATE RECORD PERIOD 1869 TO 2018


WEATHER ITEM   OBSERVED TIME   RECORD YEAR NORMAL DEPARTURE LAST
                VALUE   (LST)  VALUE       VALUE  FROM      YEAR
                                                  NORMAL
..................................................................
TEMPERATURE (F)
 YESTERDAY
  MAXIMUM         85    337 PM  90    1953  76      9       67
  MINIMUM         62    507 AM  35    2002  53      9       62
  AVERAGE         74                        65      9       65

PRECIPITATION (IN)
  YESTERDAY        0.00          2.29 1913   0.12  -0.12     0.70
  MONTH TO DATE    9.69                      2.67   7.02     6.53
  SINCE MAR 1     17.44                      9.83   7.61    18.10
  SINCE JAN 1     27.05                     17.26   9.79    22.52

SNOWFALL (IN)
  YESTERDAY        0.0           0.0    MM   0.0             0.0
  MONTH TO DATE    0.0                       0.0             0.0
  SINCE MAR 1      1.2                       2.6             2.1
  SINCE JUL 1     12.0                       9.9             9.4
  SNOW DEPTH       0

DEGREE DAYS
 HEATING
  YESTERDAY        0                         2     -2        0
  MONTH TO DATE   13                        95    -82       63
  SINCE MAR 1    928                       950    -22      722
  SINCE JUL 1   3778                      4167   -389     3116

 COOLING
  YESTERDAY        9                         2      7        0
  MONTH TO DATE  100                        30     70       48
  SINCE MAR 1    104                        38     66       76
  SINCE JAN 1    108                        38     70       76
..................................................................


WIND (MPH)
  HIGHEST WIND SPEED    17   HIGHEST WIND DIRECTION     N (340)
  HIGHEST GUST SPEED    21   HIGHEST GUST DIRECTION    NW (310)
  AVERAGE WIND SPEED     6.1


SKY COVER
  POSSIBLE SUNSHINE  MM
  AVERAGE SKY COVER 0.1


WEATHER CONDITIONS
 THE FOLLOWING WEATHER WAS RECORDED YESTERDAY.
  FOG
  HAZE


RELATIVE HUMIDITY (PERCENT)
 HIGHEST    93           300 AM
 LOWEST     40           200 PM
 AVERAGE    67

..........................................................


THE ASHEVILLE NC CLIMATE NORMALS FOR TODAY
                         NORMAL    RECORD    YEAR
 MAXIMUM TEMPERATURE (F)   77        90      1939
                                             1903
 MINIMUM TEMPERATURE (F)   54        36      1931


SUNRISE AND SUNSET
MAY 24 2018...........SUNRISE   620 AM EDT   SUNSET   835 PM EDT
MAY 25 2018...........SUNRISE   619 AM EDT   SUNSET   835 PM EDT


-  INDICATES NEGATIVE NUMBERS.
R  INDICATES RECORD WAS SET OR TIED.
MM INDICATES DATA IS MISSING.
T  INDICATES TRACE AMOUNT.




$$
JPT
