000
CDUS42 KGSP 212101
CLIAVL

CLIMATE REPORT
NATIONAL WEATHER SERVICE GREENVILLE-SPARTANBURG SC
456 PM EDT SUN APR 21 2019


...................................

...THE ASHEVILLE NC CLIMATE SUMMARY FOR APRIL 21 2019...
VALID TODAY AS OF 400 PM LOCAL TIME.

CLIMATE NORMAL PERIOD 1981 TO 2010
CLIMATE RECORD PERIOD 1869 TO 2019


WEATHER ITEM   OBSERVED TIME   RECORD YEAR NORMAL DEPARTURE LAST
                VALUE   (LST)  VALUE       VALUE  FROM      YEAR
                                                  NORMAL
..................................................................
TEMPERATURE (F)
 TODAY
  MAXIMUM         58    259 PM  86    1963  69    -11       67
  MINIMUM         41    426 AM  26    1904  44     -3       34
  AVERAGE         50                        57     -7       51

PRECIPITATION (IN)
  TODAY            0.00          1.54 1935   0.11  -0.11     0.00
  MONTH TO DATE    8.91                      2.31   6.60     2.77
  SINCE MAR 1     11.54                      6.14   5.40     5.88
  SINCE JAN 1     23.73                     13.57  10.16    15.49

SNOWFALL (IN)
  TODAY            0.0           0.4  1901   0.1   -0.1      0.0
  MONTH TO DATE    0.0                       0.7   -0.7       T
  SINCE MAR 1      T                         2.6   -2.6      1.2
  SINCE JUL 1     11.4                       9.9    1.5     12.0
  SNOW DEPTH       0

DEGREE DAYS
 HEATING
  TODAY           15                         9      6       14
  MONTH TO DATE  155                       235    -80      246
  SINCE MAR 1    707                       790    -83      832
  SINCE JUL 1   3513                      4007   -494     3682

 COOLING
  TODAY            0                         0      0        0
  MONTH TO DATE    7                         0      7        4
  SINCE MAR 1      7                         1      6        4
  SINCE JAN 1      9                         1      8        8
..................................................................


WIND (MPH)
  HIGHEST WIND SPEED    21   HIGHEST WIND DIRECTION     N (350)
  HIGHEST GUST SPEED    26   HIGHEST GUST DIRECTION     N (360)
  AVERAGE WIND SPEED     9.6


SKY COVER
  POSSIBLE SUNSHINE  MM
  AVERAGE SKY COVER 0.8


WEATHER CONDITIONS
 THE FOLLOWING WEATHER WAS RECORDED TODAY.
  NO SIGNIFICANT WEATHER WAS OBSERVED.


RELATIVE HUMIDITY (PERCENT)
 HIGHEST    86           100 AM
 LOWEST     51           200 PM
 AVERAGE    69

..........................................................


THE ASHEVILLE NC CLIMATE NORMALS FOR TOMORROW
                         NORMAL    RECORD    YEAR
 MAXIMUM TEMPERATURE (F)   70        86      1963
                                             1896
 MINIMUM TEMPERATURE (F)   45        30      1953


SUNRISE AND SUNSET
APRIL 21 2019.........SUNRISE   650 AM EDT   SUNSET   808 PM EDT
APRIL 22 2019.........SUNRISE   649 AM EDT   SUNSET   809 PM EDT


-  INDICATES NEGATIVE NUMBERS.
R  INDICATES RECORD WAS SET OR TIED.
MM INDICATES DATA IS MISSING.
T  INDICATES TRACE AMOUNT.




$$

JPT
