000
CDUS41 KBGM 190554
CLIAVP


CLIMATE REPORT
NATIONAL WEATHER SERVICE BINGHAMTON NY
153 AM EDT FRI APR 19 2019


...................................

...THE AVOCA PA CLIMATE SUMMARY FOR APRIL 18 2019...

CLIMATE NORMAL PERIOD 1981 TO 2010
CLIMATE RECORD PERIOD 1901 TO 2019


WEATHER ITEM   OBSERVED TIME   RECORD YEAR NORMAL DEPARTURE LAST
                VALUE   (LST)  VALUE       VALUE  FROM      YEAR
                                                  NORMAL
..................................................................
TEMPERATURE (F)
 YESTERDAY
  MAXIMUM         71    400 PM  92    1976  60     11       48
  MINIMUM         50    439 AM  28    2001  39     11       32
                                      1948
  AVERAGE         61                        50     11       40

PRECIPITATION (IN)
  YESTERDAY        T             0.80 1924   0.11  -0.11     0.00
  MONTH TO DATE    2.91                      1.99   0.92     2.08
  SINCE MAR 1      5.66                      4.54   1.12     4.90
  SINCE JAN 1     11.60                      8.94   2.66    11.91

SNOWFALL (IN)
  YESTERDAY        0.0           5.5  1983   0.1   -0.1      0.0
  MONTH TO DATE    T                         2.2   -2.2      4.6
  SINCE MAR 1      5.8                      11.2   -5.4     24.5
  SINCE JUL 1     32.5                      45.1  -12.6     51.6

DEGREE DAYS
 HEATING
  YESTERDAY        4                        15    -11       25
  MONTH TO DATE  250                       338    -88      420
  SINCE MAR 1   1130                      1209    -79     1365
  SINCE JUL 1   5492                      5815   -323     5556

 COOLING
  YESTERDAY        0                         0      0        0
  MONTH TO DATE    0                         0      0        4
  SINCE MAR 1      0                         0      0        4
  SINCE JAN 1      0                         0      0        4
..................................................................


WIND (MPH)
  HIGHEST WIND SPEED    15   HIGHEST WIND DIRECTION     S (180)
  HIGHEST GUST SPEED    23   HIGHEST GUST DIRECTION     S (190)
  AVERAGE WIND SPEED     4.6


SKY COVER
  AVERAGE SKY COVER 0.5



RELATIVE HUMIDITY (PERCENT)
 HIGHEST    77           900 AM
 LOWEST     41           200 AM
 AVERAGE    59

..........................................................


THE AVOCA PA CLIMATE NORMALS FOR TODAY
                         NORMAL    RECORD    YEAR
 MAXIMUM TEMPERATURE (F)   61        91      1976
 MINIMUM TEMPERATURE (F)   40        24      1904


SUNRISE AND SUNSET
APRIL 19 2019.........SUNRISE   618 AM EDT   SUNSET   747 PM EDT
APRIL 20 2019.........SUNRISE   616 AM EDT   SUNSET   748 PM EDT


-  INDICATES NEGATIVE NUMBERS.
R  INDICATES RECORD WAS SET OR TIED.
MM INDICATES DATA IS MISSING.
T  INDICATES TRACE AMOUNT.




$$
