000
CDUS41 KBGM 240619
CLIAVP


CLIMATE REPORT
NATIONAL WEATHER SERVICE BINGHAMTON NY
219 AM EDT MON JUN 24 2019


...................................

...THE AVOCA PA CLIMATE SUMMARY FOR JUNE 23 2019...

CLIMATE NORMAL PERIOD 1981 TO 2010
CLIMATE RECORD PERIOD 1901 TO 2019


WEATHER ITEM   OBSERVED TIME   RECORD YEAR NORMAL DEPARTURE LAST
                VALUE   (LST)  VALUE       VALUE  FROM      YEAR
                                                  NORMAL
..................................................................
TEMPERATURE (F)
 YESTERDAY
  MAXIMUM         83    416 PM  94    1965  80      3       75
  MINIMUM         51    428 AM  41    1918  59     -8       59
  AVERAGE         67                        69     -2       67

PRECIPITATION (IN)
  YESTERDAY        0.00          1.58 2011   0.12  -0.12     0.13
  MONTH TO DATE    5.30                      3.14   2.16     1.54
  SINCE JUN 1      5.30                      3.14   2.16     1.54
  SINCE JAN 1     24.09                     16.94   7.15    20.79

SNOWFALL (IN)
  YESTERDAY        0.0           0.0  1995   0.0    0.0      0.0
  MONTH TO DATE    0.0                       0.0    0.0      0.0
  SINCE JUN 1      0.0                       0.0    0.0      0.0
  SINCE JUL 1     32.5                      46.2  -13.7     51.9

DEGREE DAYS
 HEATING
  YESTERDAY        0                         1     -1        0
  MONTH TO DATE   32                        50    -18       26
  SINCE JUN 1     32                        50    -18       26
  SINCE JUL 1   5771                      6251   -480     5858

 COOLING
  YESTERDAY        2                         5     -3        2
  MONTH TO DATE   50                        79    -29       78
  SINCE JUN 1     50                        79    -29       78
  SINCE JAN 1    100                       116    -16      163
..................................................................


WIND (MPH)
  HIGHEST WIND SPEED    15   HIGHEST WIND DIRECTION     N (350)
  HIGHEST GUST SPEED    22   HIGHEST GUST DIRECTION    NW (330)
  AVERAGE WIND SPEED     4.7


SKY COVER
  AVERAGE SKY COVER 0.0



RELATIVE HUMIDITY (PERCENT)
 HIGHEST    96           300 AM
 LOWEST     35          1200 PM
 AVERAGE    66

..........................................................


THE AVOCA PA CLIMATE NORMALS FOR TODAY
                         NORMAL    RECORD    YEAR
 MAXIMUM TEMPERATURE (F)   80        94      1923
                                             1908
 MINIMUM TEMPERATURE (F)   59        46      1925
                                             1902


SUNRISE AND SUNSET
JUNE 24 2019..........SUNRISE   531 AM EDT   SUNSET   840 PM EDT
JUNE 25 2019..........SUNRISE   531 AM EDT   SUNSET   840 PM EDT


-  INDICATES NEGATIVE NUMBERS.
R  INDICATES RECORD WAS SET OR TIED.
MM INDICATES DATA IS MISSING.
T  INDICATES TRACE AMOUNT.




$$
