000
CDUS43 KGRR 170516
CLIAZO


CLIMATE REPORT
NATIONAL WEATHER SERVICE GRAND RAPIDS, MI
116 AM EDT MON JUN 17 2019


...................................

...THE KALAMAZOO CLIMATE SUMMARY FOR JUNE 16 2019...

CLIMATE NORMAL PERIOD 1981 TO 2010
CLIMATE RECORD PERIOD 1998 TO 2019


WEATHER ITEM   OBSERVED TIME   RECORD YEAR NORMAL DEPARTURE LAST
                VALUE   (LST)  VALUE       VALUE  FROM      YEAR
                                                  NORMAL
..................................................................
TEMPERATURE (F)
 YESTERDAY
  MAXIMUM         67    253 PM  96    1994  80    -13       86
  MINIMUM         58   1055 AM  35    1917  58      0       69
  AVERAGE         63                        69     -6       78

PRECIPITATION (IN)
  YESTERDAY        0.12          2.89 1897   0.11   0.01     0.12
  MONTH TO DATE    2.40                      2.07   0.33     1.97
  SINCE JUN 1      2.40                      2.07   0.33     1.97
  SINCE JAN 1     17.28                     14.51   2.77    19.61

DEGREE DAYS
 HEATING
  YESTERDAY        2                         1      1        0
  MONTH TO DATE   39                        39      0        6
  SINCE JUN 1     39                        39      0        6
  SINCE JUL 1   6491                      6407     84     6247

 COOLING
  YESTERDAY        0                         5     -5       13
  MONTH TO DATE   35                        60    -25       74
  SINCE JUN 1     35                        60    -25       74
  SINCE JAN 1     50                       101    -51      204
..................................................................


WIND (MPH)
  RESULTANT WIND SPEED   5   RESULTANT WIND DIRECTION  NE (60)
  HIGHEST WIND SPEED    10   HIGHEST WIND DIRECTION    NE (40)
  HIGHEST GUST SPEED    19   HIGHEST GUST DIRECTION    NE (60)
  AVERAGE WIND SPEED     5.4


SKY COVER
  AVERAGE SKY COVER 1.0


WEATHER CONDITIONS
 THE FOLLOWING WEATHER WAS RECORDED YESTERDAY.
  LIGHT RAIN
  FOG


RELATIVE HUMIDITY (PERCENT)
 HIGHEST    97           700 AM
 LOWEST     78           300 PM
 AVERAGE    88

..........................................................


THE KALAMAZOO CLIMATE NORMALS FOR TODAY
                         NORMAL
 MAXIMUM TEMPERATURE (F)   80
 MINIMUM TEMPERATURE (F)   58


SUNRISE AND SUNSET
JUNE 17 2019..........SUNRISE   605 AM EDT   SUNSET   921 PM EDT
JUNE 18 2019..........SUNRISE   605 AM EDT   SUNSET   921 PM EDT


-  INDICATES NEGATIVE NUMBERS.
R  INDICATES RECORD WAS SET OR TIED.
MM INDICATES DATA IS MISSING.
T  INDICATES TRACE AMOUNT.




$$
