000
CDUS43 KGRR 180520
CLIAZO


CLIMATE REPORT
NATIONAL WEATHER SERVICE GRAND RAPIDS, MI
119 AM EDT THU APR 18 2019


...................................

...THE KALAMAZOO CLIMATE SUMMARY FOR APRIL 17 2019...

CLIMATE NORMAL PERIOD 1981 TO 2010
CLIMATE RECORD PERIOD 1998 TO 2019


WEATHER ITEM   OBSERVED TIME   RECORD YEAR NORMAL DEPARTURE LAST
                VALUE   (LST)  VALUE       VALUE  FROM      YEAR
                                                  NORMAL
..................................................................
TEMPERATURE (F)
 YESTERDAY
  MAXIMUM         67    253 PM  85    1977  61      6       34
                                      1896
  MINIMUM         49    642 AM  20    1982  39     10       28
  AVERAGE         58                        50      8       31

PRECIPITATION (IN)
  YESTERDAY        0.03          0.97 1939   0.11  -0.08     0.01
  MONTH TO DATE    1.42                      1.66  -0.24     2.10
  SINCE MAR 1      4.04                      3.91   0.13     3.70
  SINCE JAN 1      6.65                      7.15  -0.50     9.53

DEGREE DAYS
 HEATING
  YESTERDAY        7                        15     -8       34
  MONTH TO DATE  291                       316    -25      478
  SINCE MAR 1   1266                      1200     66     1392
  SINCE JUL 1   6043                      5973     70     5953

 COOLING
  YESTERDAY        0                         0      0        0
  MONTH TO DATE    0                         0      0        0
  SINCE MAR 1      0                         0      0        0
  SINCE JAN 1      0                         0      0        0
..................................................................


WIND (MPH)
  RESULTANT WIND SPEED   8   RESULTANT WIND DIRECTION  SE (120)
  HIGHEST WIND SPEED    17   HIGHEST WIND DIRECTION    SE (140)
  HIGHEST GUST SPEED    27   HIGHEST GUST DIRECTION     E (100)
  AVERAGE WIND SPEED     8.8


SKY COVER
  AVERAGE SKY COVER 0.6


WEATHER CONDITIONS
 THE FOLLOWING WEATHER WAS RECORDED YESTERDAY.
  THUNDERSTORM
  RAIN
  LIGHT RAIN
  HAZE


RELATIVE HUMIDITY (PERCENT)
 HIGHEST    86           400 AM
 LOWEST     52           300 PM
 AVERAGE    69

..........................................................


THE KALAMAZOO CLIMATE NORMALS FOR TODAY
                         NORMAL
 MAXIMUM TEMPERATURE (F)   61
 MINIMUM TEMPERATURE (F)   39


SUNRISE AND SUNSET
APRIL 18 2019.........SUNRISE   657 AM EDT   SUNSET   827 PM EDT
APRIL 19 2019.........SUNRISE   656 AM EDT   SUNSET   828 PM EDT


-  INDICATES NEGATIVE NUMBERS.
R  INDICATES RECORD WAS SET OR TIED.
MM INDICATES DATA IS MISSING.
T  INDICATES TRACE AMOUNT.




$$
