000
CDUS43 KFGF 170647
CLIBDE


CLIMATE REPORT
NATIONAL WEATHER SERVICE GRAND FORKS ND
146 AM CDT WED JUL 17 2019


...................................

...THE BAUDETTE MN CLIMATE SUMMARY FOR JULY 16 2019...

CLIMATE NORMAL PERIOD 1981 TO 2010
CLIMATE RECORD PERIOD 1908 TO 2019


WEATHER ITEM   OBSERVED TIME   RECORD YEAR NORMAL DEPARTURE LAST
                VALUE   (LST)  VALUE       VALUE  FROM      YEAR
                                                  NORMAL
..................................................................
TEMPERATURE (F)
 YESTERDAY
  MAXIMUM         81    149 PM  97    1936  78      3       72
  MINIMUM         62    520 AM  40    1920  55      7       53
  AVERAGE         72                        67      5       63

PRECIPITATION (IN)
  YESTERDAY        0.00          1.90 1968   0.11  -0.11     0.00
  MONTH TO DATE    2.40                      2.08   0.32     1.31
  SINCE JUN 1      5.32                      6.14  -0.82     5.19
  SINCE JAN 1      9.39                     12.27  -2.88     7.39

DEGREE DAYS
 HEATING
  YESTERDAY        0                         2     -2        2
  MONTH TO DATE    3                        32    -29        2
  SINCE JUN 1    120                       166    -46       75
  SINCE JUL 1      3                        32    -29        2

 COOLING
  YESTERDAY        7                         3      4        0
  MONTH TO DATE   72                        48     24       80
  SINCE JUN 1    132                        86     46      157
  SINCE JAN 1    132                        91     41      207
..................................................................


WIND (MPH)
  HIGHEST WIND SPEED    13   HIGHEST WIND DIRECTION    NW (330)
  HIGHEST GUST SPEED    19   HIGHEST GUST DIRECTION    NW (330)
  AVERAGE WIND SPEED     5.9


SKY COVER
  POSSIBLE SUNSHINE  MM
  AVERAGE SKY COVER 0.1


WEATHER CONDITIONS
 THE FOLLOWING WEATHER WAS RECORDED YESTERDAY.
  NO SIGNIFICANT WEATHER WAS OBSERVED.


RELATIVE HUMIDITY (PERCENT)
 HIGHEST    93           300 AM
 LOWEST     49           400 PM
 AVERAGE    71

..........................................................


THE BAUDETTE MN CLIMATE NORMALS FOR TODAY
                         NORMAL    RECORD    YEAR
 MAXIMUM TEMPERATURE (F)   78        96      2006
 MINIMUM TEMPERATURE (F)   55        34      1924


SUNRISE AND SUNSET
JULY 17 2019..........SUNRISE   534 AM CDT   SUNSET   915 PM CDT
JULY 18 2019..........SUNRISE   535 AM CDT   SUNSET   914 PM CDT


-  INDICATES NEGATIVE NUMBERS.
R  INDICATES RECORD WAS SET OR TIED.
MM INDICATES DATA IS MISSING.
T  INDICATES TRACE AMOUNT.




$$
