043
CDUS43 KFGF 230735
CLIBDE


CLIMATE REPORT
NATIONAL WEATHER SERVICE EASTERN NORTH DAKOTA/GRAND FORKS
235 AM CDT TUE APR 23 2019


...................................

...THE BAUDETTE MN CLIMATE SUMMARY FOR APRIL 22 2019...

CLIMATE NORMAL PERIOD 1981 TO 2010
CLIMATE RECORD PERIOD 1908 TO 2019


WEATHER ITEM   OBSERVED TIME   RECORD YEAR NORMAL DEPARTURE LAST
                VALUE   (LST)  VALUE       VALUE  FROM      YEAR
                                                  NORMAL
..................................................................
TEMPERATURE (F)
 YESTERDAY
  MAXIMUM         64    536 PM  90    1980  55      9       64
                                      2007
  MINIMUM         34    601 AM  11    1910  32      2       33
  AVERAGE         49                        44      5       49

PRECIPITATION (IN)
  YESTERDAY        0.00          0.54 1985   0.05  -0.05     0.00
  MONTH TO DATE    0.44                      0.89  -0.45     0.09
  SINCE MAR 1      1.29                      1.73  -0.44     0.09
  SINCE JAN 1      1.95                      2.81  -0.86     0.09

SNOWFALL (IN)
  YESTERDAY        0.0           1.0  1992
  MONTH TO DATE    0.0
  SINCE MAR 1      0.0
  SINCE JUL 1      T
  SNOW DEPTH       0

DEGREE DAYS
 HEATING
  YESTERDAY       16                        21     -5       16
  MONTH TO DATE  596                       589      7      830
  SINCE MAR 1   1987                      1869    118     2088
  SINCE JUL 1   9765                      9277    488     9665

 COOLING
  YESTERDAY        0                         0      0        0
  MONTH TO DATE    0                         0      0        0
  SINCE MAR 1      0                         0      0        0
  SINCE JAN 1      0                         0      0        0
..................................................................


WIND (MPH)
  HIGHEST WIND SPEED    12   HIGHEST WIND DIRECTION    NE (40)
  HIGHEST GUST SPEED    14   HIGHEST GUST DIRECTION     N (20)
  AVERAGE WIND SPEED     4.7


SKY COVER
  POSSIBLE SUNSHINE  MM
  AVERAGE SKY COVER 0.4


WEATHER CONDITIONS
 THE FOLLOWING WEATHER WAS RECORDED YESTERDAY.
  NO SIGNIFICANT WEATHER WAS OBSERVED.


RELATIVE HUMIDITY (PERCENT)
 HIGHEST    96           600 AM
 LOWEST     36           100 PM
 AVERAGE    66

..........................................................


THE BAUDETTE MN CLIMATE NORMALS FOR TODAY
                         NORMAL    RECORD    YEAR
 MAXIMUM TEMPERATURE (F)   56        81      1994
 MINIMUM TEMPERATURE (F)   32         3      1909


SUNRISE AND SUNSET
APRIL 23 2019.........SUNRISE   613 AM CDT   SUNSET   822 PM CDT
APRIL 24 2019.........SUNRISE   611 AM CDT   SUNSET   823 PM CDT


-  INDICATES NEGATIVE NUMBERS.
R  INDICATES RECORD WAS SET OR TIED.
MM INDICATES DATA IS MISSING.
T  INDICATES TRACE AMOUNT.




$$
