000
CDUS41 KOKX 160628
CLIBDR


CLIMATE REPORT
NATIONAL WEATHER SERVICE NEW YORK NY
227 AM EDT SUN JUN 16 2019


...................................

...THE BRIDGEPORT CT CLIMATE SUMMARY FOR JUNE 15 2019...

CLIMATE NORMAL PERIOD 1981 TO 2010
CLIMATE RECORD PERIOD 1948 TO 2019


WEATHER ITEM   OBSERVED TIME   RECORD YEAR NORMAL DEPARTURE LAST
                VALUE   (LST)  VALUE       VALUE  FROM      YEAR
                                                  NORMAL
..................................................................
TEMPERATURE (F)
 YESTERDAY
  MAXIMUM         78    233 PM  94    1987  77      1       73
  MINIMUM         56    436 AM  45    1978  60     -4       58
  AVERAGE         67                        69     -2       66

PRECIPITATION (IN)
  YESTERDAY        T             1.55 1963   0.12  -0.12     0.00
  MONTH TO DATE    0.91                      2.08  -1.17     1.80
  SINCE JUN 1      0.91                      2.08  -1.17     1.80
  SINCE JAN 1     22.80                     19.95   2.85    22.94

SNOWFALL (IN)
  YESTERDAY        0.0           0.0  2002   0.0    0.0      0.0
                                      2001
  MONTH TO DATE    0.0                       0.0    0.0      0.0
  SINCE OCT 1     24.6                      27.6   -3.0     45.9
  SINCE JUL 1     24.6                      27.6   -3.0     45.9
  SNOW DEPTH       0

DEGREE DAYS
 HEATING
  YESTERDAY        0                         1     -1        0
  MONTH TO DATE   19                        26     -7       21
  SINCE JUN 1     19                        26     -7       21
  SINCE JUL 1   5153                      5386   -233     5091

 COOLING
  YESTERDAY        2                         5     -3        1
  MONTH TO DATE   36                        49    -13       36
  SINCE JUN 1     36                        49    -13       36
  SINCE JAN 1     63                        73    -10       84
..................................................................


WIND (MPH)
  HIGHEST WIND SPEED    24   HIGHEST WIND DIRECTION     S (200)
  HIGHEST GUST SPEED    31   HIGHEST GUST DIRECTION     S (200)
  AVERAGE WIND SPEED    12.2


SKY COVER
  AVERAGE SKY COVER 0.1


WEATHER CONDITIONS
 THE FOLLOWING WEATHER WAS RECORDED YESTERDAY.
  LIGHT RAIN


RELATIVE HUMIDITY (PERCENT)
 HIGHEST    72           500 AM
 LOWEST     41          1100 AM
 AVERAGE    57

..........................................................


THE BRIDGEPORT CT CLIMATE NORMALS FOR TODAY
                         NORMAL    RECORD    YEAR
 MAXIMUM TEMPERATURE (F)   77        95      1957
 MINIMUM TEMPERATURE (F)   61        50      1961


SUNRISE AND SUNSET
JUNE 16 2019..........SUNRISE   519 AM EDT   SUNSET   827 PM EDT
JUNE 17 2019..........SUNRISE   519 AM EDT   SUNSET   828 PM EDT


-  INDICATES NEGATIVE NUMBERS.
R  INDICATES RECORD WAS SET OR TIED.
MM INDICATES DATA IS MISSING.
T  INDICATES TRACE AMOUNT.




$$
