000
CDAK48 PAFC 191257
CLIBET


CLIMATE REPORT
NATIONAL WEATHER SERVICE ANCHORAGE, AK
457 AM AKDT WED JUN 19 2019


...................................

...THE BETHEL CLIMATE SUMMARY FOR JUNE 18 2019...

CLIMATE NORMAL PERIOD 1981 TO 2010
CLIMATE RECORD PERIOD 1948 TO 2019


WEATHER ITEM   OBSERVED TIME   RECORD YEAR NORMAL DEPARTURE LAST
                VALUE   (LST)  VALUE       VALUE  FROM      YEAR
                                                  NORMAL
..................................................................
TEMPERATURE (F)
 YESTERDAY
  MAXIMUM         71    316 PM  88    2013  62      9       60
  MINIMUM         51    606 AM  32    1932  45      6       47
  AVERAGE         61                        54      7       54

PRECIPITATION (IN)
  YESTERDAY        0.13          0.52 1999   0.06   0.07     0.15
  MONTH TO DATE    1.35                      0.98   0.37     1.29
  SINCE DEC 1      8.12                      6.19   1.93     7.40
  SINCE JAN 1      7.43                      5.07   2.36     6.36

SNOWFALL (IN)
  YESTERDAY       MM            MM      MM   0.0   MM        0.0
  MONTH TO DATE   MM                         0.0   MM        0.0
  SINCE DEC 1      0.0                      43.9  -43.9     33.1
  SINCE JUL 1      0.4                      61.8  -61.4     40.4
  SNOW DEPTH      MM

DEGREE DAYS
 HEATING
  YESTERDAY        4                        12     -8       11
  MONTH TO DATE  110                       256   -146      195
  SINCE JUN 1    110                       256   -146      195
  SINCE JUL 1   9984                     12397  -2413    10401

 COOLING
  YESTERDAY        0                         0      0        0
  MONTH TO DATE    0                         0      0        0
  SINCE JUN 1      0                         0      0        0
  SINCE JAN 1      0                         0      0        0
..................................................................


WIND (MPH)
  RESULTANT WIND SPEED   4   RESULTANT WIND DIRECTION   W (260)
  HIGHEST WIND SPEED    24   HIGHEST WIND DIRECTION     S (160)
  HIGHEST GUST SPEED    29   HIGHEST GUST DIRECTION     S (160)
  AVERAGE WIND SPEED     7.9



WEATHER CONDITIONS
 THE FOLLOWING WEATHER WAS RECORDED YESTERDAY.
  THUNDERSTORM
  LIGHT RAIN
  FOG
  FOG W/VISIBILITY <= 1/4 MILE


RELATIVE HUMIDITY (PERCENT)
 HIGHEST   100
 LOWEST     44
 AVERAGE    72

..........................................................


THE BETHEL CLIMATE NORMALS FOR TODAY
                         NORMAL    RECORD    YEAR
 MAXIMUM TEMPERATURE (F)   62        86      1959
 MINIMUM TEMPERATURE (F)   45        32      1933
                                             1925


SUNRISE AND SUNSET
JUNE 19 2019..........SUNRISE   513 AM AKDT  SUNSET  1224 AM AKDT
JUNE 20 2019..........SUNRISE   513 AM AKDT  SUNSET  1224 AM AKDT


-  INDICATES NEGATIVE NUMBERS.
R  INDICATES RECORD WAS SET OR TIED.
MM INDICATES DATA IS MISSING.
T  INDICATES TRACE AMOUNT.




$$
