000
CDAK48 PAFC 200103
CLIBET


CLIMATE REPORT
NATIONAL WEATHER SERVICE ANCHORAGE, AK
503 PM AKDT FRI APR 19 2019


...................................

...THE BETHEL CLIMATE SUMMARY FOR APRIL 19 2019...
VALID TODAY AS OF 0500 PM LOCAL TIME.

CLIMATE NORMAL PERIOD 1981 TO 2010
CLIMATE RECORD PERIOD 1948 TO 2019


WEATHER ITEM   OBSERVED TIME   RECORD YEAR NORMAL DEPARTURE LAST
                VALUE   (LST)  VALUE       VALUE  FROM      YEAR
                                                  NORMAL
..................................................................
TEMPERATURE (F)
 TODAY
  MAXIMUM         29    259 PM  53    1951  37     -8       50
  MINIMUM         17    656 AM  -9    1960  21     -4       30
  AVERAGE         23                        29     -6       40

PRECIPITATION (IN)
  TODAY            T             0.53 1979   0.02  -0.02     0.00
  MONTH TO DATE    0.06                      0.44  -0.38     0.42
  SINCE DEC 1      4.51                      3.77   0.74     3.74
  SINCE JAN 1      3.82                      2.65   1.17     2.70

SNOWFALL (IN)
  TODAY           MM             2.4  2002   0.2   MM        0.0
  MONTH TO DATE   MM                         4.2   MM        0.2
  SINCE DEC 1      0.0                      40.3  -40.3     27.6
  SINCE JUL 1      0.4                      58.2  -57.8     34.9
  SNOW DEPTH      MM

DEGREE DAYS
 HEATING
  TODAY           42                        36      6       25
  MONTH TO DATE  625                       781   -156      652
  SINCE MAR 1   1685                      2325   -640     1962
  SINCE JUL 1   8974                     11063  -2089     9215

 COOLING
  TODAY            0                         0      0        0
  MONTH TO DATE    0                         0      0        0
  SINCE MAR 1      0                         0      0        0
  SINCE JAN 1      0                         0      0        0
..................................................................


WIND (MPH)
  RESULTANT WIND SPEED   3   RESULTANT WIND DIRECTION  NW (300)
  HIGHEST WIND SPEED    12   HIGHEST WIND DIRECTION     W (280)
  HIGHEST GUST SPEED    13   HIGHEST GUST DIRECTION    NW (310)
  AVERAGE WIND SPEED     5.3



WEATHER CONDITIONS
 THE FOLLOWING WEATHER WAS RECORDED TODAY.
  NO SIGNIFICANT WEATHER WAS OBSERVED.


RELATIVE HUMIDITY (PERCENT)
 HIGHEST    92
 LOWEST     46
 AVERAGE    69

..........................................................


THE BETHEL CLIMATE NORMALS FOR TOMORROW
                         NORMAL    RECORD    YEAR
 MAXIMUM TEMPERATURE (F)   37        57      1951
 MINIMUM TEMPERATURE (F)   22       -11      1924


SUNRISE AND SUNSET
APRIL 19 2019.........SUNRISE   716 AM AKDT  SUNSET  1018 PM AKDT
APRIL 20 2019.........SUNRISE   713 AM AKDT  SUNSET  1021 PM AKDT


-  INDICATES NEGATIVE NUMBERS.
R  INDICATES RECORD WAS SET OR TIED.
MM INDICATES DATA IS MISSING.
T  INDICATES TRACE AMOUNT.




$$
