000
CDAK48 PAFC 270106
CLIBET


CLIMATE REPORT
NATIONAL WEATHER SERVICE ANCHORAGE, AK
458 PM AKDT SAT MAY 26 2018


...................................

...THE BETHEL CLIMATE SUMMARY FOR MAY 26 2018...
VALID TODAY AS OF 0400 PM LOCAL TIME.

CLIMATE NORMAL PERIOD 1981 TO 2010
CLIMATE RECORD PERIOD 1948 TO 2018


WEATHER ITEM   OBSERVED TIME   RECORD YEAR NORMAL DEPARTURE LAST
                VALUE   (LST)  VALUE       VALUE  FROM      YEAR
                                                  NORMAL
..................................................................
TEMPERATURE (F)
 TODAY
  MAXIMUM         45    247 PM  78    1969  55    -10       46
  MINIMUM         35    711 AM  26    2001  37     -2       32
                                      1939
  AVERAGE         40                        46     -6       39

PRECIPITATION (IN)
  TODAY            T             0.36 1944   0.04  -0.04     0.15
  MONTH TO DATE    1.26                      0.93   0.33     2.24
  SINCE MAR 1      3.20                      2.38   0.82     3.01
  SINCE JAN 1      4.97                      3.88   1.09     4.90

SNOWFALL (IN)
  TODAY            0.0           0.3  2008   0.0    0.0      0.0
  MONTH TO DATE    1.8                       2.0   -0.2       T
  SINCE MAR 1     10.8                      15.9   -5.1      3.8
  SINCE JUL 1     40.4                      61.7  -21.3     31.2
  SNOW DEPTH       0

DEGREE DAYS
 HEATING
  TODAY           25                        19      6       26
  MONTH TO DATE  585                       625    -40      537
  SINCE MAR 1   2851                      3312   -461     3228
  SINCE JUL 1  10104                     12050  -1946    11488

 COOLING
  TODAY            0                         0      0        0
  MONTH TO DATE    0                         0      0        0
  SINCE MAR 1      0                         0      0        0
  SINCE JAN 1      0                         0      0        0
..................................................................


WIND (MPH)
  RESULTANT WIND SPEED  15   RESULTANT WIND DIRECTION  NW (310)
  HIGHEST WIND SPEED    23   HIGHEST WIND DIRECTION    NW (320)
  HIGHEST GUST SPEED    29   HIGHEST GUST DIRECTION    NW (330)
  AVERAGE WIND SPEED    15.4



WEATHER CONDITIONS
 THE FOLLOWING WEATHER WAS RECORDED TODAY.
  LIGHT RAIN


RELATIVE HUMIDITY (PERCENT)
 HIGHEST    89
 LOWEST     58
 AVERAGE    74

..........................................................


THE BETHEL CLIMATE NORMALS FOR TOMORROW
                         NORMAL    RECORD    YEAR
 MAXIMUM TEMPERATURE (F)   55        78      2016
 MINIMUM TEMPERATURE (F)   37        25      2001


SUNRISE AND SUNSET
MAY 26 2018...........SUNRISE   539 AM AKDT  SUNSET  1152 PM AKDT
MAY 27 2018...........SUNRISE   537 AM AKDT  SUNSET  1154 PM AKDT


-  INDICATES NEGATIVE NUMBERS.
R  INDICATES RECORD WAS SET OR TIED.
MM INDICATES DATA IS MISSING.
T  INDICATES TRACE AMOUNT.




$$
