000
CDUS41 KCTP 230638
CLIBFD


CLIMATE REPORT
NATIONAL WEATHER SERVICE STATE COLLEGE PA
237 AM EDT TUE JUL 23 2019


...................................

...THE BRADFORD CLIMATE SUMMARY FOR JULY 22 2019...

CLIMATE NORMAL PERIOD 1981 TO 2010
CLIMATE RECORD PERIOD 1957 TO 2019


WEATHER ITEM   OBSERVED TIME   RECORD YEAR NORMAL DEPARTURE LAST
                VALUE   (LST)  VALUE       VALUE  FROM      YEAR
                                                  NORMAL
..................................................................
TEMPERATURE (F)
 YESTERDAY
  MAXIMUM         67    459 PM  97    2011  77    -10       72
  MINIMUM         60   1111 PM  36    1970  54      6       56
  AVERAGE         64                        66     -2       64

PRECIPITATION (IN)
  YESTERDAY        0.69          1.21 2018   0.13   0.56     1.21
  MONTH TO DATE    2.81                      2.98  -0.17     1.99
  SINCE JUN 1      8.99                      7.89   1.10     5.27
  SINCE JAN 1     27.65                     24.63   3.02    22.19

DEGREE DAYS
 HEATING
  YESTERDAY        1                         0      1        1
  MONTH TO DATE    6                         1      5       24
  SINCE JUN 1    128                       146    -18      122
  SINCE JUL 1      6                         1      5       24

 COOLING
  YESTERDAY        0                         2     -2        0
  MONTH TO DATE  121                        52     69       88
  SINCE JUN 1    151                        92     59      133
  SINCE JAN 1    158                       102     56      184
..................................................................


WIND (MPH)
  HIGHEST WIND SPEED    13   HIGHEST WIND DIRECTION     N (350)
  HIGHEST GUST SPEED    17   HIGHEST GUST DIRECTION     N (350)
  AVERAGE WIND SPEED     4.3


SKY COVER
  POSSIBLE SUNSHINE  MM
  AVERAGE SKY COVER 0.7


WEATHER CONDITIONS
 THE FOLLOWING WEATHER WAS RECORDED YESTERDAY.
  HEAVY RAIN
  RAIN
  LIGHT RAIN
  FOG


RELATIVE HUMIDITY (PERCENT)
 HIGHEST   100          1000 PM
 LOWEST     81           500 PM
 AVERAGE    91

..........................................................


THE BRADFORD CLIMATE NORMALS FOR TODAY
                         NORMAL    RECORD    YEAR
 MAXIMUM TEMPERATURE (F)   77        88      1987
 MINIMUM TEMPERATURE (F)   54        38      1981


SUNRISE AND SUNSET
JULY 23 2019..........SUNRISE   600 AM EDT   SUNSET   842 PM EDT
JULY 24 2019..........SUNRISE   601 AM EDT   SUNSET   841 PM EDT


-  INDICATES NEGATIVE NUMBERS.
R  INDICATES RECORD WAS SET OR TIED.
MM INDICATES DATA IS MISSING.
T  INDICATES TRACE AMOUNT.




$$
