000
CDUS41 KCTP 250626
CLIBFD


CLIMATE REPORT
NATIONAL WEATHER SERVICE STATE COLLEGE PA
226 AM EDT THU APR 25 2019


...................................

...THE BRADFORD CLIMATE SUMMARY FOR APRIL 24 2019...

CLIMATE NORMAL PERIOD 1981 TO 2010
CLIMATE RECORD PERIOD 1957 TO 2019


WEATHER ITEM   OBSERVED TIME   RECORD YEAR NORMAL DEPARTURE LAST
                VALUE   (LST)  VALUE       VALUE  FROM      YEAR
                                                  NORMAL
..................................................................
TEMPERATURE (F)
 YESTERDAY
  MAXIMUM         58    413 PM  82    1958  59     -1       56
  MINIMUM         38   1130 PM  21    2002  35      3       47
  AVERAGE         48                        47      1       52

PRECIPITATION (IN)
  YESTERDAY        T             1.24 1961   0.11  -0.11     0.17
  MONTH TO DATE    3.91                      2.83   1.08     2.96
  SINCE MAR 1      5.67                      6.20  -0.53     5.34
  SINCE JAN 1     11.51                     11.84  -0.33    12.35

DEGREE DAYS
 HEATING
  YESTERDAY       17                        13      4       13
  MONTH TO DATE  431                       415     16      671
  SINCE MAR 1   1493                      1452     41     1806
  SINCE JUL 1   6724                      7022   -298     6902

 COOLING
  YESTERDAY        0                         0      0        0
  MONTH TO DATE    0                         0      0        0
  SINCE MAR 1      0                         0      0        0
  SINCE JAN 1      0                         0      0        0
..................................................................


WIND (MPH)
  HIGHEST WIND SPEED    22   HIGHEST WIND DIRECTION    NW (300)
  HIGHEST GUST SPEED    30   HIGHEST GUST DIRECTION    NW (300)
  AVERAGE WIND SPEED    10.5


SKY COVER
  POSSIBLE SUNSHINE  MM
  AVERAGE SKY COVER 0.4


WEATHER CONDITIONS
 THE FOLLOWING WEATHER WAS RECORDED YESTERDAY.
  LIGHT RAIN
  FOG


RELATIVE HUMIDITY (PERCENT)
 HIGHEST    85           300 AM
 LOWEST     38           500 PM
 AVERAGE    62

..........................................................


THE BRADFORD CLIMATE NORMALS FOR TODAY
                         NORMAL    RECORD    YEAR
 MAXIMUM TEMPERATURE (F)   59        82      2009
 MINIMUM TEMPERATURE (F)   35        17      1967


SUNRISE AND SUNSET
APRIL 25 2019.........SUNRISE   620 AM EDT   SUNSET   806 PM EDT
APRIL 26 2019.........SUNRISE   618 AM EDT   SUNSET   807 PM EDT


-  INDICATES NEGATIVE NUMBERS.
R  INDICATES RECORD WAS SET OR TIED.
MM INDICATES DATA IS MISSING.
T  INDICATES TRACE AMOUNT.




$$
