000
CDUS46 KHNX 200025
CLIBFL


CLIMATE REPORT
NATIONAL WEATHER SERVICE SAN JOAQUIN VALLEY, CA
525 PM PDT WED JUN 19 2019


...................................

...THE BAKERSFIELD CA CLIMATE SUMMARY FOR JUNE 19 2019...
VALID AS OF 0500 PM LOCAL TIME.

CLIMATE NORMAL PERIOD 1981 TO 2010
CLIMATE RECORD PERIOD 1889 TO 2019


WEATHER ITEM   OBSERVED TIME   RECORD YEAR NORMAL DEPARTURE LAST
                VALUE   (LST)  VALUE       VALUE  FROM      YEAR
                                                  NORMAL
..................................................................
TEMPERATURE (F)
 TODAY
  MAXIMUM        103    340 PM 109    2017  92     11       93
  MINIMUM         79    533 AM  43    1913  65     14       67
                                      1907
  AVERAGE         91                        78     13       80

PRECIPITATION (IN)
  TODAY            0.00          0.00 2018   0.01  -0.01     0.00
                                      2017
                                      2016
  MONTH TO DATE    0.23                      0.07   0.16     0.00
  SINCE OCT 1      7.80                      6.34   1.46     3.95
  SINCE JAN 1      6.50                      4.38   2.12     3.88

SNOWFALL (IN)
  TODAY            0.0
  MONTH TO DATE    0.0
  SINCE JUN 1      0.0
  SINCE JUL 1      0.0
  SNOW DEPTH       0

DEGREE DAYS
 HEATING
  TODAY            0                         0      0        0
  MONTH TO DATE    0                         0      0        0
  SINCE JUN 1      0                         0      0        0
  SINCE JUL 1   1698                      2173   -475     1535

 COOLING
  TODAY           26                        13     13       15
  MONTH TO DATE  350                       212    138      255
  SINCE JUN 1    350                       212    138      255
  SINCE JAN 1    613                       479    134      618
..................................................................


WIND (MPH)
  HIGHEST WIND SPEED    17   HIGHEST WIND DIRECTION    NW (310)
  HIGHEST GUST SPEED    20   HIGHEST GUST DIRECTION    NW (310)
  AVERAGE WIND SPEED     4.5




RELATIVE HUMIDITY (PERCENT)
 HIGHEST    52
 LOWEST     20
 AVERAGE    36

..........................................................


THE BAKERSFIELD CA CLIMATE NORMALS FOR TOMORROW
                         NORMAL    RECORD    YEAR
 MAXIMUM TEMPERATURE (F)   92       113      1920
 MINIMUM TEMPERATURE (F)   65        47      1913
                                             1907


SUNRISE AND SUNSET
JUNE 19 2019..........SUNRISE   541 AM PDT   SUNSET   814 PM PDT
JUNE 20 2019..........SUNRISE   541 AM PDT   SUNSET   814 PM PDT


-  INDICATES NEGATIVE NUMBERS.
R  INDICATES RECORD WAS SET OR TIED.
MM INDICATES DATA IS MISSING.
T  INDICATES TRACE AMOUNT.




$$
