000
CDUS46 KHNX 190026
CLIBFL


CLIMATE REPORT
NATIONAL WEATHER SERVICE SAN JOAQUIN VALLEY, CA
525 PM PDT THU APR 18 2019


...................................

...THE BAKERSFIELD CA CLIMATE SUMMARY FOR APRIL 18 2019...
VALID AS OF 0500 PM LOCAL TIME.

CLIMATE NORMAL PERIOD 1981 TO 2010
CLIMATE RECORD PERIOD 1889 TO 2019


WEATHER ITEM   OBSERVED TIME   RECORD YEAR NORMAL DEPARTURE LAST
                VALUE   (LST)  VALUE       VALUE  FROM      YEAR
                                                  NORMAL
..................................................................
TEMPERATURE (F)
 TODAY
  MAXIMUM         90    329 PM  98    1910  76     14       73
  MINIMUM         54    452 AM  35    1922  51      3       45
  AVERAGE         72                        63      9       59

PRECIPITATION (IN)
  TODAY            0.00          0.52 1967   0.01  -0.01     0.00
  MONTH TO DATE    0.05                      0.36  -0.31     0.20
  SINCE OCT 1      5.94                      5.93   0.01     3.93
  SINCE JAN 1      4.64                      3.97   0.67     3.86

SNOWFALL (IN)
  TODAY            0.0
  MONTH TO DATE    0.0
  SINCE MAR 1      0.0
  SINCE JUL 1      0.0
  SNOW DEPTH       0

DEGREE DAYS
 HEATING
  TODAY            0                         4     -4        6
  MONTH TO DATE   30                        95    -65       43
  SINCE MAR 1    259                       334    -75      244
  SINCE JUL 1   1653                      2108   -455     1522

 COOLING
  TODAY            7                         2      5        0
  MONTH TO DATE   23                        25     -2       46
  SINCE MAR 1     23                        34    -11       62
  SINCE JAN 1     23                        34    -11       62
..................................................................


WIND (MPH)
  HIGHEST WIND SPEED    15   HIGHEST WIND DIRECTION     N (360)
  HIGHEST GUST SPEED    20   HIGHEST GUST DIRECTION     W (280)
  AVERAGE WIND SPEED     5.8




RELATIVE HUMIDITY (PERCENT)
 HIGHEST    67
 LOWEST     23
 AVERAGE    45

..........................................................


THE BAKERSFIELD CA CLIMATE NORMALS FOR TOMORROW
                         NORMAL    RECORD    YEAR
 MAXIMUM TEMPERATURE (F)   76        98      1910
 MINIMUM TEMPERATURE (F)   51        38      1996
                                             1968
                                             1955


SUNRISE AND SUNSET
APRIL 18 2019.........SUNRISE   620 AM PDT   SUNSET   732 PM PDT
APRIL 19 2019.........SUNRISE   619 AM PDT   SUNSET   732 PM PDT


-  INDICATES NEGATIVE NUMBERS.
R  INDICATES RECORD WAS SET OR TIED.
MM INDICATES DATA IS MISSING.
T  INDICATES TRACE AMOUNT.




$$
