000
CDUS44 KAMA 152126
CLIBGD


CLIMATE REPORT
NATIONAL WEATHER SERVICE AMARILLO TX
426 PM CDT SAT JUN 15 2019


...................................

...THE BORGER CLIMATE SUMMARY FOR JUNE 15 2019...
VALID TODAY AS OF 0400 PM LOCAL TIME.

CLIMATE NORMAL PERIOD 1981 TO 2010
CLIMATE RECORD PERIOD 1949 TO 2019


WEATHER ITEM   OBSERVED TIME   RECORD YEAR NORMAL DEPARTURE LAST
                VALUE   (LST)  VALUE       VALUE  FROM      YEAR
                                                  NORMAL
..................................................................
TEMPERATURE (F)
 TODAY
  MAXIMUM         88    317 PM 106    2017  89     -1       98
  MINIMUM         62    617 AM  46    1989  64     -2       75
  AVERAGE         75                        77     -2       87

PRECIPITATION (IN)
  TODAY            0.00          0.69 1972   0.11  -0.11     0.00
  MONTH TO DATE    1.36                      1.68  -0.32     0.36
  SINCE JUN 1      1.36                      1.68  -0.32     0.36
  SINCE JAN 1     11.30                      8.73   2.57     3.76

SNOWFALL (IN)
  TODAY            0.0           0.0  2013                   0.0
                                      2012
                                      2011
  MONTH TO DATE    0.0                                       0.0
  SINCE JUN 1      0.0                                       0.0
  SINCE JUL 1      9.3                                       2.0
  SNOW DEPTH       0

DEGREE DAYS
 HEATING
  TODAY            0                         0      0        0
  MONTH TO DATE    0                         0      0        0
  SINCE JUN 1      0                         0      0        0
  SINCE JUL 1   3555                      3763   -208     3270

 COOLING
  TODAY           10                        12     -2       22
  MONTH TO DATE  130                       152    -22      276
  SINCE JUN 1    130                       152    -22      276
  SINCE JAN 1    297                       349    -52      707
..................................................................


WIND (MPH)
  RESULTANT WIND SPEED   2   RESULTANT WIND DIRECTION  NW (320)
  HIGHEST WIND SPEED    23   HIGHEST WIND DIRECTION     S (200)
  HIGHEST GUST SPEED    38   HIGHEST GUST DIRECTION     S (200)
  AVERAGE WIND SPEED    13.4


SKY COVER
  AVERAGE SKY COVER 0.1


WEATHER CONDITIONS
 THE FOLLOWING WEATHER WAS RECORDED TODAY.
  NO SIGNIFICANT WEATHER WAS OBSERVED.


RELATIVE HUMIDITY (PERCENT)
 HIGHEST    78           600 AM
 LOWEST     46           300 PM
 AVERAGE    62

..........................................................


THE BORGER CLIMATE NORMALS FOR TOMORROW
                         NORMAL    RECORD    YEAR
 MAXIMUM TEMPERATURE (F)   90       108      2011
 MINIMUM TEMPERATURE (F)   65        47      1981


SUNRISE AND SUNSET
JUNE 15 2019..........SUNRISE   629 AM CDT   SUNSET   903 PM CDT
JUNE 16 2019..........SUNRISE   629 AM CDT   SUNSET   903 PM CDT


-  INDICATES NEGATIVE NUMBERS.
R  INDICATES RECORD WAS SET OR TIED.
MM INDICATES DATA IS MISSING.
T  INDICATES TRACE AMOUNT.




$$
