000
CDUS44 KAMA 202127
CLIBGD


CLIMATE REPORT
NATIONAL WEATHER SERVICE AMARILLO TX
426 PM CDT SAT APR 20 2019


...................................

...THE BORGER CLIMATE SUMMARY FOR APRIL 20 2019...
VALID TODAY AS OF 0400 PM LOCAL TIME.

CLIMATE NORMAL PERIOD 1981 TO 2010
CLIMATE RECORD PERIOD 1949 TO 2019


WEATHER ITEM   OBSERVED TIME   RECORD YEAR NORMAL DEPARTURE LAST
                VALUE   (LST)  VALUE       VALUE  FROM      YEAR
                                                  NORMAL
..................................................................
TEMPERATURE (F)
 TODAY
  MAXIMUM         90    254 PM  91    1989  74     16       60
  MINIMUM         51    242 AM  25    1966  46      5       45
  AVERAGE         71                        60     11       53

PRECIPITATION (IN)
  TODAY            0.00          1.09 1952   0.07  -0.07     0.47
  MONTH TO DATE    1.35                      1.14   0.21     0.47
  SINCE MAR 1      2.45                      2.55  -0.10     0.51
  SINCE JAN 1      2.77                      3.76  -0.99     0.52

SNOWFALL (IN)
  TODAY            0.0           T    1959                   0.0
  MONTH TO DATE    0.0                                       0.0
  SINCE MAR 1      T                                         0.0
  SINCE JUL 1      9.3                                       2.0
  SNOW DEPTH       0

DEGREE DAYS
 HEATING
  TODAY            0                         7     -7       12
  MONTH TO DATE  108                       174    -66      220
  SINCE MAR 1    569                       658    -89      531
  SINCE JUL 1   3438                      3651   -213     3192

 COOLING
  TODAY            6                         1      5        0
  MONTH TO DATE   30                        17     13       30
  SINCE MAR 1     38                        24     14       41
  SINCE JAN 1     38                        24     14       41
..................................................................


WIND (MPH)
  RESULTANT WIND SPEED  12   RESULTANT WIND DIRECTION  SW (210)
  HIGHEST WIND SPEED    24   HIGHEST WIND DIRECTION     S (190)
  HIGHEST GUST SPEED    35   HIGHEST GUST DIRECTION    SW (210)
  AVERAGE WIND SPEED    12.3


SKY COVER
  AVERAGE SKY COVER 0.0


WEATHER CONDITIONS
 THE FOLLOWING WEATHER WAS RECORDED TODAY.
  NO SIGNIFICANT WEATHER WAS OBSERVED.


RELATIVE HUMIDITY (PERCENT)
 HIGHEST    54           300 AM
 LOWEST     16           300 PM
 AVERAGE    35

..........................................................


THE BORGER CLIMATE NORMALS FOR TOMORROW
                         NORMAL    RECORD    YEAR
 MAXIMUM TEMPERATURE (F)   74        92      1960
 MINIMUM TEMPERATURE (F)   47        31      1982


SUNRISE AND SUNSET
APRIL 20 2019.........SUNRISE   707 AM CDT   SUNSET   823 PM CDT
APRIL 21 2019.........SUNRISE   705 AM CDT   SUNSET   824 PM CDT


-  INDICATES NEGATIVE NUMBERS.
R  INDICATES RECORD WAS SET OR TIED.
MM INDICATES DATA IS MISSING.
T  INDICATES TRACE AMOUNT.




$$
