000
CDUS41 KBGM 200225
CLIBGM


CLIMATE REPORT
NATIONAL WEATHER SERVICE BINGHAMTON NY
1024 PM EDT FRI APR 19 2019


...................................

...THE BINGHAMTON NY CLIMATE SUMMARY FOR APRIL 19 2019...
VALID AS OF 1000 PM LOCAL TIME.

CLIMATE NORMAL PERIOD 1981 TO 2010
CLIMATE RECORD PERIOD 1951 TO 2019


WEATHER ITEM   OBSERVED TIME   RECORD YEAR NORMAL DEPARTURE LAST
                VALUE   (LST)  VALUE       VALUE  FROM      YEAR
                                                  NORMAL
..................................................................
TEMPERATURE (F)
 TODAY
  MAXIMUM         68   1220 PM  85    1976  56     12       34
  MINIMUM         60    633 PM  22    2001  37     23       28
  AVERAGE         64                        47     17       31

PRECIPITATION (IN)
  TODAY            0.44          1.53 1998   0.11   0.33     0.10
  MONTH TO DATE    2.37                      2.22   0.15     1.76
  SINCE MAR 1      3.93                      5.21  -1.28     4.68
  SINCE JAN 1     10.16                      9.97   0.19    10.88

SNOWFALL (IN)
  TODAY            0.0           6.9  1983   0.1   -0.1      1.2
  MONTH TO DATE    1.1                       3.4   -2.3      6.1
  SINCE MAR 1      9.2                      18.5   -9.3     42.4
  SINCE JUL 1     81.4                      82.4   -1.0     90.5
  SNOW DEPTH       0

DEGREE DAYS
 HEATING
  TODAY            1                        19    -18       34
  MONTH TO DATE  364                       423    -59      536
  SINCE MAR 1   1421                      1420      1     1655
  SINCE JUL 1   6610                      6619     -9     6623

 COOLING
  TODAY            0                         0      0        0
  MONTH TO DATE    0                         0      0        0
  SINCE MAR 1      0                         0      0        0
  SINCE JAN 1      0                         0      0        0
..................................................................


WIND (MPH)
  HIGHEST WIND SPEED    23   HIGHEST WIND DIRECTION    SW (210)
  HIGHEST GUST SPEED    33   HIGHEST GUST DIRECTION     S (200)
  AVERAGE WIND SPEED    10.1


SKY COVER
  AVERAGE SKY COVER 0.5


WEATHER CONDITIONS
 THE FOLLOWING WEATHER WAS RECORDED TODAY.
  HEAVY RAIN
  RAIN
  LIGHT RAIN
  FOG


RELATIVE HUMIDITY (PERCENT)
 HIGHEST   100           600 PM
 LOWEST     63          1000 AM
 AVERAGE    82

..........................................................


THE BINGHAMTON NY CLIMATE NORMALS FOR TOMORROW
                         NORMAL    RECORD    YEAR
 MAXIMUM TEMPERATURE (F)   56        80      1954
 MINIMUM TEMPERATURE (F)   38        24      1988
                                             1953


SUNRISE AND SUNSET
APRIL 19 2019.........SUNRISE   617 AM EDT   SUNSET   750 PM EDT
APRIL 20 2019.........SUNRISE   616 AM EDT   SUNSET   751 PM EDT


-  INDICATES NEGATIVE NUMBERS.
R  INDICATES RECORD WAS SET OR TIED.
MM INDICATES DATA IS MISSING.
T  INDICATES TRACE AMOUNT.




$$
