000
CDUS41 KBGM 190611
CLIBGM


CLIMATE REPORT
NATIONAL WEATHER SERVICE BINGHAMTON NY
207 AM EDT WED JUN 19 2019


...................................

...THE BINGHAMTON NY CLIMATE SUMMARY FOR JUNE 18 2019...

CLIMATE NORMAL PERIOD 1981 TO 2010
CLIMATE RECORD PERIOD 1951 TO 2019


WEATHER ITEM   OBSERVED TIME   RECORD YEAR NORMAL DEPARTURE LAST
                VALUE   (LST)  VALUE       VALUE  FROM      YEAR
                                                  NORMAL
..................................................................
TEMPERATURE (F)
 YESTERDAY
  MAXIMUM         73    430 PM  92    1957  74     -1       90
  MINIMUM         58    344 AM  43    1986  56      2       70
  AVERAGE         66                        65      1       80

PRECIPITATION (IN)
  YESTERDAY        0.27          1.17 2009   0.15   0.12     0.10
  MONTH TO DATE    3.41                      2.61   0.80     1.17
  SINCE JUN 1      3.41                      2.61   0.80     1.17
  SINCE JAN 1     20.13                     17.36   2.77    16.39

SNOWFALL (IN)
  YESTERDAY        0.0           0.0  2002   0.0    0.0      0.0
                                      2001
  MONTH TO DATE    0.0                       0.0    0.0      0.0
  SINCE JUN 1      0.0                       0.0    0.0      0.0
  SINCE JUL 1     81.4                      83.4   -2.0     90.6
  SNOW DEPTH       0

DEGREE DAYS
 HEATING
  YESTERDAY        0                         2     -2        0
  MONTH TO DATE   87                        71     16       59
  SINCE JUN 1     87                        71     16       59
  SINCE JUL 1   7164                      7175    -11     7044

 COOLING
  YESTERDAY        1                         3     -2       15
  MONTH TO DATE    3                        35    -32       34
  SINCE JUN 1      3                        35    -32       34
  SINCE JAN 1     10                        58    -48       80
..................................................................


WIND (MPH)
  HIGHEST WIND SPEED    10   HIGHEST WIND DIRECTION     S (180)
  HIGHEST GUST SPEED    14   HIGHEST GUST DIRECTION     S (170)
  AVERAGE WIND SPEED     3.2


SKY COVER
  AVERAGE SKY COVER 0.7


WEATHER CONDITIONS
 THE FOLLOWING WEATHER WAS RECORDED YESTERDAY.
  LIGHT RAIN
  FOG
  FOG W/VISIBILITY <= 1/4 MILE


RELATIVE HUMIDITY (PERCENT)
 HIGHEST   100           300 AM
 LOWEST     66           200 PM
 AVERAGE    83

..........................................................


THE BINGHAMTON NY CLIMATE NORMALS FOR TODAY
                         NORMAL    RECORD    YEAR
 MAXIMUM TEMPERATURE (F)   75        90      2007
 MINIMUM TEMPERATURE (F)   56        44      1956


SUNRISE AND SUNSET
JUNE 19 2019..........SUNRISE   527 AM EDT   SUNSET   843 PM EDT
JUNE 20 2019..........SUNRISE   527 AM EDT   SUNSET   844 PM EDT


-  INDICATES NEGATIVE NUMBERS.
R  INDICATES RECORD WAS SET OR TIED.
MM INDICATES DATA IS MISSING.
T  INDICATES TRACE AMOUNT.




$$
