000
CDUS41 KCAR 170551
CLIBGR


CLIMATE REPORT
NATIONAL WEATHER SERVICE CARIBOU, ME
150 AM EDT WED JUL 17 2019


...................................

...THE BANGOR ME CLIMATE SUMMARY FOR JULY 16 2019...

CLIMATE NORMAL PERIOD 1981 TO 2010
CLIMATE RECORD PERIOD 1925 TO 2019


WEATHER ITEM   OBSERVED TIME   RECORD YEAR NORMAL DEPARTURE LAST
                VALUE   (LST)  VALUE       VALUE  FROM      YEAR
                                                  NORMAL
..................................................................
TEMPERATURE (F)
 YESTERDAY
  MAXIMUM         84    249 PM  94    1968  80      4       86
  MINIMUM         58    434 AM  37    1946  58      0       61
  AVERAGE         71                        69      2       74

PRECIPITATION (IN)
  YESTERDAY        T             1.54 2014   0.11  -0.11     0.00
  MONTH TO DATE    2.24                      1.71   0.53     1.37
  SINCE JUN 1      7.57                      5.47   2.10     6.79
  SINCE JAN 1     26.45                     21.52   4.93    24.63

SNOWFALL (IN)
  YESTERDAY        0.0           0.0  2002   0.0             0.0
                                      2001
  MONTH TO DATE    0.0                       0.0             0.0
  SINCE JUN 1      0.0                       0.0             0.0
  SINCE JUL 1      0.0                       0.0             0.0
  SNOW DEPTH       0

DEGREE DAYS
 HEATING
  YESTERDAY        0                         1     -1        0
  MONTH TO DATE    0                        16    -16        3
  SINCE JUN 1     90                       123    -33      140
  SINCE JUL 1      0                        16    -16        3

 COOLING
  YESTERDAY        6                         4      2        9
  MONTH TO DATE   98                        62     36      100
  SINCE JUN 1    118                       114      4      140
  SINCE JAN 1    118                       120     -2      149
..................................................................


WIND (MPH)
  RESULTANT WIND SPEED   6   RESULTANT WIND DIRECTION   S (190)
  HIGHEST WIND SPEED    17   HIGHEST WIND DIRECTION     S (180)
  HIGHEST GUST SPEED    29   HIGHEST GUST DIRECTION     S (180)


SKY COVER
  POSSIBLE SUNSHINE  MM
  AVERAGE SKY COVER 0.5


WEATHER CONDITIONS
 THE FOLLOWING WEATHER WAS RECORDED YESTERDAY.
  HAZE


RELATIVE HUMIDITY (PERCENT)
 HIGHEST    90
 LOWEST     44
 AVERAGE    67

..........................................................


THE BANGOR ME CLIMATE NORMALS FOR TODAY
                         NORMAL    RECORD    YEAR
 MAXIMUM TEMPERATURE (F)   80        96      1999
 MINIMUM TEMPERATURE (F)   58        41      1946


SUNRISE AND SUNSET
JULY 17 2019..........SUNRISE   505 AM EDT   SUNSET   817 PM EDT
JULY 18 2019..........SUNRISE   506 AM EDT   SUNSET   816 PM EDT


-  INDICATES NEGATIVE NUMBERS.
R  INDICATES RECORD WAS SET OR TIED.
MM INDICATES DATA IS MISSING.
T  INDICATES TRACE AMOUNT.




$$
