000
CDUS41 KCAR 232032
CLIBGR


CLIMATE REPORT
NATIONAL WEATHER SERVICE CARIBOU, ME
431 PM EDT TUE APR 23 2019


...................................

...THE BANGOR ME CLIMATE SUMMARY FOR APRIL 23 2019...
VALID TODAY AS OF 0400 PM LOCAL TIME.

CLIMATE NORMAL PERIOD 1981 TO 2010
CLIMATE RECORD PERIOD 1925 TO 2019


WEATHER ITEM   OBSERVED TIME   RECORD YEAR NORMAL DEPARTURE LAST
                VALUE   (LST)  VALUE       VALUE  FROM      YEAR
                                                  NORMAL
..................................................................
TEMPERATURE (F)
 TODAY
  MAXIMUM         51   1208 AM  83    2007  56     -5       66
  MINIMUM         41   1111 AM  22    1944  35      6       24
                                      1933
                                      1929
  AVERAGE         46                        46      0       45

PRECIPITATION (IN)
  TODAY            0.54          2.32 2012   0.12   0.42     0.00
  MONTH TO DATE    3.81                      2.79   1.02     2.47
  SINCE MAR 1      5.75                      6.17  -0.42     4.65
  SINCE JAN 1     12.73                     11.58   1.15    13.17

SNOWFALL (IN)
  TODAY            0.0           2.6  1964   0.0    0.0      0.0
  MONTH TO DATE   10.2                       3.5    6.7      2.3
  SINCE MAR 1     16.9                      15.2    1.7     35.3
  SINCE JUL 1     79.9                      65.9   14.0    111.3
  SNOW DEPTH       0

DEGREE DAYS
 HEATING
  TODAY           19                        19      0       20
  MONTH TO DATE  525                       550    -25      636
  SINCE MAR 1   1661                      1627     34     1674
  SINCE JUL 1   7353                      7273     80     6892

 COOLING
  TODAY            0                         0      0        0
  MONTH TO DATE    0                         0      0        0
  SINCE MAR 1      0                         0      0        0
  SINCE JAN 1      0                         0      0        0
..................................................................


WIND (MPH)
  HIGHEST WIND SPEED    21   HIGHEST WIND DIRECTION    NE (30)
  HIGHEST GUST SPEED    29   HIGHEST GUST DIRECTION    NE (40)
  AVERAGE WIND SPEED    15.8


SKY COVER
  POSSIBLE SUNSHINE  MM
  AVERAGE SKY COVER 1.0


WEATHER CONDITIONS
 THE FOLLOWING WEATHER WAS RECORDED TODAY.
  RAIN
  LIGHT RAIN
  FOG


RELATIVE HUMIDITY (PERCENT)
 HIGHEST   100           100 AM
 LOWEST     89          1200 AM
 AVERAGE    95

..........................................................


THE BANGOR ME CLIMATE NORMALS FOR TOMORROW
                         NORMAL    RECORD    YEAR
 MAXIMUM TEMPERATURE (F)   57        79      1942
 MINIMUM TEMPERATURE (F)   35        22      1944


SUNRISE AND SUNSET
APRIL 23 2019.........SUNRISE   538 AM EDT   SUNSET   730 PM EDT
APRIL 24 2019.........SUNRISE   536 AM EDT   SUNSET   731 PM EDT


-  INDICATES NEGATIVE NUMBERS.
R  INDICATES RECORD WAS SET OR TIED.
MM INDICATES DATA IS MISSING.
T  INDICATES TRACE AMOUNT.




$$
