000
CDUS41 KCAR 230551
CLIBGR


CLIMATE REPORT
NATIONAL WEATHER SERVICE CARIBOU, ME
151 AM EDT MON APR 23 2018


...................................

...THE BANGOR ME CLIMATE SUMMARY FOR APRIL 22 2018...

CLIMATE NORMAL PERIOD 1981 TO 2010
CLIMATE RECORD PERIOD 1925 TO 2018


WEATHER ITEM   OBSERVED TIME   RECORD YEAR NORMAL DEPARTURE LAST
                VALUE   (LST)  VALUE       VALUE  FROM      YEAR
                                                  NORMAL
..................................................................
TEMPERATURE (F)
 YESTERDAY
  MAXIMUM         57    324 PM  76    1977  56      1       39
  MINIMUM         26    450 AM  21    2013  35     -9       35
  AVERAGE         42                        45     -3       37

PRECIPITATION (IN)
  YESTERDAY        0.00          1.51 2000   0.12  -0.12     0.13
  MONTH TO DATE    2.47                      2.67  -0.20     2.78
  SINCE MAR 1      4.65                      6.05  -1.40     4.85
  SINCE JAN 1     13.17                     11.46   1.71    10.74

SNOWFALL (IN)
  YESTERDAY        0.0           0.4  1963   0.1              T
  MONTH TO DATE    2.3                       3.5             2.3
  SINCE MAR 1     35.3                      15.2            19.3
  SINCE JUL 1    111.3                      65.9            82.6
  SNOW DEPTH       0

DEGREE DAYS
 HEATING
  YESTERDAY       23                        20      3       28
  MONTH TO DATE  616                       531     85      468
  SINCE MAR 1   1654                      1608     46     1682
  SINCE JUL 1   6872                      7254   -382     6810

 COOLING
  YESTERDAY        0                         0      0        0
  MONTH TO DATE    0                         0      0        0
  SINCE MAR 1      0                         0      0        0
  SINCE JAN 1      0                         0      0        0
..................................................................


WIND (MPH)
  RESULTANT WIND SPEED   7   RESULTANT WIND DIRECTION  NW (320)
  HIGHEST WIND SPEED    22   HIGHEST WIND DIRECTION    NW (330)
  HIGHEST GUST SPEED    26   HIGHEST GUST DIRECTION    NW (320)


SKY COVER
  POSSIBLE SUNSHINE  MM
  AVERAGE SKY COVER 0.1


WEATHER CONDITIONS
 THE FOLLOWING WEATHER WAS RECORDED YESTERDAY.
  NO SIGNIFICANT WEATHER WAS OBSERVED.


RELATIVE HUMIDITY (PERCENT)
 HIGHEST    81
 LOWEST     16
 AVERAGE    49

..........................................................


THE BANGOR ME CLIMATE NORMALS FOR TODAY
                         NORMAL    RECORD    YEAR
 MAXIMUM TEMPERATURE (F)   56        83      2007
 MINIMUM TEMPERATURE (F)   35        22      1944
                                             1933
                                             1929


SUNRISE AND SUNSET
APRIL 23 2018.........SUNRISE   538 AM EDT   SUNSET   730 PM EDT
APRIL 24 2018.........SUNRISE   536 AM EDT   SUNSET   732 PM EDT


-  INDICATES NEGATIVE NUMBERS.
R  INDICATES RECORD WAS SET OR TIED.
MM INDICATES DATA IS MISSING.
T  INDICATES TRACE AMOUNT.




$$
