002
CDUS44 KBMX 160741
CLIBHM


CLIMATE REPORT
NATIONAL WEATHER SERVICE BIRMINGHAM, AL
241 AM CDT WED OCT 16 2019


...................................

...THE BIRMINGHAM CLIMATE SUMMARY FOR OCTOBER 15 2019...

CLIMATE NORMAL PERIOD 1981 TO 2010
CLIMATE RECORD PERIOD 1895 TO 2019


WEATHER ITEM   OBSERVED TIME   RECORD YEAR NORMAL DEPARTURE LAST
                VALUE   (LST)  VALUE       VALUE  FROM      YEAR
                                                  NORMAL
..................................................................
TEMPERATURE (F)
 YESTERDAY
  MAXIMUM         72   1218 PM  90    1897  76     -4       85
  MINIMUM         64    322 AM  34    1978  53     11       67
  AVERAGE         68                        64      4       76

PRECIPITATION (IN)
  YESTERDAY        0.15          1.92 1932   0.11   0.04     0.00
  MONTH TO DATE    1.48                      1.67  -0.19     0.23
  SINCE SEP 1      2.04                      5.57  -3.53     4.55
  SINCE JAN 1     38.54                     42.65  -4.11    43.30

SNOWFALL (IN)
  YESTERDAY        0.0                       0.0    0.0      0.0
  MONTH TO DATE    0.0                       0.0    0.0      0.0
  SINCE SEP 1      0.0                       0.0    0.0      0.0
  SINCE JUL 1      0.0                       0.0    0.0      0.0
  SNOW DEPTH       0

DEGREE DAYS
 HEATING
  YESTERDAY        0                         3     -3        0
  MONTH TO DATE    7                        34    -27        4
  SINCE SEP 1      7                        43    -36        4
  SINCE JUL 1      7                        43    -36        4

 COOLING
  YESTERDAY        3                         3      0       11
  MONTH TO DATE  160                        59    101      169
  SINCE SEP 1    682                       359    323      668
  SINCE JAN 1   2609                      2009    600     2578
..................................................................


WIND (MPH)
  HIGHEST WIND SPEED    10   HIGHEST WIND DIRECTION     S (180)
  HIGHEST GUST SPEED    13   HIGHEST GUST DIRECTION     S (190)
  AVERAGE WIND SPEED     2.9


SKY COVER
  AVERAGE SKY COVER 1.0


WEATHER CONDITIONS
 THE FOLLOWING WEATHER WAS RECORDED YESTERDAY.
  RAIN
  LIGHT RAIN
  FOG


RELATIVE HUMIDITY (PERCENT)
 HIGHEST    90           200 PM
 LOWEST     66           800 AM
 AVERAGE    78

..........................................................


THE BIRMINGHAM CLIMATE NORMALS FOR TODAY
                         NORMAL    RECORD    YEAR
 MAXIMUM TEMPERATURE (F)   75        90      1897
 MINIMUM TEMPERATURE (F)   53        37      1991


SUNRISE AND SUNSET
OCTOBER 16 2019.......SUNRISE   652 AM CDT   SUNSET   612 PM CDT
OCTOBER 17 2019.......SUNRISE   653 AM CDT   SUNSET   611 PM CDT


-  INDICATES NEGATIVE NUMBERS.
R  INDICATES RECORD WAS SET OR TIED.
MM INDICATES DATA IS MISSING.
T  INDICATES TRACE AMOUNT.




$$
