000
CDUS44 KBMX 150737
CLIBHM


CLIMATE REPORT
NATIONAL WEATHER SERVICE BIRMINGHAM, AL
237 AM CDT SAT JUN 15 2019


...................................

...THE BIRMINGHAM CLIMATE SUMMARY FOR JUNE 14 2019...

CLIMATE NORMAL PERIOD 1981 TO 2010
CLIMATE RECORD PERIOD 1895 TO 2019


WEATHER ITEM   OBSERVED TIME   RECORD YEAR NORMAL DEPARTURE LAST
                VALUE   (LST)  VALUE       VALUE  FROM      YEAR
                                                  NORMAL
..................................................................
TEMPERATURE (F)
 YESTERDAY
  MAXIMUM         83    452 PM  98    1971  88     -5       89
                                      1963
                                      1897
  MINIMUM         57    428 AM  51    1995  68    -11       72
  AVERAGE         70                        78     -8       81

PRECIPITATION (IN)
  YESTERDAY        0.00          3.21 1929   0.14  -0.14     0.00
  MONTH TO DATE    3.12                      1.99   1.13     2.25
  SINCE JUN 1      3.12                      1.99   1.13     2.25
  SINCE JAN 1     27.31                     25.96   1.35    31.10

DEGREE DAYS
 COOLING
  YESTERDAY        5                        13     -8       16
  MONTH TO DATE  160                       157      3      189
  SINCE JUN 1    160                       157      3      189
  SINCE JAN 1    600                       439    161      611
..................................................................


WIND (MPH)
  HIGHEST WIND SPEED    12   HIGHEST WIND DIRECTION     E (90)
  HIGHEST GUST SPEED    15   HIGHEST GUST DIRECTION     E (80)
  AVERAGE WIND SPEED     5.3


SKY COVER
  AVERAGE SKY COVER 0.3


WEATHER CONDITIONS
 THE FOLLOWING WEATHER WAS RECORDED YESTERDAY.
  NO SIGNIFICANT WEATHER WAS OBSERVED.


RELATIVE HUMIDITY (PERCENT)
 HIGHEST    86           200 AM
 LOWEST     34           200 PM
 AVERAGE    60

..........................................................


THE BIRMINGHAM CLIMATE NORMALS FOR TODAY
                         NORMAL    RECORD    YEAR
 MAXIMUM TEMPERATURE (F)   88        98      2011
                                             1952
                                             1936
 MINIMUM TEMPERATURE (F)   68        52      1917


SUNRISE AND SUNSET
JUNE 15 2019..........SUNRISE   536 AM CDT   SUNSET   759 PM CDT
JUNE 16 2019..........SUNRISE   537 AM CDT   SUNSET   759 PM CDT


-  INDICATES NEGATIVE NUMBERS.
R  INDICATES RECORD WAS SET OR TIED.
MM INDICATES DATA IS MISSING.
T  INDICATES TRACE AMOUNT.




$$
