000
CDUS44 KBMX 252156
CLIBHM


CLIMATE REPORT
NATIONAL WEATHER SERVICE BIRMINGHAM, AL
456 PM CDT THU APR 25 2019


...................................

...THE BIRMINGHAM CLIMATE SUMMARY FOR APRIL 25 2019...
VALID AS OF 0900 AM LOCAL TIME.

CLIMATE NORMAL PERIOD 1981 TO 2010
CLIMATE RECORD PERIOD 1895 TO 2019


WEATHER ITEM   OBSERVED TIME   RECORD YEAR NORMAL DEPARTURE LAST
                VALUE   (LST)  VALUE       VALUE  FROM      YEAR
                                                  NORMAL
..................................................................
TEMPERATURE (F)
 TODAY
  MAXIMUM         74   1133 AM  88    2009  77     -3       75
                                      1896
  MINIMUM         62    342 PM  33    1910  53      9       54
  AVERAGE         68                        65      3       65

PRECIPITATION (IN)
  TODAY            0.23          2.10 1980   0.15   0.08     0.00
  MONTH TO DATE    4.30                      3.66   0.64     6.99
  SINCE MAR 1      7.15                      8.89  -1.74    11.12
  SINCE JAN 1     19.77                     18.26   1.51    20.61

SNOWFALL (IN)
  TODAY            0.0                       0.0    0.0      0.0
  MONTH TO DATE    0.0                       0.2   -0.2      0.0
  SINCE MAR 1      0.0                       0.8   -0.8      0.0
  SINCE JUL 1      T                         1.6   -1.6      4.0
  SNOW DEPTH       0

DEGREE DAYS

 COOLING
  TODAY            3                         3      0        0
  MONTH TO DATE   65                        47     18       24
  SINCE MAR 1     78                        65     13       44
  SINCE JAN 1     90                        69     21       90
..................................................................


WIND (MPH)
  HIGHEST WIND SPEED    29   HIGHEST WIND DIRECTION     S (200)
  HIGHEST GUST SPEED    37   HIGHEST GUST DIRECTION     W (260)
  AVERAGE WIND SPEED     8.3


SKY COVER
  AVERAGE SKY COVER 0.6


WEATHER CONDITIONS
 THE FOLLOWING WEATHER WAS RECORDED TODAY.
  NO SIGNIFICANT WEATHER WAS OBSERVED.


RELATIVE HUMIDITY (PERCENT)
 HIGHEST    93           400 AM
 LOWEST     73          1200 AM
 AVERAGE    83

..........................................................


THE BIRMINGHAM CLIMATE NORMALS FOR TOMORROW
                         NORMAL    RECORD    YEAR
 MAXIMUM TEMPERATURE (F)   77        89      1986
 MINIMUM TEMPERATURE (F)   54        34      1910


SUNRISE AND SUNSET
APRIL 25 2019.........SUNRISE   605 AM CDT   SUNSET   725 PM CDT
APRIL 26 2019.........SUNRISE   604 AM CDT   SUNSET   726 PM CDT


-  INDICATES NEGATIVE NUMBERS.
R  INDICATES RECORD WAS SET OR TIED.
MM INDICATES DATA IS MISSING.
T  INDICATES TRACE AMOUNT.




$$
