000
CDUS45 KVEF 200039
CLIBIH


CLIMATE REPORT
NATIONAL WEATHER SERVICE LAS VEGAS, NV
539 PM PDT FRI APR 19 2019


...................................

...THE BISHOP CA CLIMATE SUMMARY FOR APRIL 19 2019...
VALID TODAY AS OF 0500 PM LOCAL TIME.

CLIMATE NORMAL PERIOD 1981 TO 2010
CLIMATE RECORD PERIOD 1943 TO 2019


WEATHER ITEM   OBSERVED RECORD YEAR NORMAL DEPARTURE LAST
                VALUE   VALUE       VALUE  FROM      YEAR
                                           NORMAL
...........................................................
TEMPERATURE (F)
 TODAY
  MAXIMUM         83     89    1989  74      9       60
  MINIMUM         38     19    2007  37      1       44
  AVERAGE         61

PRECIPITATION (IN)
  TODAY            0.00   0.46 1964   0.01  -0.01      T
  MONTH TO DATE    T                  0.19  -0.19     0.31
  SINCE OCT 1      7.55               4.24   3.31     1.13
  SINCE JAN 1      5.98               2.62   3.36     0.97

SNOWFALL (IN)
  TODAY            0.0    T    1964   0.0    0.0     MM
  MONTH TO DATE    0.0                0.1   -0.1      0.0
  SINCE MAR 1      0.0                0.6   -0.6      0.0
  SINCE JUL 1      0.9                8.0   -7.1      0.2
  SNOW DEPTH       0

DEGREE DAYS
 HEATING
  TODAY            4                 10     -6       13
  MONTH TO DATE  187                228    -41      149
  SINCE MAR 1    767                744     23      701
  SINCE JUL 1   3831               3951   -120     3530

 COOLING
  TODAY            0                  0      0        0
  MONTH TO DATE    0                  0      0        3
  SINCE MAR 1      0                  0      0        3
  SINCE JAN 1      0                  0      0        3
...........................................................


WIND (MPH)
  RESULTANT WIND SPEED   2   RESULTANT WIND DIRECTION   S (160)
  HIGHEST WIND SPEED    20   HIGHEST WIND DIRECTION    SE (150)
  HIGHEST GUST SPEED    25   HIGHEST GUST DIRECTION    SE (140)
  AVERAGE WIND SPEED     8.3


SKY COVER
  POSSIBLE SUNSHINE  MM
  AVERAGE SKY COVER 0.0


WEATHER CONDITIONS
 THE FOLLOWING WEATHER WAS RECORDED TODAY.
  NO SIGNIFICANT WEATHER WAS OBSERVED.


RELATIVE HUMIDITY (PERCENT)
 HIGHEST    76           400 AM
 LOWEST     13           300 PM
 AVERAGE    45

..........................................................


THE BISHOP CA CLIMATE NORMALS FOR TOMORROW
                         NORMAL    RECORD    YEAR
 MAXIMUM TEMPERATURE (F)   74        91      1950
 MINIMUM TEMPERATURE (F)   37        22      1967
                                             1966


SUNRISE AND SUNSET
APRIL 19 2019.........SUNRISE   614 AM PDT   SUNSET   732 PM PDT
APRIL 20 2019.........SUNRISE   612 AM PDT   SUNSET   733 PM PDT


-  INDICATES NEGATIVE NUMBERS.
R  INDICATES RECORD WAS SET OR TIED.
MM INDICATES DATA IS MISSING.
T  INDICATES TRACE AMOUNT.




$$
