000
CDUS45 KVEF 160830
CLIBIH


CLIMATE REPORT
NATIONAL WEATHER SERVICE LAS VEGAS, NV
129 AM PDT SUN JUN 16 2019


...................................

...THE BISHOP CA CLIMATE SUMMARY FOR JUNE 15 2019...

CLIMATE NORMAL PERIOD 1981 TO 2010
CLIMATE RECORD PERIOD 1943 TO 2019


WEATHER ITEM   OBSERVED TIME   RECORD YEAR NORMAL DEPARTURE LAST
                VALUE   (LST)  VALUE       VALUE  FROM      YEAR
                                                  NORMAL
..................................................................
TEMPERATURE (F)
 YESTERDAY
  MAXIMUM         96    140 PM 107    2000  92      4       96
  MINIMUM         53    449 AM  37    1992  51      2       52
  AVERAGE         75                        71      4       74

PRECIPITATION (IN)
  YESTERDAY        0.00          0.04 1969   0.01  -0.01     0.00
                                      1962
  MONTH TO DATE    0.01                      0.11  -0.10     0.00
  SINCE OCT 1      8.45                      4.61   3.84     1.49
  SINCE JAN 1      6.88                      2.99   3.89     1.33

SNOWFALL (IN)
  YESTERDAY        0.0          MM      MM   0.0    0.0      0.0
  MONTH TO DATE    0.0                       0.0    0.0      0.0
  SINCE JUN 1      0.0                       0.0    0.0      0.0
  SINCE JUL 1      0.9                       8.0   -7.1      0.2
  SNOW DEPTH       0

DEGREE DAYS
 HEATING
  YESTERDAY        0                         0      0        0
  MONTH TO DATE    3                        17    -14        0
  SINCE JUN 1      3                        17    -14        0
  SINCE JUL 1   4061                      4175   -114     3644

 COOLING
  YESTERDAY       10                         7      3        9
  MONTH TO DATE   93                        83     10      124
  SINCE JUN 1     93                        83     10      124
  SINCE JAN 1    102                       151    -49      201
..................................................................


WIND (MPH)
  RESULTANT WIND SPEED   3   RESULTANT WIND DIRECTION  NW (300)
  HIGHEST WIND SPEED    21   HIGHEST WIND DIRECTION     N (350)
  HIGHEST GUST SPEED    26   HIGHEST GUST DIRECTION     N (350)
  AVERAGE WIND SPEED     7.5


SKY COVER
  POSSIBLE SUNSHINE  MM
  AVERAGE SKY COVER 0.0


WEATHER CONDITIONS
 THE FOLLOWING WEATHER WAS RECORDED YESTERDAY.
  NO SIGNIFICANT WEATHER WAS OBSERVED.


RELATIVE HUMIDITY (PERCENT)
 HIGHEST    64           500 AM
 LOWEST     10           500 PM
 AVERAGE    37

..........................................................


THE BISHOP CA CLIMATE NORMALS FOR TODAY
                         NORMAL    RECORD    YEAR
 MAXIMUM TEMPERATURE (F)   92       104      1961
 MINIMUM TEMPERATURE (F)   51        28      1944


SUNRISE AND SUNSET
JUNE 16 2019..........SUNRISE   532 AM PDT   SUNSET   816 PM PDT
JUNE 17 2019..........SUNRISE   532 AM PDT   SUNSET   816 PM PDT


-  INDICATES NEGATIVE NUMBERS.
R  INDICATES RECORD WAS SET OR TIED.
MM INDICATES DATA IS MISSING.
T  INDICATES TRACE AMOUNT.




$$
