000
CDUS45 KVEF 190827
CLIBIH


CLIMATE REPORT
NATIONAL WEATHER SERVICE LAS VEGAS, NV
126 AM PDT THU APR 19 2018


...................................

...THE BISHOP CA CLIMATE SUMMARY FOR APRIL 18 2018...

CLIMATE NORMAL PERIOD 1981 TO 2010
CLIMATE RECORD PERIOD 1943 TO 2018


WEATHER ITEM   OBSERVED TIME   RECORD YEAR NORMAL DEPARTURE LAST
                VALUE   (LST)  VALUE       VALUE  FROM      YEAR
                                                  NORMAL
..................................................................
TEMPERATURE (F)
 YESTERDAY
  MAXIMUM         68    414 PM  91    1989  73     -5       68
  MINIMUM         32    520 AM  22    2002  37     -5       42
  AVERAGE         50                        55     -5       55

PRECIPITATION (IN)
  YESTERDAY        0.00          0.57 1956   0.00   0.00     0.02
  MONTH TO DATE    0.31                      0.18   0.13     0.92
  SINCE OCT 1      1.13                      4.23  -3.10     8.81
  SINCE JAN 1      0.97                      2.61  -1.64     8.45

SNOWFALL (IN)
  YESTERDAY       MM             T    1957   0.0   MM        0.0
  MONTH TO DATE    0.0                       0.1   -0.1      0.0
  SINCE MAR 1      0.0                       0.6   -0.6       T
  SINCE JUL 1      0.2                       8.0   -7.8      8.6
  SNOW DEPTH       0

DEGREE DAYS
 HEATING
  YESTERDAY       15                        10      5       10
  MONTH TO DATE  136                       218    -82      198
  SINCE MAR 1    688                       734    -46      607
  SINCE JUL 1   3517                      3941   -424     3607

 COOLING
  YESTERDAY        0                         0      0        0
  MONTH TO DATE    3                         0      3        0
  SINCE MAR 1      3                         0      3        0
  SINCE JAN 1      3                         0      3        0
..................................................................


WIND (MPH)
  RESULTANT WIND SPEED   8   RESULTANT WIND DIRECTION   S (170)
  HIGHEST WIND SPEED    31   HIGHEST WIND DIRECTION     S (160)
  HIGHEST GUST SPEED    41   HIGHEST GUST DIRECTION    SE (150)
  AVERAGE WIND SPEED    13.5


SKY COVER
  POSSIBLE SUNSHINE  MM
  AVERAGE SKY COVER 0.0


WEATHER CONDITIONS
 THE FOLLOWING WEATHER WAS RECORDED YESTERDAY.
  HAZE


RELATIVE HUMIDITY (PERCENT)
 HIGHEST    43           600 AM
 LOWEST      6           600 PM
 AVERAGE    25

..........................................................


THE BISHOP CA CLIMATE NORMALS FOR TODAY
                         NORMAL    RECORD    YEAR
 MAXIMUM TEMPERATURE (F)   74        89      1989
 MINIMUM TEMPERATURE (F)   37        19      2007


SUNRISE AND SUNSET
APRIL 19 2018.........SUNRISE   613 AM PDT   SUNSET   732 PM PDT
APRIL 20 2018.........SUNRISE   612 AM PDT   SUNSET   733 PM PDT


-  INDICATES NEGATIVE NUMBERS.
R  INDICATES RECORD WAS SET OR TIED.
MM INDICATES DATA IS MISSING.
T  INDICATES TRACE AMOUNT.




$$
