000
CDUS45 KBYZ 182222
CLIBIL


CLIMATE REPORT
NATIONAL WEATHER SERVICE BILLINGS MT
422 PM MDT THU APR 18 2019


...................................

...THE BILLINGS MT CLIMATE SUMMARY FOR APRIL 18 2019...
VALID TODAY AS OF 0400 PM LOCAL TIME.

CLIMATE NORMAL PERIOD 1981 TO 2010
CLIMATE RECORD PERIOD 1934 TO 2019


WEATHER ITEM   OBSERVED TIME   RECORD YEAR NORMAL DEPARTURE LAST
                VALUE   (LST)  VALUE       VALUE  FROM      YEAR
                                                  NORMAL
..................................................................
TEMPERATURE (F)
 TODAY
  MAXIMUM         72    256 PM  83    1936  58     14       56
  MINIMUM         45    555 AM  18    1951  35     10       33
  AVERAGE         59                        47     12       45

PRECIPITATION (IN)
  TODAY            0.00          0.97 2005   0.06  -0.06     0.00
  MONTH TO DATE    1.13                      0.94   0.19     1.50
  SINCE OCT 1      6.30                      5.27   1.03     8.11
  SINCE JAN 1      4.45                      2.96   1.49     4.46

SNOWFALL (IN)
  TODAY           MM             6.4  2002   0.3   MM       MM
  MONTH TO DATE    0.4                       5.7   -5.3     16.8
  SINCE MAR 1      2.6                      15.9  -13.3     26.6
  SINCE JUL 1     60.7                      50.4   10.3    103.5
  SNOW DEPTH      MM

DEGREE DAYS
 HEATING
  TODAY            6                        18    -12       20
  MONTH TO DATE  310                       372    -62      515
  SINCE MAR 1   1406                      1217    189     1495
  SINCE JUL 1   6894                      6182    712     6892

 COOLING
  TODAY            0                         0      0        0
  MONTH TO DATE    0                         0      0        0
  SINCE MAR 1      0                         0      0        0
  SINCE JAN 1      0                         0      0        0
..................................................................


WIND (MPH)
  HIGHEST WIND SPEED    24   HIGHEST WIND DIRECTION     W (280)
  HIGHEST GUST SPEED    29   HIGHEST GUST DIRECTION     W (290)
  AVERAGE WIND SPEED    17.0


SKY COVER
  POSSIBLE SUNSHINE  MM
  AVERAGE SKY COVER 0.3


WEATHER CONDITIONS
 THE FOLLOWING WEATHER WAS RECORDED TODAY.
  NO SIGNIFICANT WEATHER WAS OBSERVED.


RELATIVE HUMIDITY (PERCENT)
 HIGHEST    49           600 AM
 LOWEST     22           300 PM
 AVERAGE    36

..........................................................


THE BILLINGS MT CLIMATE NORMALS FOR TOMORROW
                         NORMAL    RECORD    YEAR
 MAXIMUM TEMPERATURE (F)   59        87      1962
 MINIMUM TEMPERATURE (F)   36        11      1951


SUNRISE AND SUNSET
APRIL 18 2019.........SUNRISE   623 AM MDT   SUNSET   805 PM MDT
APRIL 19 2019.........SUNRISE   621 AM MDT   SUNSET   806 PM MDT


-  INDICATES NEGATIVE NUMBERS.
R  INDICATES RECORD WAS SET OR TIED.
MM INDICATES DATA IS MISSING.
T  INDICATES TRACE AMOUNT.




$$
