000
CDUS45 KBYZ 170721
CLIBIL


CLIMATE REPORT
NATIONAL WEATHER SERVICE BILLINGS MT
121 AM MDT MON JUN 17 2019


...................................

...THE BILLINGS MT CLIMATE SUMMARY FOR JUNE 16 2019...

CLIMATE NORMAL PERIOD 1981 TO 2010
CLIMATE RECORD PERIOD 1934 TO 2019


WEATHER ITEM   OBSERVED TIME   RECORD YEAR NORMAL DEPARTURE LAST
                VALUE   (LST)  VALUE       VALUE  FROM      YEAR
                                                  NORMAL
..................................................................
TEMPERATURE (F)
 YESTERDAY
  MAXIMUM         77    141 PM  95    1988  77      0       66
  MINIMUM         58    552 AM  40    1945  52      6       51
  AVERAGE         68                        65      3       59

PRECIPITATION (IN)
  YESTERDAY        T             1.32 1982   0.07  -0.07     0.77
  MONTH TO DATE    1.03                      1.22  -0.19     1.58
  SINCE OCT 1     10.59                      9.39   1.20    15.57
  SINCE JAN 1      8.74                      7.08   1.66    11.92

SNOWFALL (IN)
  YESTERDAY        0.0           T    2005   0.0    0.0      0.0
  MONTH TO DATE    0.0                       0.0    0.0      0.0
  SINCE JUN 1      0.0                       0.0    0.0      0.0
  SINCE JUL 1     61.1                      55.0    6.1    106.1
  SNOW DEPTH       0

DEGREE DAYS
 HEATING
  YESTERDAY        0                         3     -3        6
  MONTH TO DATE   28                        70    -42       49
  SINCE JUN 1     28                        70    -42       49
  SINCE JUL 1   7477                      6756    721     7269

 COOLING
  YESTERDAY        3                         3      0        0
  MONTH TO DATE   58                        28     30       30
  SINCE JUN 1     58                        28     30       30
  SINCE JAN 1     75                        45     30       45
..................................................................


WIND (MPH)
  HIGHEST WIND SPEED    24   HIGHEST WIND DIRECTION     N (20)
  HIGHEST GUST SPEED    30   HIGHEST GUST DIRECTION     N (20)
  AVERAGE WIND SPEED     6.9


SKY COVER
  POSSIBLE SUNSHINE  MM
  AVERAGE SKY COVER 0.7


WEATHER CONDITIONS
 THE FOLLOWING WEATHER WAS RECORDED YESTERDAY.
  THUNDERSTORM


RELATIVE HUMIDITY (PERCENT)
 HIGHEST    87           100 AM
 LOWEST     36           100 PM
 AVERAGE    62

..........................................................


THE BILLINGS MT CLIMATE NORMALS FOR TODAY
                         NORMAL    RECORD    YEAR
 MAXIMUM TEMPERATURE (F)   78        98      1988
                                             1986
 MINIMUM TEMPERATURE (F)   53        40      1994


SUNRISE AND SUNSET
JUNE 17 2019..........SUNRISE   524 AM MDT   SUNSET   907 PM MDT
JUNE 18 2019..........SUNRISE   524 AM MDT   SUNSET   907 PM MDT


-  INDICATES NEGATIVE NUMBERS.
R  INDICATES RECORD WAS SET OR TIED.
MM INDICATES DATA IS MISSING.
T  INDICATES TRACE AMOUNT.




$$
