040
CDUS43 KBIS 260721
CLIBIS


CLIMATE REPORT
NATIONAL WEATHER SERVICE BISMARCK ND
221 AM CDT FRI APR 26 2019


...................................

...THE BISMARCK ND CLIMATE SUMMARY FOR APRIL 25 2019...

CLIMATE NORMAL PERIOD 1981 TO 2010
CLIMATE RECORD PERIOD 1875 TO 2019


WEATHER ITEM   OBSERVED TIME   RECORD YEAR NORMAL DEPARTURE LAST
                VALUE   (LST)  VALUE       VALUE  FROM      YEAR
                                                  NORMAL
..................................................................
TEMPERATURE (F)
 YESTERDAY
  MAXIMUM         61    157 PM  90    1891  62     -1       70
  MINIMUM         36    500 AM  15    1907  34      2       28
  AVERAGE         49                        48      1       49

PRECIPITATION (IN)
  YESTERDAY        0.00          0.93 2016   0.05  -0.05     0.00
  MONTH TO DATE    0.61                      0.98  -0.37     0.53
  SINCE MAR 1      1.60                      1.85  -0.25     2.10
  SINCE JAN 1      3.40                      2.79   0.61     2.85

SNOWFALL (IN)
  YESTERDAY        0.0           4.3  1994   0.1   -0.1      0.0
  MONTH TO DATE    3.3                       3.9   -0.6      5.3
  SINCE MAR 1     16.5                      13.0    3.5     26.3
  SINCE JUL 1     59.8                      50.5    9.3     44.1
  SNOW DEPTH       0

DEGREE DAYS
 HEATING
  YESTERDAY       16                        17     -1       16
  MONTH TO DATE  492                       557    -65      803
  SINCE MAR 1   1797                      1645    152     1990
  SINCE JUL 1   8644                      8076    568     8306

 COOLING
  YESTERDAY        0                         0      0        0
  MONTH TO DATE    0                         0      0        0
  SINCE MAR 1      0                         0      0        0
  SINCE JAN 1      0                         0      0        0
..................................................................


WIND (MPH)
  HIGHEST WIND SPEED    35   HIGHEST WIND DIRECTION    NW (330)
  HIGHEST GUST SPEED    52   HIGHEST GUST DIRECTION     N (340)
  AVERAGE WIND SPEED    14.6


SKY COVER
  POSSIBLE SUNSHINE  MM
  AVERAGE SKY COVER 0.2


WEATHER CONDITIONS
 THE FOLLOWING WEATHER WAS RECORDED YESTERDAY.
  NO SIGNIFICANT WEATHER WAS OBSERVED.


RELATIVE HUMIDITY (PERCENT)
 HIGHEST    70           300 AM
 LOWEST     14           600 PM
 AVERAGE    42

..........................................................


THE BISMARCK ND CLIMATE NORMALS FOR TODAY
                         NORMAL    RECORD    YEAR
 MAXIMUM TEMPERATURE (F)   62        92      1952
 MINIMUM TEMPERATURE (F)   35        19      2002
                                             1920


SUNRISE AND SUNSET
APRIL 26 2019.........SUNRISE   636 AM CDT   SUNSET   846 PM CDT
APRIL 27 2019.........SUNRISE   635 AM CDT   SUNSET   847 PM CDT


-  INDICATES NEGATIVE NUMBERS.
R  INDICATES RECORD WAS SET OR TIED.
MM INDICATES DATA IS MISSING.
T  INDICATES TRACE AMOUNT.




$$
