000
CDUS43 KBIS 180749
CLIBIS


CLIMATE REPORT
NATIONAL WEATHER SERVICE BISMARCK ND
249 AM CDT THU JUL 18 2019


...................................

...THE BISMARCK ND CLIMATE SUMMARY FOR JULY 17 2019...

CLIMATE NORMAL PERIOD 1981 TO 2010
CLIMATE RECORD PERIOD 1875 TO 2019


WEATHER ITEM   OBSERVED TIME   RECORD YEAR NORMAL DEPARTURE LAST
                VALUE   (LST)  VALUE       VALUE  FROM      YEAR
                                                  NORMAL
..................................................................
TEMPERATURE (F)
 YESTERDAY
  MAXIMUM         86    417 PM 104    1991  85      1       88
  MINIMUM         63   1159 PM  42    1984  58      5       55
  AVERAGE         75                        72      3       72

PRECIPITATION (IN)
  YESTERDAY        0.88          1.40 1916   0.09   0.79     0.00
  MONTH TO DATE    3.26                      1.67   1.59     2.89
  SINCE JUN 1      6.08                      4.84   1.24     6.34
  SINCE JAN 1     13.26                     10.31   2.95    10.88

SNOWFALL (IN)
  YESTERDAY        0.0           0.0  2002   0.0    0.0      0.0
                                      2001
  MONTH TO DATE    0.0                       0.0    0.0       T
  SINCE JUN 1      0.0                       0.0    0.0       T
  SINCE JUL 1      0.0                       0.0    0.0       T
  SNOW DEPTH       0

DEGREE DAYS
 HEATING
  YESTERDAY        0                         0      0        0
  MONTH TO DATE    0                        13    -13        3
  SINCE JUN 1     48                       106    -58       17
  SINCE JUL 1      0                        13    -13        3

 COOLING
  YESTERDAY       10                         7      3        7
  MONTH TO DATE  158                       102     56      143
  SINCE JUN 1    279                       185     94      315
  SINCE JAN 1    291                       202     89      387
..................................................................


WIND (MPH)
  HIGHEST WIND SPEED    30   HIGHEST WIND DIRECTION    NW (330)
  HIGHEST GUST SPEED    44   HIGHEST GUST DIRECTION    NW (330)
  AVERAGE WIND SPEED     7.7


SKY COVER
  POSSIBLE SUNSHINE  MM
  AVERAGE SKY COVER 0.3


WEATHER CONDITIONS
 THE FOLLOWING WEATHER WAS RECORDED YESTERDAY.
  THUNDERSTORM
  HEAVY RAIN
  RAIN
  LIGHT RAIN
  FOG


RELATIVE HUMIDITY (PERCENT)
 HIGHEST    93           100 AM
 LOWEST     37           400 PM
 AVERAGE    65

..........................................................


THE BISMARCK ND CLIMATE NORMALS FOR TODAY
                         NORMAL    RECORD    YEAR
 MAXIMUM TEMPERATURE (F)   85       106      1934
 MINIMUM TEMPERATURE (F)   58        46      1982
                                             1912
                                             1883


SUNRISE AND SUNSET
JULY 18 2019..........SUNRISE   607 AM CDT   SUNSET   931 PM CDT
JULY 19 2019..........SUNRISE   608 AM CDT   SUNSET   930 PM CDT


-  INDICATES NEGATIVE NUMBERS.
R  INDICATES RECORD WAS SET OR TIED.
MM INDICATES DATA IS MISSING.
T  INDICATES TRACE AMOUNT.




$$
