000
CDUS43 KGRR 260531
CLIBIV


CLIMATE REPORT
NATIONAL WEATHER SERVICE GRAND RAPIDS, MI
131 AM EDT THU APR 26 2018


...................................

...THE HOLLAND/TULIP CITY MI CLIMATE SUMMARY FOR APRIL 25 2018...

CLIMATE NORMAL PERIOD 1981 TO 2010
CLIMATE RECORD PERIOD 1996 TO 2018


WEATHER ITEM   OBSERVED TIME   NORMAL DEPARTURE LAST
                VALUE   (LST)  VALUE  FROM      YEAR
                                      NORMAL
......................................................
TEMPERATURE (F)
 YESTERDAY
  MAXIMUM         54   1011 AM  62     -8       75
  MINIMUM         41   1159 PM  42     -1       51
  AVERAGE         48            52     -4       63

PRECIPITATION (IN)
  YESTERDAY        0.00          0.12  -0.12     0.00
  MONTH TO DATE    2.75          2.51   0.24     4.19
  SINCE MAR 1      3.58          4.78  -1.20     7.30
  SINCE JAN 1      9.20          8.67   0.53    11.96

DEGREE DAYS
 HEATING
  YESTERDAY       17            13      4        2
  MONTH TO DATE  660           443    217      351
  SINCE MAR 1   1591          1317    274     1234
  SINCE JUL 1   6098          5817    281     5096

 COOLING
  YESTERDAY        0             0      0        0
  MONTH TO DATE    0             0      0        2
  SINCE MAR 1      0             0      0        2
  SINCE JAN 1      0             0      0        2
......................................................


WIND (MPH)
  RESULTANT WIND SPEED   9   RESULTANT WIND DIRECTION  NW (330)
  HIGHEST WIND SPEED    21   HIGHEST WIND DIRECTION    NW (320)
  HIGHEST GUST SPEED    27   HIGHEST GUST DIRECTION    NW (320)
  AVERAGE WIND SPEED    10.0


SKY COVER
  AVERAGE SKY COVER 0.2


WEATHER CONDITIONS
 THE FOLLOWING WEATHER WAS RECORDED YESTERDAY.
  NO SIGNIFICANT WEATHER WAS OBSERVED.


RELATIVE HUMIDITY (PERCENT)
 HIGHEST    89          1200 AM
 LOWEST     41          1000 AM
 AVERAGE    65

..........................................................


THE HOLLAND/TULIP CITY MI CLIMATE NORMALS FOR TODAY
                         NORMAL
 MAXIMUM TEMPERATURE (F)   62
 MINIMUM TEMPERATURE (F)   42


SUNRISE AND SUNSET
APRIL 26 2018.........SUNRISE   646 AM EDT   SUNSET   840 PM EDT
APRIL 27 2018.........SUNRISE   645 AM EDT   SUNSET   841 PM EDT


-  INDICATES NEGATIVE NUMBERS.
R  INDICATES RECORD WAS SET OR TIED.
MM INDICATES DATA IS MISSING.
T  INDICATES TRACE AMOUNT.




$$
