700
CDUS43 KGRR 230522
CLIBIV


CLIMATE REPORT
NATIONAL WEATHER SERVICE GRAND RAPIDS, MI
122 AM EDT TUE JUL 23 2019


...................................

...THE HOLLAND/TULIP CITY MI CLIMATE SUMMARY FOR JULY 22 2019...

CLIMATE NORMAL PERIOD 1981 TO 2010
CLIMATE RECORD PERIOD 1996 TO 2019


WEATHER ITEM   OBSERVED TIME   NORMAL DEPARTURE LAST
                VALUE   (LST)  VALUE  FROM      YEAR
                                      NORMAL
......................................................
TEMPERATURE (F)
 YESTERDAY
  MAXIMUM         77    222 PM  82     -5       78
  MINIMUM         64   1102 PM  63      1       66
  AVERAGE         71            73     -2       72

PRECIPITATION (IN)
  YESTERDAY        0.00          0.10  -0.10     0.01
  MONTH TO DATE    0.87          2.05  -1.18     1.57
  SINCE JUN 1      4.99          6.27  -1.28     5.31
  SINCE JAN 1     20.35         18.86   1.49    20.48

DEGREE DAYS
 HEATING
  YESTERDAY        0             0      0        0
  MONTH TO DATE    0             0      0        0
  SINCE JUN 1     47            48     -1       11
  SINCE JUL 1      0             0      0        0

 COOLING
  YESTERDAY        6             8     -2        7
  MONTH TO DATE  244           170     74      210
  SINCE JUN 1    338           316     22      376
  SINCE JAN 1    342           358    -16      469
......................................................


WIND (MPH)
  RESULTANT WIND SPEED   6   RESULTANT WIND DIRECTION   N (350)
  HIGHEST WIND SPEED    20   HIGHEST WIND DIRECTION    NW (320)
  HIGHEST GUST SPEED    32   HIGHEST GUST DIRECTION    NW (310)
  AVERAGE WIND SPEED     7.6


SKY COVER
  AVERAGE SKY COVER 0.2


WEATHER CONDITIONS
 THE FOLLOWING WEATHER WAS RECORDED YESTERDAY.
  NO SIGNIFICANT WEATHER WAS OBSERVED.


RELATIVE HUMIDITY (PERCENT)
 HIGHEST    78           400 AM
 LOWEST     50           200 PM
 AVERAGE    64

..........................................................


THE HOLLAND/TULIP CITY MI CLIMATE NORMALS FOR TODAY
                         NORMAL
 MAXIMUM TEMPERATURE (F)   82
 MINIMUM TEMPERATURE (F)   63


SUNRISE AND SUNSET
JULY 23 2019..........SUNRISE   627 AM EDT   SUNSET   915 PM EDT
JULY 24 2019..........SUNRISE   628 AM EDT   SUNSET   914 PM EDT


-  INDICATES NEGATIVE NUMBERS.
R  INDICATES RECORD WAS SET OR TIED.
MM INDICATES DATA IS MISSING.
T  INDICATES TRACE AMOUNT.




$$
