432
CDUS46 KBOI 160931
CLIBKE


CLIMATE REPORT
NATIONAL WEATHER SERVICE BOISE ID
331 AM MDT TUE JUL 16 2019


...................................

...THE BAKER OR CLIMATE SUMMARY FOR JULY 15 2019...

CLIMATE NORMAL PERIOD 1981 TO 2010
CLIMATE RECORD PERIOD 1928 TO 2019


WEATHER ITEM   OBSERVED TIME   RECORD YEAR NORMAL DEPARTURE LAST
                VALUE   (LST)  VALUE       VALUE  FROM      YEAR
                                                  NORMAL
..................................................................
TEMPERATURE (F)
 YESTERDAY
  MAXIMUM         82    215 PM 101    2005  84     -2       94
  MINIMUM         52    503 AM  37    1983  46      6       49
  AVERAGE         67                        65      2       72

PRECIPITATION (IN)
  YESTERDAY        T             0.07 2002   0.02  -0.02     0.00
                                      1931
  MONTH TO DATE    T                         0.36  -0.36     0.00
  SINCE OCT 1      7.21                      8.58  -1.37     6.01
  SINCE JAN 1      6.08                      6.07   0.01     4.75

DEGREE DAYS
 HEATING
  YESTERDAY        0                         2     -2        0
  MONTH TO DATE   14                        46    -32       16
  SINCE JUN 1    183                       272    -89      153
  SINCE JUL 1     14                        46    -32       16

 COOLING
  YESTERDAY        2                         2      0        7
  MONTH TO DATE   40                        26     14       61
  SINCE JUN 1     51                        42      9       66
  SINCE JAN 1     51                        44      7       66
..................................................................


WIND (MPH)
  RESULTANT WIND SPEED   4   RESULTANT WIND DIRECTION  NW (310)
  HIGHEST WIND SPEED    17   HIGHEST WIND DIRECTION     N (350)
  HIGHEST GUST SPEED    22   HIGHEST GUST DIRECTION     N (350)
  AVERAGE WIND SPEED     6.4


SKY COVER
  AVERAGE SKY COVER 0.2


WEATHER CONDITIONS
 THE FOLLOWING WEATHER WAS RECORDED YESTERDAY.
  THUNDERSTORM
  LIGHT RAIN


RELATIVE HUMIDITY (PERCENT)
 HIGHEST    83           500 AM
 LOWEST     33           200 PM
 AVERAGE    58

..........................................................


THE BAKER OR CLIMATE NORMALS FOR TODAY
                         NORMAL    RECORD    YEAR
 MAXIMUM TEMPERATURE (F)   85        99      1941
 MINIMUM TEMPERATURE (F)   47        37      1983


SUNRISE AND SUNSET
JULY 16 2019..........SUNRISE   520 AM PDT   SUNSET   834 PM PDT
JULY 17 2019..........SUNRISE   521 AM PDT   SUNSET   833 PM PDT


-  INDICATES NEGATIVE NUMBERS.
R  INDICATES RECORD WAS SET OR TIED.
MM INDICATES DATA IS MISSING.
T  INDICATES TRACE AMOUNT.




$$
