000
CDUS46 KBOI 240935
CLIBKE


CLIMATE REPORT
NATIONAL WEATHER SERVICE BOISE ID
335 AM MDT WED APR 24 2019


...................................

...THE BAKER OR CLIMATE SUMMARY FOR APRIL 23 2019...

CLIMATE NORMAL PERIOD 1981 TO 2010
CLIMATE RECORD PERIOD 1928 TO 2019


WEATHER ITEM   OBSERVED TIME   RECORD YEAR NORMAL DEPARTURE LAST
                VALUE   (LST)  VALUE       VALUE  FROM      YEAR
                                                  NORMAL
..................................................................
TEMPERATURE (F)
 YESTERDAY
  MAXIMUM         74   1254 PM  86    1977  60     14       64
  MINIMUM         42    535 AM  12    2013  30     12       34
  AVERAGE         58                        45     13       49

PRECIPITATION (IN)
  YESTERDAY        0.00          0.46 1998   0.03  -0.03     0.00
                                      1930
  MONTH TO DATE    0.84                      0.61   0.23     0.61
  SINCE OCT 1      5.60                      5.32   0.28     3.97
  SINCE JAN 1      4.47                      2.81   1.66     2.71

DEGREE DAYS
 HEATING
  YESTERDAY        7                        20    -13       16
  MONTH TO DATE  380                       512   -132      452
  SINCE MAR 1   1263                      1360    -97     1233
  SINCE JUL 1   6111                      6880   -769     5992

 COOLING
  YESTERDAY        0                         0      0        0
  MONTH TO DATE    0                         0      0        0
  SINCE MAR 1      0                         0      0        0
  SINCE JAN 1      0                         0      0        0
..................................................................


WIND (MPH)
  RESULTANT WIND SPEED   2   RESULTANT WIND DIRECTION   N (340)
  HIGHEST WIND SPEED    25   HIGHEST WIND DIRECTION     N (340)
  HIGHEST GUST SPEED    30   HIGHEST GUST DIRECTION     N (340)
  AVERAGE WIND SPEED     5.2


SKY COVER
  AVERAGE SKY COVER 0.3


WEATHER CONDITIONS
 THE FOLLOWING WEATHER WAS RECORDED YESTERDAY.
  NO SIGNIFICANT WEATHER WAS OBSERVED.


RELATIVE HUMIDITY (PERCENT)
 HIGHEST    89           500 AM
 LOWEST     35          1200 PM
 AVERAGE    62

..........................................................


THE BAKER OR CLIMATE NORMALS FOR TODAY
                         NORMAL    RECORD    YEAR
 MAXIMUM TEMPERATURE (F)   60        89      1977
 MINIMUM TEMPERATURE (F)   30        14      2002


SUNRISE AND SUNSET
APRIL 24 2019.........SUNRISE   552 AM PDT   SUNSET   748 PM PDT
APRIL 25 2019.........SUNRISE   550 AM PDT   SUNSET   749 PM PDT


-  INDICATES NEGATIVE NUMBERS.
R  INDICATES RECORD WAS SET OR TIED.
MM INDICATES DATA IS MISSING.
T  INDICATES TRACE AMOUNT.




$$
