810
CDUS41 KRLX 250717
CLIBKW


CLIMATE REPORT
NATIONAL WEATHER SERVICE CHARLESTON WV
317 AM EDT THU APR 25 2019


...................................

...THE BECKLEY WV CLIMATE SUMMARY FOR APRIL 24 2019...

CLIMATE NORMAL PERIOD 1981 TO 2010
CLIMATE RECORD PERIOD 1893 TO 2019


WEATHER ITEM   OBSERVED TIME   RECORD YEAR NORMAL DEPARTURE LAST
                VALUE   (LST)  VALUE       VALUE  FROM      YEAR
                                                  NORMAL
..................................................................
TEMPERATURE (F)
 YESTERDAY
  MAXIMUM         75    353 PM  87    1925  66      9       56
  MINIMUM         54   1152 PM  24    1927  44     10       48
                                      1911
  AVERAGE         65                        55     10       52

PRECIPITATION (IN)
  YESTERDAY        0.00          1.96 1987   0.12  -0.12     0.12
  MONTH TO DATE    2.24                      2.64  -0.40     3.80
  SINCE JAN 1     14.43                     11.78   2.65    17.04

SNOWFALL (IN)
  YESTERDAY        0.0           T    2005   0.0    0.0      0.0
  MONTH TO DATE    T                         2.8   -2.8      3.5
  SINCE SEP 1     40.3                      61.8  -21.5     54.6
  SNOW DEPTH       0

DEGREE DAYS
 HEATING
  YESTERDAY        0                        11    -11       13
  MONTH TO DATE  220                       336   -116      405
  SINCE MAR 1    967                      1048    -81     1262
  SINCE JUL 1   4640                      5049   -409     4952

 COOLING
  YESTERDAY        0                         0      0        0
  MONTH TO DATE    3                         0      3       10
  SINCE MAR 1      3                         1      2       11
  SINCE JAN 1      3                         1      2       12
..................................................................


WIND (MPH)
  HIGHEST WIND SPEED    16   HIGHEST WIND DIRECTION    NW (330)
  HIGHEST GUST SPEED    21   HIGHEST GUST DIRECTION    NW (300)
  AVERAGE WIND SPEED     5.7


SKY COVER
  POSSIBLE SUNSHINE  MM
  AVERAGE SKY COVER 0.5


WEATHER CONDITIONS
 THE FOLLOWING WEATHER WAS RECORDED YESTERDAY.
  NO SIGNIFICANT WEATHER WAS OBSERVED.


RELATIVE HUMIDITY (PERCENT)
 HIGHEST    93           600 AM
 LOWEST     41           400 PM
 AVERAGE    67

..........................................................


THE BECKLEY WV CLIMATE NORMALS FOR TODAY
                         NORMAL    RECORD    YEAR
 MAXIMUM TEMPERATURE (F)   66        87      1925
 MINIMUM TEMPERATURE (F)   44        21      1956


SUNRISE AND SUNSET
APRIL 25 2019.........SUNRISE   636 AM EDT   SUNSET   809 PM EDT
APRIL 26 2019.........SUNRISE   635 AM EDT   SUNSET   810 PM EDT


-  INDICATES NEGATIVE NUMBERS.
R  INDICATES RECORD WAS SET OR TIED.
MM INDICATES DATA IS MISSING.
T  INDICATES TRACE AMOUNT.




$$
