000
CDUS41 KRNK 212114
CLIBLF


CLIMATE REPORT
NATIONAL WEATHER SERVICE BLACKSBURG VA
514 PM EDT SUN APR 21 2019


...................................

...THE BLUEFIELD WV CLIMATE SUMMARY FOR APRIL 21 2019...
VALID TODAY AS OF 0500 PM LOCAL TIME.

CLIMATE NORMAL PERIOD 1981 TO 2010
CLIMATE RECORD PERIOD 1909 TO 2019


WEATHER ITEM   OBSERVED TIME   RECORD YEAR NORMAL DEPARTURE LAST
                VALUE   (LST)  VALUE       VALUE  FROM      YEAR
                                                  NORMAL
..................................................................
TEMPERATURE (F)
 TODAY
  MAXIMUM         50    340 PM  83    1985  67    -17       65
                                      1976
  MINIMUM         37    750 AM  14    1934  47    -10       35
  AVERAGE         44                        57    -13       50

PRECIPITATION (IN)
  TODAY            0.00          1.11 1992   0.12  -0.12     0.00
  MONTH TO DATE    2.63                      2.28   0.35     2.91
  SINCE MAR 1      4.42                      5.79  -1.37     7.60
  SINCE JAN 1     12.73                     11.45   1.28    14.28

SNOWFALL (IN)
  TODAY            0.0                                       0.0
  MONTH TO DATE    T                                         1.5
  SINCE MAR 1      1.8                                      33.8
  SINCE JUL 1     30.8                                      48.5
  SNOW DEPTH       0

DEGREE DAYS
 HEATING
  TODAY           21                         9     12       15
  MONTH TO DATE  230                       250    -20      379
  SINCE MAR 1    985                       866    119     1232
  SINCE JUL 1   4721                      4359    362     4962

 COOLING
  TODAY            0                         1     -1        0
  MONTH TO DATE    0                        19    -19        4
  SINCE MAR 1      0                        23    -23        4
  SINCE JAN 1      0                        23    -23        6
..................................................................


WIND (MPH)
  HIGHEST WIND SPEED    12   HIGHEST WIND DIRECTION    NW (320)
  HIGHEST GUST SPEED    19   HIGHEST GUST DIRECTION     W (280)
  AVERAGE WIND SPEED     6.3


SKY COVER
  AVERAGE SKY COVER 1.0


WEATHER CONDITIONS
 THE FOLLOWING WEATHER WAS RECORDED TODAY.
  NO SIGNIFICANT WEATHER WAS OBSERVED.


RELATIVE HUMIDITY (PERCENT)
 HIGHEST    92          1200 AM
 LOWEST     61           300 PM
 AVERAGE    77

..........................................................


THE BLUEFIELD WV CLIMATE NORMALS FOR TOMORROW
                         NORMAL    RECORD    YEAR
 MAXIMUM TEMPERATURE (F)   67        85      1952
                                             1902
 MINIMUM TEMPERATURE (F)   47        26      1986
                                             1953


SUNRISE AND SUNSET
APRIL 21 2019.........SUNRISE   643 AM EDT   SUNSET   805 PM EDT
APRIL 22 2019.........SUNRISE   641 AM EDT   SUNSET   806 PM EDT


-  INDICATES NEGATIVE NUMBERS.
R  INDICATES RECORD WAS SET OR TIED.
MM INDICATES DATA IS MISSING.
T  INDICATES TRACE AMOUNT.




$$
