000
CDUS41 KRNK 160813
CLIBLF


CLIMATE REPORT
NATIONAL WEATHER SERVICE BLACKSBURG VA
410 AM EDT SUN JUN 16 2019


...................................

...THE BLUEFIELD WV CLIMATE SUMMARY FOR JUNE 15 2019...

CLIMATE NORMAL PERIOD 1981 TO 2010
CLIMATE RECORD PERIOD 1909 TO 2019


WEATHER ITEM   OBSERVED TIME   RECORD YEAR NORMAL DEPARTURE LAST
                VALUE   (LST)  VALUE       VALUE  FROM      YEAR
                                                  NORMAL
..................................................................
TEMPERATURE (F)
 YESTERDAY
  MAXIMUM         75    459 PM  91    1952  79     -4       79
                                      1918
  MINIMUM         53    408 AM  37    1959  61     -8       54
  AVERAGE         64                        70     -6       67

PRECIPITATION (IN)
  YESTERDAY        0.00          1.20 1916   0.14  -0.14     0.00
  MONTH TO DATE    2.03                      2.13  -0.10     1.00
  SINCE JUN 1      2.03                      2.13  -0.10     1.00
  SINCE JAN 1     21.53                     18.95   2.58    21.18

SNOWFALL (IN)
  YESTERDAY        0.0                                       0.0
  MONTH TO DATE    0.0                                       0.0
  SINCE JUN 1      0.0                                       0.0
  SINCE JUL 1     30.8                                      48.5
  SNOW DEPTH       0

DEGREE DAYS
 HEATING
  YESTERDAY        1                         1      0        0
  MONTH TO DATE   46                        20     26       10
  SINCE JUN 1     46                        20     26       10
  SINCE JUL 1   4900                      4586    314     5131

 COOLING
  YESTERDAY        0                         6     -6        2
  MONTH TO DATE    8                        66    -58       38
  SINCE JUN 1      8                        66    -58       38
  SINCE JAN 1     87                       157    -70      133
..................................................................


WIND (MPH)
  HIGHEST WIND SPEED    16   HIGHEST WIND DIRECTION     W (250)
  HIGHEST GUST SPEED    22   HIGHEST GUST DIRECTION    SW (240)
  AVERAGE WIND SPEED     6.8


SKY COVER
  AVERAGE SKY COVER 0.1


WEATHER CONDITIONS
 THE FOLLOWING WEATHER WAS RECORDED YESTERDAY.
  NO SIGNIFICANT WEATHER WAS OBSERVED.


RELATIVE HUMIDITY (PERCENT)
 HIGHEST    73          1100 PM
 LOWEST     38           500 PM
 AVERAGE    56

..........................................................


THE BLUEFIELD WV CLIMATE NORMALS FOR TODAY
                         NORMAL    RECORD    YEAR
 MAXIMUM TEMPERATURE (F)   79        93      1952
 MINIMUM TEMPERATURE (F)   62        43      1918


SUNRISE AND SUNSET
JUNE 16 2019..........SUNRISE   604 AM EDT   SUNSET   847 PM EDT
JUNE 17 2019..........SUNRISE   604 AM EDT   SUNSET   848 PM EDT


-  INDICATES NEGATIVE NUMBERS.
R  INDICATES RECORD WAS SET OR TIED.
MM INDICATES DATA IS MISSING.
T  INDICATES TRACE AMOUNT.

REMARKS:
DUE TO A MISSING LOW TEMPERATURE ON MAY 10, ALL TEMPERATURE AND
COOLING DEGREE DAY STATISTICS WILL BE CALCULATED WITHOUT DATA FROM
THIS DATE.


$$
