000
CDUS46 KSEW 250840
CLIBLI


CLIMATE REPORT
NATIONAL WEATHER SERVICE SEATTLE WA
140 AM PDT TUE JUN 25 2019


...................................

...THE BELLINGHAM WA AIRPORT CLIMATE SUMMARY FOR JUNE 24 2019...

CLIMATE NORMAL PERIOD 1981 TO 2010
CLIMATE RECORD PERIOD 1949 TO 2019


WEATHER ITEM   OBSERVED TIME   RECORD YEAR NORMAL DEPARTURE LAST
                VALUE   (LST)  VALUE       VALUE  FROM      YEAR
                                                  NORMAL
..................................................................
TEMPERATURE (F)
 YESTERDAY
  MAXIMUM         66    431 PM  86    2017  68     -2       72
  MINIMUM         52   1159 PM  40    1954  51      1       54
  AVERAGE         59                        60     -1       63

PRECIPITATION (IN)
  YESTERDAY        0.00          0.89 1971   0.06  -0.06     0.17
  MONTH TO DATE    0.32                      1.57  -1.25     0.70
  SINCE OCT 1     25.13                     31.35  -6.22    34.17
  SINCE JAN 1     12.72                     17.65  -4.93    16.55

DEGREE DAYS
 HEATING
  YESTERDAY        6                         5      1        2
  MONTH TO DATE  116                       165    -49      127
  SINCE JUN 1    116                       165    -49      127

 COOLING
  YESTERDAY        0                         0      0        0
  MONTH TO DATE    7                         0      7       13
  SINCE JUN 1      7                         0      7       13
  SINCE JAN 1      7                         0      7       14
..................................................................


WIND (MPH)
  RESULTANT WIND SPEED   7   RESULTANT WIND DIRECTION   S (170)
  HIGHEST WIND SPEED    17   HIGHEST WIND DIRECTION     S (160)
  HIGHEST GUST SPEED    21   HIGHEST GUST DIRECTION     S (180)
  AVERAGE WIND SPEED     7.0


SKY COVER
  AVERAGE SKY COVER 0.5


WEATHER CONDITIONS
 THE FOLLOWING WEATHER WAS RECORDED YESTERDAY.
  LIGHT RAIN


RELATIVE HUMIDITY (PERCENT)
 HIGHEST    83          1100 PM
 LOWEST     48           300 PM
 AVERAGE    66

..........................................................


THE BELLINGHAM WA AIRPORT CLIMATE NORMALS FOR TODAY
                         NORMAL    RECORD    YEAR
 MAXIMUM TEMPERATURE (F)   68        84      2017
 MINIMUM TEMPERATURE (F)   51        43      2012
                                             1964
                                             1954


SUNRISE AND SUNSET
JUNE 25 2019..........SUNRISE   508 AM PDT   SUNSET   918 PM PDT
JUNE 26 2019..........SUNRISE   508 AM PDT   SUNSET   917 PM PDT


-  INDICATES NEGATIVE NUMBERS.
R  INDICATES RECORD WAS SET OR TIED.
MM INDICATES DATA IS MISSING.
T  INDICATES TRACE AMOUNT.




$$
