000
CDUS46 KSEW 190829
CLIBLI


CLIMATE REPORT
NATIONAL WEATHER SERVICE SEATTLE WA
128 AM PDT FRI APR 19 2019


...................................

...THE BELLINGHAM WA AIRPORT CLIMATE SUMMARY FOR APRIL 18 2019...

CLIMATE NORMAL PERIOD 1981 TO 2010
CLIMATE RECORD PERIOD 1949 TO 2019


WEATHER ITEM   OBSERVED TIME   RECORD YEAR NORMAL DEPARTURE LAST
                VALUE   (LST)  VALUE       VALUE  FROM      YEAR
                                                  NORMAL
..................................................................
TEMPERATURE (F)
 YESTERDAY
  MAXIMUM         58    306 PM  83    2016  57      1       58
  MINIMUM         51    713 AM  30    1966  40     11       39
                                      1964
                                      1955
  AVERAGE         55                        49      6       49

PRECIPITATION (IN)
  YESTERDAY        0.84R         0.47 2013   0.09   0.75     0.01
  MONTH TO DATE    3.84                      1.72   2.12     2.99
  SINCE OCT 1     23.29                     26.33  -3.04    33.08
  SINCE JAN 1     10.88                     12.63  -1.75    15.46

DEGREE DAYS
 HEATING
  YESTERDAY       10                        16     -6       16
  MONTH TO DATE  252                       313    -61      303
  SINCE MAR 1    887                       956    -69      966

 COOLING
  YESTERDAY        0                         0      0        0
  MONTH TO DATE    0                         0      0        0
  SINCE MAR 1      0                         0      0        0
  SINCE JAN 1      0                         0      0        0
..................................................................


WIND (MPH)
  RESULTANT WIND SPEED   2   RESULTANT WIND DIRECTION   E (90)
  HIGHEST WIND SPEED    10   HIGHEST WIND DIRECTION     S (160)
  HIGHEST GUST SPEED    16   HIGHEST GUST DIRECTION    SE (150)
  AVERAGE WIND SPEED     3.7


SKY COVER
  AVERAGE SKY COVER 1.0


WEATHER CONDITIONS
 THE FOLLOWING WEATHER WAS RECORDED YESTERDAY.
  RAIN
  LIGHT RAIN
  FOG


RELATIVE HUMIDITY (PERCENT)
 HIGHEST    93           500 PM
 LOWEST     67           300 PM
 AVERAGE    80

..........................................................


THE BELLINGHAM WA AIRPORT CLIMATE NORMALS FOR TODAY
                         NORMAL    RECORD    YEAR
 MAXIMUM TEMPERATURE (F)   57        74      2016
 MINIMUM TEMPERATURE (F)   40        28      1951


SUNRISE AND SUNSET
APRIL 19 2019.........SUNRISE   612 AM PDT   SUNSET   808 PM PDT
APRIL 20 2019.........SUNRISE   610 AM PDT   SUNSET   809 PM PDT


-  INDICATES NEGATIVE NUMBERS.
R  INDICATES RECORD WAS SET OR TIED.
MM INDICATES DATA IS MISSING.
T  INDICATES TRACE AMOUNT.




$$
