000
CDUS43 KIND 240531
CLIBMG


CLIMATE REPORT
NATIONAL WEATHER SERVICE INDIANAPOLIS IN
131 AM EDT MON JUN 24 2019


...................................

...THE BLOOMINGTON IN CLIMATE SUMMARY FOR JUNE 23 2019...

CLIMATE NORMAL PERIOD 1981 TO 2010
CLIMATE RECORD PERIOD 9999 TO 9999


WEATHER ITEM   OBSERVED TIME   NORMAL DEPARTURE LAST
                VALUE   (LST)  VALUE  FROM      YEAR
                                      NORMAL
......................................................
TEMPERATURE (F)
 YESTERDAY
  MAXIMUM         83    137 PM  84     -1       75
  MINIMUM         66    141 AM  62      4       65
  AVERAGE         75            73      2       70

PRECIPITATION (IN)
  YESTERDAY        0.23          0.17   0.06     0.01
  MONTH TO DATE    6.45          3.67   2.78     4.24
  SINCE JUN 1      6.45          3.67   2.78     4.24
  SINCE JAN 1     26.29         23.56   2.73    25.20

DEGREE DAYS
 HEATING
  YESTERDAY        0             0      0        0
  MONTH TO DATE   14            13      1        0
  SINCE JUN 1     14            13      1        0
  SINCE JUL 1   4408          5264   -856     5128

 COOLING
  YESTERDAY       10             8      2        5
  MONTH TO DATE  128           147    -19      230
  SINCE JUN 1    128           147    -19      230
  SINCE JAN 1    259           229     30      483
......................................................


WIND (MPH)
  HIGHEST WIND SPEED    26   HIGHEST WIND DIRECTION     W (250)
  HIGHEST GUST SPEED    42   HIGHEST GUST DIRECTION    SW (240)
  AVERAGE WIND SPEED     9.2


SKY COVER
  AVERAGE SKY COVER 0.3


WEATHER CONDITIONS
 THE FOLLOWING WEATHER WAS RECORDED YESTERDAY.
  THUNDERSTORM
  HEAVY RAIN
  RAIN
  LIGHT RAIN
  FOG


RELATIVE HUMIDITY (PERCENT)
 HIGHEST   100          1200 AM
 LOWEST     74          1200 PM
 AVERAGE    87

..........................................................


THE BLOOMINGTON IN CLIMATE NORMALS FOR TODAY
                         NORMAL
 MAXIMUM TEMPERATURE (F)   84
 MINIMUM TEMPERATURE (F)   63


SUNRISE AND SUNSET
JUNE 24 2019..........SUNRISE   621 AM EDT   SUNSET   916 PM EDT
JUNE 25 2019..........SUNRISE   622 AM EDT   SUNSET   917 PM EDT


-  INDICATES NEGATIVE NUMBERS.
R  INDICATES RECORD WAS SET OR TIED.
MM INDICATES DATA IS MISSING.
T  INDICATES TRACE AMOUNT.




$$
