000
CDUS44 KOHX 190032
CLIBNA


CLIMATE REPORT
NATIONAL WEATHER SERVICE NASHVILLE TN
732 PM CDT THU APR 18 2019


...................................

...THE NASHVILLE CLIMATE SUMMARY FOR APRIL 18 2019...
VALID TODAY AS OF 0700 PM LOCAL TIME.

CLIMATE NORMAL PERIOD 1981 TO 2010
CLIMATE RECORD PERIOD 1871 TO 2019


WEATHER ITEM   OBSERVED TIME   RECORD YEAR NORMAL DEPARTURE
                VALUE   (LST)  VALUE       VALUE  FROM
                                                  NORMAL
...............................................................
TEMPERATURE (F)
 TODAY
  MAXIMUM         78    319 PM  88    1955  71      7
  MINIMUM         59    427 AM  28    1875  48     11
  AVERAGE         69                        60      9

PRECIPITATION (IN)
  TODAY            0.00          2.00 1940   0.14  -0.14
  MONTH TO DATE    4.41                      2.20   2.21
  SINCE JAN 1     26.01                     14.00  12.01

SNOWFALL (IN)
  TODAY            0.0           0.0  2002
                                      2001
  MONTH TO DATE    0.0
  SINCE MAR 1      0.0
  SINCE JUL 1      0.5

DEGREE DAYS
 HEATING
  TODAY            0                               -7
  MONTH TO DATE   80                              -78
  SINCE MAR 1    571                              -60
  SINCE JUL 1   3136                             -433

 COOLING
  TODAY            4                                3
  MONTH TO DATE   30                               12
  SINCE MAR 1     33                                7
  SINCE JAN 1     33                                7
...............................................................


WIND (MPH)
  HIGHEST WIND SPEED    26   HIGHEST WIND DIRECTION     S (180)
  HIGHEST GUST SPEED    34   HIGHEST GUST DIRECTION     S (180)
  AVERAGE WIND SPEED    13.2




RELATIVE HUMIDITY (PERCENT)
 HIGHEST    73
 LOWEST     46
 AVERAGE    60

..........................................................


THE NASHVILLE CLIMATE NORMALS FOR TOMORROW
                         NORMAL    RECORD    YEAR
 MAXIMUM TEMPERATURE (F)   72        88      2006
 MINIMUM TEMPERATURE (F)   49        27      1983


SUNRISE AND SUNSET
APRIL 18 2019.........SUNRISE   610 AM CDT   SUNSET   723 PM CDT
APRIL 19 2019.........SUNRISE   609 AM CDT   SUNSET   724 PM CDT


-  INDICATES NEGATIVE NUMBERS.
R  INDICATES RECORD WAS SET OR TIED.
MM INDICATES DATA IS MISSING.
T  INDICATES TRACE AMOUNT.




$$
