000
CDUS44 KOHX 171413
CLIBNA

CLIMATE REPORT
NATIONAL WEATHER SERVICE NASHVILLE TN
914 AM CDT MON JUN 17 2019

...THE NASHVILLE CLIMATE SUMMARY FOR JUNE 17 2019...
VALID AS OF 0900 AM LOCAL TIME.

CLIMATE NORMAL PERIOD 1981 TO 2010
CLIMATE RECORD PERIOD 1871 TO 2019


WEATHER ITEM   OBSERVED TIME   RECORD YEAR NORMAL DEPARTURE
                VALUE   (LST)  VALUE       VALUE  FROM
                                                  NORMAL
...............................................................
TEMPERATURE (F)
 TODAY
  MINIMUM         71        MM  52    1917  66      5

PRECIPITATION (IN)
  TODAY            0.14          3.12 1934   0.14   0.00
  MONTH TO DATE    3.70                      2.44   1.26
  SINCE JAN 1     33.17                     23.74   9.43

SNOWFALL (IN)
  TODAY            0.0           0.0  2002
                                      2001
  MONTH TO DATE    0.0
  SINCE JUN 1      0.0
  SINCE JUL 1      0.5

DEGREE DAYS
 HEATING
  TODAY            0                                0
  MONTH TO DATE    0                                0
  SINCE JUN 1      0                                0
  SINCE JUL 1   3220                             -465

 COOLING
  TODAY            9                               -2
  MONTH TO DATE  172                               13
  SINCE JUN 1    172                               13
  SINCE JAN 1    508                              170
...............................................................


WIND (MPH)
  HIGHEST WIND SPEED     5   HIGHEST WIND DIRECTION     S (200)
  HIGHEST GUST SPEED    MM   HIGHEST GUST DIRECTION    MM
  AVERAGE WIND SPEED     3.5




RELATIVE HUMIDITY (PERCENT)
 HIGHEST    90
 LOWEST     82
 AVERAGE    86

..........................................................


THE NASHVILLE CLIMATE NORMALS FOR TOMORROW
                         NORMAL    RECORD    YEAR
 MAXIMUM TEMPERATURE (F)   87       100      1944
 MINIMUM TEMPERATURE (F)   66        53      1960
                                             1899


SUNRISE AND SUNSET
JUNE 17 2019..........SUNRISE   529 AM CDT   SUNSET   806 PM CDT
JUNE 18 2019..........SUNRISE   529 AM CDT   SUNSET   806 PM CDT


-  INDICATES NEGATIVE NUMBERS.
R  INDICATES RECORD WAS SET OR TIED.
MM INDICATES DATA IS MISSING.
T  INDICATES TRACE AMOUNT.

$$

21
