000
CDUS45 KBOI 260128
CLIBNO


CLIMATE REPORT
NATIONAL WEATHER SERVICE BOISE ID
728 PM MDT TUE JUN 25 2019


...................................

...THE BURNS OR CLIMATE SUMMARY FOR JUNE 25 2019...
VALID TODAY AS OF 0600 PM LOCAL TIME.

CLIMATE NORMAL PERIOD 1981 TO 2010
CLIMATE RECORD PERIOD 1938 TO 2019


WEATHER ITEM   OBSERVED TIME   RECORD YEAR NORMAL DEPARTURE LAST
                VALUE   (LST)  VALUE       VALUE  FROM      YEAR
                                                  NORMAL
..................................................................
TEMPERATURE (F)
 TODAY
  MAXIMUM         75    129 PM  95    1970  79     -4       85
                                      1961
  MINIMUM         47    530 AM  30    2007  44      3       46
  AVERAGE         61                        61      0       66

PRECIPITATION (IN)
  TODAY            0.17          1.07 1992   0.02   0.15     0.00
  MONTH TO DATE    0.45                      0.68  -0.23     0.75
  SINCE OCT 1     12.71                      9.64   3.07     7.85
  SINCE JAN 1     10.49                      6.14   4.35     5.19

DEGREE DAYS
 HEATING
  TODAY            4                         5     -1        0
  MONTH TO DATE  145                       197    -52      171
  SINCE JUN 1    145                       197    -52      171
  SINCE JUL 1   7453                      7667   -214     7250

 COOLING
  TODAY            0                         1     -1        1
  MONTH TO DATE   15                        11      4        1
  SINCE JUN 1     15                        11      4        1
  SINCE JAN 1     15                        14      1        1
..................................................................


WIND (MPH)
  HIGHEST WIND SPEED    23   HIGHEST WIND DIRECTION     W (250)
  HIGHEST GUST SPEED    32   HIGHEST GUST DIRECTION     W (270)
  AVERAGE WIND SPEED     7.0



WEATHER CONDITIONS
 THE FOLLOWING WEATHER WAS RECORDED TODAY.
  THUNDERSTORM
  HEAVY RAIN
  LIGHT RAIN


RELATIVE HUMIDITY (PERCENT)
 HIGHEST    69           300 PM
 LOWEST     27          1200 PM
 AVERAGE    48

..........................................................


THE BURNS OR CLIMATE NORMALS FOR TOMORROW
                         NORMAL    RECORD    YEAR
 MAXIMUM TEMPERATURE (F)   79        99      2015
 MINIMUM TEMPERATURE (F)   44        29      1976


SUNRISE AND SUNSET
JUNE 25 2019..........SUNRISE   516 AM PDT   SUNSET   841 PM PDT
JUNE 26 2019..........SUNRISE   516 AM PDT   SUNSET   841 PM PDT


-  INDICATES NEGATIVE NUMBERS.
R  INDICATES RECORD WAS SET OR TIED.
MM INDICATES DATA IS MISSING.
T  INDICATES TRACE AMOUNT.




$$
