926
CDUS45 KBOI 190141
CLIBNO


CLIMATE REPORT
NATIONAL WEATHER SERVICE BOISE ID
741 PM MDT THU APR 18 2019


...................................

...THE BURNS OR CLIMATE SUMMARY FOR APRIL 18 2019...
VALID TODAY AS OF 0600 PM LOCAL TIME.

CLIMATE NORMAL PERIOD 1981 TO 2010
CLIMATE RECORD PERIOD 1938 TO 2019


WEATHER ITEM   OBSERVED TIME   RECORD YEAR NORMAL DEPARTURE LAST
                VALUE   (LST)  VALUE       VALUE  FROM      YEAR
                                                  NORMAL
..................................................................
TEMPERATURE (F)
 TODAY
  MAXIMUM         73    416 PM  79    1994  58     15       52
  MINIMUM         33    357 AM  17    1972  29      4       26
  AVERAGE         53                        43     10       39

PRECIPITATION (IN)
  TODAY            0.00          0.38 1965   0.03  -0.03     0.02
  MONTH TO DATE    1.57                      0.56   1.01     0.53
  SINCE OCT 1      9.31                      7.36   1.95     5.93
  SINCE JAN 1      7.09                      3.86   3.23     3.27

DEGREE DAYS
 HEATING
  TODAY           12                        22    -10       26
  MONTH TO DATE  350                       416    -66      423
  SINCE MAR 1   1217                      1273    -56     1301
  SINCE JUL 1   6767                      6801    -34     6574

 COOLING
  TODAY            0                         0      0        0
  MONTH TO DATE    0                         0      0        0
  SINCE MAR 1      0                         0      0        0
  SINCE JAN 1      0                         0      0        0
..................................................................


WIND (MPH)
  HIGHEST WIND SPEED    10   HIGHEST WIND DIRECTION    SE (130)
  HIGHEST GUST SPEED    15   HIGHEST GUST DIRECTION    SE (150)
  AVERAGE WIND SPEED     3.3



WEATHER CONDITIONS
 THE FOLLOWING WEATHER WAS RECORDED TODAY.
  NO SIGNIFICANT WEATHER WAS OBSERVED.


RELATIVE HUMIDITY (PERCENT)
 HIGHEST    89           300 AM
 LOWEST     29           400 PM
 AVERAGE    59

..........................................................


THE BURNS OR CLIMATE NORMALS FOR TOMORROW
                         NORMAL    RECORD    YEAR
 MAXIMUM TEMPERATURE (F)   58        77      2016
 MINIMUM TEMPERATURE (F)   29        14      1955


SUNRISE AND SUNSET
APRIL 18 2019.........SUNRISE   608 AM PDT   SUNSET   743 PM PDT
APRIL 19 2019.........SUNRISE   607 AM PDT   SUNSET   744 PM PDT


-  INDICATES NEGATIVE NUMBERS.
R  INDICATES RECORD WAS SET OR TIED.
MM INDICATES DATA IS MISSING.
T  INDICATES TRACE AMOUNT.




$$
