000
CDUS45 KBOI 260931
CLIBOI


CLIMATE REPORT
NATIONAL WEATHER SERVICE BOISE ID
331 AM MDT FRI APR 26 2019


...................................

...THE BOISE ID CLIMATE SUMMARY FOR APRIL 25 2019...

CLIMATE NORMAL PERIOD 1981 TO 2010
CLIMATE RECORD PERIOD 1875 TO 2019


WEATHER ITEM   OBSERVED TIME   RECORD YEAR NORMAL DEPARTURE LAST
                VALUE   (LST)  VALUE       VALUE  FROM      YEAR
                                                  NORMAL
..................................................................
TEMPERATURE (F)
 YESTERDAY
  MAXIMUM         72    605 PM  92    1946  65      7       76
  MINIMUM         40    623 AM  26    1961  41     -1       45
                                      1921
  AVERAGE         56                        53      3       61

PRECIPITATION (IN)
  YESTERDAY        0.00          0.51 1900   0.04  -0.04     0.00
  MONTH TO DATE    1.99                      1.02   0.97     0.99
  SINCE OCT 1     11.70                      8.29   3.41     8.19
  SINCE JAN 1      8.09                      4.64   3.45     4.80

SNOWFALL (IN)
  YESTERDAY        0.0           1.0  1967   0.0    0.0      0.0
  MONTH TO DATE    T                         0.3   -0.3      0.2
  SINCE OCT 1     18.0                      19.2   -1.2     20.1
  SINCE JUL 1     18.0                      19.2   -1.2     20.1
  SNOW DEPTH       0

DEGREE DAYS
 HEATING
  YESTERDAY        9                        12     -3        4
  MONTH TO DATE  283                       372    -89      339
  SINCE MAR 1    951                      1008    -57      979
  SINCE JUL 1   4921                      5167   -246     4980

 COOLING
  YESTERDAY        0                         0      0        0
  MONTH TO DATE    2                         0      2        0
  SINCE MAR 1      2                         0      2        0
  SINCE JAN 1      2                         0      2        0
..................................................................


WIND (MPH)
  HIGHEST WIND SPEED    12   HIGHEST WIND DIRECTION     E (90)
  HIGHEST GUST SPEED    15   HIGHEST GUST DIRECTION     S (160)
  AVERAGE WIND SPEED     4.3


SKY COVER
  POSSIBLE SUNSHINE  MM
  AVERAGE SKY COVER 0.1


WEATHER CONDITIONS
 THE FOLLOWING WEATHER WAS RECORDED YESTERDAY.
  HAZE


RELATIVE HUMIDITY (PERCENT)
 HIGHEST    70           600 AM
 LOWEST     20           500 PM
 AVERAGE    45

..........................................................


THE BOISE ID CLIMATE NORMALS FOR TODAY
                         NORMAL    RECORD    YEAR
 MAXIMUM TEMPERATURE (F)   65        92      1898
 MINIMUM TEMPERATURE (F)   41        24      1985


SUNRISE AND SUNSET
APRIL 26 2019.........SUNRISE   645 AM MDT   SUNSET   841 PM MDT
APRIL 27 2019.........SUNRISE   643 AM MDT   SUNSET   842 PM MDT


-  INDICATES NEGATIVE NUMBERS.
R  INDICATES RECORD WAS SET OR TIED.
MM INDICATES DATA IS MISSING.
T  INDICATES TRACE AMOUNT.




$$
