000
CDUS45 KRIW 180731
CLIBPI


CLIMATE REPORT
NATIONAL WEATHER SERVICE RIVERTON WY
130 AM MDT THU JUL 18 2019


...................................

...THE BIG PINEY WY CLIMATE SUMMARY FOR JULY 17 2019...

CLIMATE NORMAL PERIOD 1981 TO 2010
CLIMATE RECORD PERIOD 1976 TO 2019


WEATHER ITEM   OBSERVED TIME   RECORD YEAR NORMAL DEPARTURE LAST
                VALUE   (LST)  VALUE       VALUE  FROM      YEAR
                                                  NORMAL
..................................................................
TEMPERATURE (F)
 YESTERDAY
  MAXIMUM         80    257 PM  92    2006  81     -1       83
  MINIMUM         42    524 AM  33    2001  44     -2       49
                                      1977
  AVERAGE         61                        63     -2       66

PRECIPITATION (IN)
  YESTERDAY        0.00          0.27 1987   0.02  -0.02     0.06
  MONTH TO DATE    T                         0.34  -0.34     0.21
  SINCE JUN 1      0.09                      1.13  -1.04     1.87
  SINCE JAN 1      0.77                      3.60  -2.83     4.40

DEGREE DAYS
 HEATING
  YESTERDAY        4                         3      1        0
  MONTH TO DATE   76                        73      3       33
  SINCE JUN 1    428                       378     50      286
  SINCE JUL 1     76                        73      3       33

 COOLING
  YESTERDAY        0                         1     -1        1
  MONTH TO DATE    2                         9     -7       26
  SINCE JUN 1      2                        11     -9       26
  SINCE JAN 1      2                        11     -9       26
..................................................................


WIND (MPH)
  HIGHEST WIND SPEED    30   HIGHEST WIND DIRECTION     W (270)
  HIGHEST GUST SPEED    39   HIGHEST GUST DIRECTION     W (260)
  AVERAGE WIND SPEED     8.7


SKY COVER
  POSSIBLE SUNSHINE  MM
  AVERAGE SKY COVER 0.0


WEATHER CONDITIONS
 THE FOLLOWING WEATHER WAS RECORDED YESTERDAY.
  NO SIGNIFICANT WEATHER WAS OBSERVED.


RELATIVE HUMIDITY (PERCENT)
 HIGHEST    76           300 AM
 LOWEST     21           300 PM
 AVERAGE    49

..........................................................


THE BIG PINEY WY CLIMATE NORMALS FOR TODAY
                         NORMAL    RECORD    YEAR
 MAXIMUM TEMPERATURE (F)   81        92      2006
 MINIMUM TEMPERATURE (F)   44        29      1983


SUNRISE AND SUNSET
JULY 18 2019..........SUNRISE   559 AM MDT   SUNSET   854 PM MDT
JULY 19 2019..........SUNRISE   600 AM MDT   SUNSET   853 PM MDT


-  INDICATES NEGATIVE NUMBERS.
R  INDICATES RECORD WAS SET OR TIED.
MM INDICATES DATA IS MISSING.
T  INDICATES TRACE AMOUNT.




$$
