866
CDUS45 KRIW 260739
CLIBPI


CLIMATE REPORT
NATIONAL WEATHER SERVICE RIVERTON WY
134 AM MDT FRI APR 26 2019


...................................

...THE BIG PINEY WY CLIMATE SUMMARY FOR APRIL 25 2019...

CLIMATE NORMAL PERIOD 1981 TO 2010
CLIMATE RECORD PERIOD 1976 TO 2019


WEATHER ITEM   OBSERVED TIME   RECORD YEAR NORMAL DEPARTURE LAST
                VALUE   (LST)  VALUE       VALUE  FROM      YEAR
                                                  NORMAL
..................................................................
TEMPERATURE (F)
 YESTERDAY
  MAXIMUM         65    403 PM  71    2012  55     10       64
  MINIMUM         26    524 AM  14    2018  24      2       14
                                      2000
  AVERAGE         46                        40      6       39

PRECIPITATION (IN)
  YESTERDAY        0.00          0.26 1999   0.02  -0.02     0.00
  MONTH TO DATE    0.07                      0.41  -0.34     0.26
  SINCE MAR 1      0.22                      0.85  -0.63     0.53
  SINCE JAN 1      0.38                      1.51  -1.13     0.58

DEGREE DAYS
 HEATING
  YESTERDAY       19                        25     -6       26
  MONTH TO DATE  641                       713    -72      726
  SINCE MAR 1   2060                      1885    175     1851
  SINCE JUL 1   9573                      9408    165     8348

 COOLING
  YESTERDAY        0                         0      0        0
  MONTH TO DATE    0                         0      0        0
  SINCE MAR 1      0                         0      0        0
  SINCE JAN 1      0                         0      0        0
..................................................................


WIND (MPH)
  HIGHEST WIND SPEED    17   HIGHEST WIND DIRECTION     W (290)
  HIGHEST GUST SPEED    23   HIGHEST GUST DIRECTION    NW (310)
  AVERAGE WIND SPEED     5.2


SKY COVER
  POSSIBLE SUNSHINE  MM
  AVERAGE SKY COVER 0.0


WEATHER CONDITIONS
 THE FOLLOWING WEATHER WAS RECORDED YESTERDAY.
  NO SIGNIFICANT WEATHER WAS OBSERVED.


RELATIVE HUMIDITY (PERCENT)
 HIGHEST    85           400 AM
 LOWEST     16           400 PM
 AVERAGE    51

..........................................................


THE BIG PINEY WY CLIMATE NORMALS FOR TODAY
                         NORMAL    RECORD    YEAR
 MAXIMUM TEMPERATURE (F)   56        71      2001
 MINIMUM TEMPERATURE (F)   24         9      1984


SUNRISE AND SUNSET
APRIL 26 2019.........SUNRISE   622 AM MDT   SUNSET   815 PM MDT
APRIL 27 2019.........SUNRISE   621 AM MDT   SUNSET   816 PM MDT


-  INDICATES NEGATIVE NUMBERS.
R  INDICATES RECORD WAS SET OR TIED.
MM INDICATES DATA IS MISSING.
T  INDICATES TRACE AMOUNT.




$$
