000
CDUS45 KRIW 240741
CLIBPI


CLIMATE REPORT
NATIONAL WEATHER SERVICE RIVERTON WY
140 AM MDT TUE APR 24 2018


...................................

...THE BIG PINEY WY CLIMATE SUMMARY FOR APRIL 23 2018...

CLIMATE NORMAL PERIOD 1981 TO 2010
CLIMATE RECORD PERIOD 1976 TO 2018


WEATHER ITEM   OBSERVED TIME   RECORD YEAR NORMAL DEPARTURE LAST
                VALUE   (LST)  VALUE       VALUE  FROM      YEAR
                                                  NORMAL
..................................................................
TEMPERATURE (F)
 YESTERDAY
  MAXIMUM         55    200 PM  77    2012  55      0       61
  MINIMUM         26    205 AM  -5    2013  24      2       22
  AVERAGE         41                        39      2       42

PRECIPITATION (IN)
  YESTERDAY        0.04          0.10 1999   0.02   0.02     0.00
  MONTH TO DATE    0.26                      0.37  -0.11     0.84
  SINCE MAR 1      0.53                      0.81  -0.28     2.29
  SINCE JAN 1      0.58                      1.47  -0.89     4.03

DEGREE DAYS
 HEATING
  YESTERDAY       24                        26     -2       23
  MONTH TO DATE  673                       662     11      640
  SINCE MAR 1   1798                      1834    -36     1751
  SINCE JUL 1   8295                      9357  -1062     9181

 COOLING
  YESTERDAY        0                         0      0        0
  MONTH TO DATE    0                         0      0        0
  SINCE MAR 1      0                         0      0        0
  SINCE JAN 1      0                         0      0        0
..................................................................


WIND (MPH)
  HIGHEST WIND SPEED    30   HIGHEST WIND DIRECTION     N (350)
  HIGHEST GUST SPEED    35   HIGHEST GUST DIRECTION     N (340)
  AVERAGE WIND SPEED    11.1


SKY COVER
  POSSIBLE SUNSHINE  MM
  AVERAGE SKY COVER 0.5


WEATHER CONDITIONS
 THE FOLLOWING WEATHER WAS RECORDED YESTERDAY.
  LIGHT RAIN
  FOG


RELATIVE HUMIDITY (PERCENT)
 HIGHEST    81          1100 PM
 LOWEST     26           200 PM
 AVERAGE    54

..........................................................


THE BIG PINEY WY CLIMATE NORMALS FOR TODAY
                         NORMAL    RECORD    YEAR
 MAXIMUM TEMPERATURE (F)   55        76      2012
 MINIMUM TEMPERATURE (F)   24        12      2011


SUNRISE AND SUNSET
APRIL 24 2018.........SUNRISE   625 AM MDT   SUNSET   813 PM MDT
APRIL 25 2018.........SUNRISE   624 AM MDT   SUNSET   814 PM MDT


-  INDICATES NEGATIVE NUMBERS.
R  INDICATES RECORD WAS SET OR TIED.
MM INDICATES DATA IS MISSING.
T  INDICATES TRACE AMOUNT.




$$
