000
CDUS44 KLCH 210918
CLIBPT


CLIMATE REPORT
NATIONAL WEATHER SERVICE LAKE CHARLES, LA
417 AM CDT SUN APR 21 2019


...................................

...THE BEAUMONT PORT ARTHUR CLIMATE SUMMARY FOR APRIL 20 2019...

CLIMATE NORMAL PERIOD 1981 TO 2010
CLIMATE RECORD PERIOD 1901 TO 2019


WEATHER ITEM   OBSERVED TIME   RECORD YEAR NORMAL DEPARTURE LAST
                VALUE   (LST)  VALUE       VALUE  FROM      YEAR
                                                  NORMAL
..................................................................
TEMPERATURE (F)
 YESTERDAY
  MAXIMUM         79    239 PM  92    1987  79      0       68
  MINIMUM         46    447 AM  40    2013  60    -14       50
  AVERAGE         63                        70     -7       59

PRECIPITATION (IN)
  YESTERDAY        0.00          3.85 1977   0.11  -0.11      T
  MONTH TO DATE    2.47                      2.00   0.47     1.66
  SINCE MAR 1      3.28                      5.53  -2.25     3.38
  SINCE JAN 1     11.80                     14.37  -2.57    17.31

SNOWFALL (IN)
  YESTERDAY        0.0           0.0    MM   0.0    0.0      0.0
  MONTH TO DATE    0.0                       0.0    0.0      0.0
  SINCE MAR 1      0.0                       0.0    0.0      0.0
  SINCE JUL 1      0.0                       T      0.0      3.1
  SNOW DEPTH       0

DEGREE DAYS
 HEATING
  YESTERDAY        2                         1      1        6
  MONTH TO DATE   39                        35      4       59
  SINCE MAR 1    178                       183     -5      134
  SINCE JUL 1   1143                      1396   -253     1249

 COOLING
  YESTERDAY        0                         5     -5        0
  MONTH TO DATE   92                        81     11       61
  SINCE MAR 1    171                       136     35      169
  SINCE JAN 1    215                       162     53      274
..................................................................


WIND (MPH)
  HIGHEST WIND SPEED    15   HIGHEST WIND DIRECTION     S (190)
  HIGHEST GUST SPEED    19   HIGHEST GUST DIRECTION     W (290)
  AVERAGE WIND SPEED     4.8


SKY COVER
  POSSIBLE SUNSHINE  MM
  AVERAGE SKY COVER 0.0


WEATHER CONDITIONS
 THE FOLLOWING WEATHER WAS RECORDED YESTERDAY.
  NO SIGNIFICANT WEATHER WAS OBSERVED.


RELATIVE HUMIDITY (PERCENT)
 HIGHEST    86           600 AM
 LOWEST     24           200 PM
 AVERAGE    55

..........................................................


THE BEAUMONT PORT ARTHUR CLIMATE NORMALS FOR TODAY
                         NORMAL    RECORD    YEAR
 MAXIMUM TEMPERATURE (F)   79        91      1987
 MINIMUM TEMPERATURE (F)   60        45      1953


SUNRISE AND SUNSET
APRIL 21 2019.........SUNRISE   643 AM CDT   SUNSET   747 PM CDT
APRIL 22 2019.........SUNRISE   642 AM CDT   SUNSET   748 PM CDT


-  INDICATES NEGATIVE NUMBERS.
R  INDICATES RECORD WAS SET OR TIED.
MM INDICATES DATA IS MISSING.
T  INDICATES TRACE AMOUNT.




$$
