000
CDUS44 KLCH 162216
CLIBPT


CLIMATE REPORT
NATIONAL WEATHER SERVICE LAKE CHARLES, LA
516 PM CDT SUN JUN 16 2019


...................................

...THE BEAUMONT PORT ARTHUR CLIMATE SUMMARY FOR JUNE 16 2019...
VALID TODAY AS OF 0500 PM LOCAL TIME.

CLIMATE NORMAL PERIOD 1981 TO 2010
CLIMATE RECORD PERIOD 1901 TO 2019


WEATHER ITEM   OBSERVED TIME   RECORD YEAR NORMAL DEPARTURE LAST
                VALUE   (LST)  VALUE       VALUE  FROM      YEAR
                                                  NORMAL
..................................................................
TEMPERATURE (F)
 TODAY
  MAXIMUM         94    118 PM 103    1902  90      4       95
  MINIMUM         80    514 AM  59    1989  73      7       76
  AVERAGE         87                        81      6       86

PRECIPITATION (IN)
  TODAY            T             1.90 1966   0.25  -0.25     0.06
  MONTH TO DATE    7.20                      3.44   3.76     0.62
  SINCE JUN 1      7.20                      3.44   3.76     0.62
  SINCE JAN 1     29.96                     24.25   5.71    22.54

SNOWFALL (IN)
  TODAY            0.0           0.0    MM   0.0    0.0      0.0
  MONTH TO DATE    0.0                       0.0    0.0      0.0
  SINCE JUN 1      0.0                       0.0    0.0      0.0
  SINCE JUL 1      0.0                       T      0.0      3.1
  SNOW DEPTH       0

DEGREE DAYS
 HEATING
  TODAY            0                         0      0        0
  MONTH TO DATE    0                         0      0        0
  SINCE JUN 1      0                         0      0        0
  SINCE JUL 1   1143                      1401   -258     1253

 COOLING
  TODAY           22                        16      6       21
  MONTH TO DATE  289                       246     43      318
  SINCE JUN 1    289                       246     43      318
  SINCE JAN 1   1010                       812    198     1078
..................................................................


WIND (MPH)
  HIGHEST WIND SPEED    23   HIGHEST WIND DIRECTION     S (160)
  HIGHEST GUST SPEED    30   HIGHEST GUST DIRECTION     S (160)
  AVERAGE WIND SPEED    13.8


SKY COVER
  POSSIBLE SUNSHINE  MM
  AVERAGE SKY COVER 0.3


WEATHER CONDITIONS
 THE FOLLOWING WEATHER WAS RECORDED TODAY.
  LIGHT RAIN


RELATIVE HUMIDITY (PERCENT)
 HIGHEST    85           500 AM
 LOWEST     49           100 PM
 AVERAGE    67

..........................................................


THE BEAUMONT PORT ARTHUR CLIMATE NORMALS FOR TOMORROW
                         NORMAL    RECORD    YEAR
 MAXIMUM TEMPERATURE (F)   90       102      1902
 MINIMUM TEMPERATURE (F)   73        65      1989


SUNRISE AND SUNSET
JUNE 16 2019..........SUNRISE   615 AM CDT   SUNSET   819 PM CDT
JUNE 17 2019..........SUNRISE   615 AM CDT   SUNSET   819 PM CDT


-  INDICATES NEGATIVE NUMBERS.
R  INDICATES RECORD WAS SET OR TIED.
MM INDICATES DATA IS MISSING.
T  INDICATES TRACE AMOUNT.




$$
